000
CXUS51 KCTP 010900
CF6IPT
PRELIMINARY LOCAL CLIMATOLOGICAL DATA (WS FORM: F-6)
STATION: WILLIAMSPORT PA
MONTH: NOVEMBER
YEAR: 2021
LATITUDE: 41 15 N
LONGITUDE: 76 55 W
TEMPERATURE IN F: :PCPN: SNOW: WIND :SUNSHINE: SKY :PK WND
================================================================================
1 2 3 4 5 6A 6B 7 8 9 10 11 12 13 14 15 16 17 18
12Z AVG MX 2MIN
DY MAX MIN AVG DEP HDD CDD WTR SNW DPTH SPD SPD DIR MIN PSBL S-S WX SPD DR
================================================================================
1 57 40 49 2 16 0 0.01 0.0 0 6.4 21 290 M M 3 26 300
2 52 33 43 -4 22 0 T 0.0 0 4.3 17 250 M M 7 23 240
3 51 32 42 -4 23 0 0.00 0.0 0 5.4 16 260 M M 6 21 250
4 49 29 39 -7 26 0 0.00 0.0 0 0.7 7 270 M M 1 8 270
5 51 27 39 -7 26 0 0.00 0.0 0 2.6 10 230 M M 0 13 250
6 51 25 38 -7 27 0 0.00 0.0 0 1.6 9 130 M M 0 12 130
7 56 26 41 -4 24 0 0.00 0.0 0 1.2 8 260 M M 0 1 9 240
8 67 31 49 5 16 0 0.00 0.0 0 2.7 13 250 M M 0 17 270
9 68 34 51 7 14 0 0.00 0.0 0 1.1 9 260 M M 2 1 12 290
10 65 37 51 7 14 0 0.00 0.0 0 3.6 14 350 M M 2 1 18 340
11 60 36 48 5 17 0 0.06 0.0 0 8.9 23 90 M M 4 29 90
12 61 37 49 6 16 0 1.94 0.0 0 7.2 18 250 M M 5 1 24 90
13 51 37 44 1 21 0 0.08 0.0 0 8.8 26 250 M M 8 44 250
14 43 36 40 -2 25 0 0.08 0.0 0 6.3 16 270 M M 8 23 270
15 47 36 42 0 23 0 T 0.0 0 10.8 24 250 M M 9 33 250
16 48 29 39 -3 26 0 0.00 0.0 0 6.1 15 250 M M 1 19 270
17 49 28 39 -2 26 0 0.00 0.0 0 4.4 14 60 M M 3 22 100
18 58 34 46 5 19 0 T 0.0 0 6.5 24 250 M M 4 18 31 270
19 44 30 37 -4 28 0 0.00 0.0 0 10.1 22 270 M M 6 30 260
20 44 24 34 -6 31 0 0.00 0.0 0 4.3 17 100 M M 2 12 26 130
21 49 35 42 2 23 0 0.06 T 0 5.5 18 160 M M 5 4 28 150
22 45 27 36 -4 29 0 0.00 0.0 0 6.8 16 320 M M 6 1 23 310
23 41 24 33 -6 32 0 T T 0 8.8 18 290 M M 3 24 300
24 46 22 34 -5 31 0 0.00 0.0 0 1.7 12 290 M M 1 14 290
25 46 28 37 -2 28 0 T 0.0 0 1.5 7 70 M M 7 8 120
26 45 35 40 2 25 0 0.02 T 0 13.6 28 300 M M 10 1 37 320
27 38 29 34 -4 31 0 0.03 0.4 0 9.8 24 280 M M 8 1 35 280
28 35 29 32 -6 33 0 0.07 0.7 1 3.6 9 90 M M 10 18 12 60
29 41 30 36 -1 29 0 0.00 0.0 0 7.5 17 310 M M 7 23 330
30 36 32 34 -3 31 0 0.03 T 0 2.5 9 260 M M 10 18 13 290
================================================================================
SM 1494 932 732 0 2.38 1.1 164.3 M 138
================================================================================
AV 49.8 31.1 5.5 FASTST M M 5 MAX(MPH)
MISC ----> 28 300 44 250
================================================================================
NOTES:
# LAST OF SEVERAL OCCURRENCES
COLUMN 17 PEAK WIND IN M.P.H.
PRELIMINARY LOCAL CLIMATOLOGICAL DATA (WS FORM: F-6) , PAGE 2
STATION: WILLIAMSPORT PA
MONTH: NOVEMBER
YEAR: 2021
LATITUDE: 41 15 N
LONGITUDE: 76 55 W
[TEMPERATURE DATA] [PRECIPITATION DATA] SYMBOLS USED IN COLUMN 16
AVERAGE MONTHLY: 40.4 TOTAL FOR MONTH: 2.38 1 = FOG OR MIST
DPTR FM NORMAL: -1.5 DPTR FM NORMAL: -0.87 2 = FOG REDUCING VISIBILITY
HIGHEST: 68 ON 9 GRTST 24HR 2.00 ON 11-12 TO 1/4 MILE OR LESS
LOWEST: 22 ON 24 3 = THUNDER
SNOW, ICE PELLETS, HAIL 4 = ICE PELLETS
TOTAL MONTH: 1.1 INCHES 5 = HAIL
GRTST 24HR 0.7 ON 28-28 6 = FREEZING RAIN OR DRIZZLE
GRTST DEPTH: 1 ON 28 7 = DUSTSTORM OR SANDSTORM:
VSBY 1/2 MILE OR LESS
8 = SMOKE OR HAZE
[NO. OF DAYS WITH] [WEATHER - DAYS WITH] 9 = BLOWING SNOW
X = TORNADO
MAX 32 OR BELOW: 0 0.01 INCH OR MORE: 10
MAX 90 OR ABOVE: 0 0.10 INCH OR MORE: 1
MIN 32 OR BELOW: 18 0.50 INCH OR MORE: 1
MIN 0 OR BELOW: 0 1.00 INCH OR MORE: 1
[HDD (BASE 65) ]
TOTAL THIS MO. 732 CLEAR (SCALE 0-3) 11
DPTR FM NORMAL 39 PTCLDY (SCALE 4-7) 15
TOTAL FM JUL 1 967 CLOUDY (SCALE 8-10) 4
DPTR FM NORMAL -205
[CDD (BASE 65) ]
TOTAL THIS MO. 0
DPTR FM NORMAL 0 [PRESSURE DATA]
TOTAL FM JAN 1 1014 HIGHEST SLP 30.58 ON 20
DPTR FM NORMAL 216 LOWEST SLP 29.66 ON 26
[REMARKS]
#FINAL-11-21#