000
CXUS51 KCTP 010800
CF6IPT
PRELIMINARY LOCAL CLIMATOLOGICAL DATA (WS FORM: F-6)
STATION: WILLIAMSPORT PA
MONTH: JUNE
YEAR: 2021
LATITUDE: 41 15 N
LONGITUDE: 76 55 W
TEMPERATURE IN F: :PCPN: SNOW: WIND :SUNSHINE: SKY :PK WND
================================================================================
1 2 3 4 5 6A 6B 7 8 9 10 11 12 13 14 15 16 17 18
12Z AVG MX 2MIN
DY MAX MIN AVG DEP HDD CDD WTR SNW DPTH SPD SPD DIR MIN PSBL S-S WX SPD DR
================================================================================
1 77 48 63 -2 2 0 0.00 0.0 0 3.1 12 180 M M 2 16 160
2 70 55 63 -3 2 0 0.24 0.0 0 4.6 13 160 M M 6 18 16 160
3 74 62 68 2 0 3 0.15 0.0 0 5.8 13 160 M M 9 1 19 110
4 84 62 73 7 0 8 0.31 0.0 0 2.2 13 260 M M 5 13 16 250
5 91 57 74 7 0 9 0.00 0.0 0 5.9 16 260 M M 1 1 22 250
6 91 60 76 9 0 11 0.00 0.0 0 3.6 13 240 M M 2 17 250
7 88 61 75 8 0 10 0.00 0.0 0 1.9 10 180 M M 2 1 14 150
8 86 69 78 10 0 13 0.00 0.0 0 4.3 16 270 M M 2 13 19 300
9 88 68 78 10 0 13 0.03 0.0 0 4.1 16 260 M M 4 3 24 260
10 88 68 78 10 0 13 0.00 0.0 0 6.2 14 150 M M 3 12 21 140
11 72 59 66 -2 0 1 0.17 0.0 0 6.4 13 150 M M 10 18 17 150
12 79 60 70 1 0 5 0.00 0.0 0 2.8 10 170 M M 7 1 14 170
13 81 66 74 5 0 9 T 0.0 0 5.0 16 170 M M 8 3 23 180
14 84 60 72 3 0 7 0.28 0.0 0 4.5 37 270 M M 3 13 47 270
15 77 57 67 -2 0 2 0.00 0.0 0 6.8 16 300 M M 8 20 290
16 76 51 64 -6 1 0 0.00 0.0 0 7.1 16 350 M M 0 22 10
17 79 46 63 -7 2 0 0.00 0.0 0 5.0 13 260 M M 0 18 280
18 83 48 66 -4 0 1 0.00 0.0 0 5.5 18 210 M M 2 27 220
19 84 62 73 3 0 8 0.62 0.0 0 5.2 17 220 M M 5 138 24 240
20 86 62 74 3 0 9 T 0.0 0 4.1 13 80 M M 6 18 17 90
21 91 68 80 9 0 15 0.61 0.0 0 6.1 30 250 M M 4 13 35 250
22 71 50 61 -10 4 0 0.24 0.0 0 6.9 16 300 M M 7 1 22 290
23 76 46 61 -10 4 0 0.00 0.0 0 3.9 12 230 M M 2 1 16 240
24 78 50 64 -8 1 0 0.00 0.0 0 4.8 16 150 M M 0 23 200
25 81 56 69 -3 0 4 0.00 0.0 0 7.0 17 120 M M 0 28 140
26 88 63 76 4 0 11 0.00 0.0 0 8.3 20 170 M M 1 26 170
27 92 67 80 8 0 15 0.00 0.0 0 7.5 18 190 M M 2 26 190
28 95 69 82 10 0 17 T 0.0 0 2.7 13 150 M M 1 16 140
29 96 71 84 11 0 19 0.05 0.0 0 4.3 22 260 M M 2 3 29 270
30 93 70 82 9 0 17 0.50 0.0 0 4.2 28 280 M M 3 13 39 270
================================================================================
SM 2499 1791 16 220 3.20 0.0 149.8 M 107
================================================================================
AV 83.3 59.7 5.0 FASTST M M 4 MAX(MPH)
MISC ----> 37 270 47 270
================================================================================
NOTES:
# LAST OF SEVERAL OCCURRENCES
COLUMN 17 PEAK WIND IN M.P.H.
PRELIMINARY LOCAL CLIMATOLOGICAL DATA (WS FORM: F-6) , PAGE 2
STATION: WILLIAMSPORT PA
MONTH: JUNE
YEAR: 2021
LATITUDE: 41 15 N
LONGITUDE: 76 55 W
[TEMPERATURE DATA] [PRECIPITATION DATA] SYMBOLS USED IN COLUMN 16
AVERAGE MONTHLY: 71.5 TOTAL FOR MONTH: 3.20 1 = FOG OR MIST
DPTR FM NORMAL: 2.1 DPTR FM NORMAL: -0.65 2 = FOG REDUCING VISIBILITY
HIGHEST: 96 ON 29 GRTST 24HR 0.85 ON 21-22 TO 1/4 MILE OR LESS
LOWEST: 46 ON 23,17 3 = THUNDER
SNOW, ICE PELLETS, HAIL 4 = ICE PELLETS
TOTAL MONTH: 0.0 INCH 5 = HAIL
GRTST 24HR 0.0 6 = FREEZING RAIN OR DRIZZLE
GRTST DEPTH: 0 7 = DUSTSTORM OR SANDSTORM:
VSBY 1/2 MILE OR LESS
8 = SMOKE OR HAZE
[NO. OF DAYS WITH] [WEATHER - DAYS WITH] 9 = BLOWING SNOW
X = TORNADO
MAX 32 OR BELOW: 0 0.01 INCH OR MORE: 11
MAX 90 OR ABOVE: 7 0.10 INCH OR MORE: 9
MIN 32 OR BELOW: 0 0.50 INCH OR MORE: 3
MIN 0 OR BELOW: 0 1.00 INCH OR MORE: 0
[HDD (BASE 65) ]
TOTAL THIS MO. 16 CLEAR (SCALE 0-3) 15
DPTR FM NORMAL -12 PTCLDY (SCALE 4-7) 13
TOTAL FM JUL 1 5370 CLOUDY (SCALE 8-10) 2
DPTR FM NORMAL -401
[CDD (BASE 65) ]
TOTAL THIS MO. 220
DPTR FM NORMAL 60 [PRESSURE DATA]
TOTAL FM JAN 1 279 HIGHEST SLP 30.35 ON 24
DPTR FM NORMAL 65 LOWEST SLP 29.50 ON 21
[REMARKS]
#FINAL-06-21#