000
CXUS51 KCTP 010800
CF6IPT
PRELIMINARY LOCAL CLIMATOLOGICAL DATA (WS FORM: F-6)
STATION: WILLIAMSPORT PA
MONTH: SEPTEMBER
YEAR: 2020
LATITUDE: 41 15 N
LONGITUDE: 76 55 W
TEMPERATURE IN F: :PCPN: SNOW: WIND :SUNSHINE: SKY :PK WND
================================================================================
1 2 3 4 5 6A 6B 7 8 9 10 11 12 13 14 15 16 17 18
12Z AVG MX 2MIN
DY MAX MIN AVG DEP HDD CDD WTR SNW DPTH SPD SPD DIR MIN PSBL S-S WX SPD DR
================================================================================
1 73 67 70 2 0 5 0.02 0.0 0 7.5 15 120 M M 10 18 21 140
2 82 68 75 7 0 10 0.13 0.0 0 8.7 18 170 M M 8 1 23 180
3 77 65 71 3 0 6 T 0.0 0 1.7 10 260 M M 6 1 13 260
4 84 60 72 4 0 7 T 0.0 0 6.9 18 240 M M 3 1 21 240
5 82 50 66 -1 0 1 0.00 0.0 0 4.3 16 260 M M 2 22 250
6 82 55 69 2 0 4 0.00 0.0 0 4.3 13 170 M M 3 18 170
7 80 64 72 5 0 7 0.00 0.0 0 9.2 18 150 M M 0 27 170
8 88 61 75 9 0 10 0.00 0.0 0 4.0 14 130 M M 0 21 130
9 86 60 73 7 0 8 0.00 0.0 0 2.3 12 160 M M 1 16 130
10 90 65 78 12 0 13 0.00 0.0 0 3.0 10 350 M M 7 14 340
11 76 53 65 0 0 0 0.00 0.0 0 6.2 14 20 M M 6 20 10
12 73 52 63 -2 2 0 T 0.0 0 5.6 24 160 M M 9 32 150
13 73 61 67 3 0 2 0.07 0.0 0 4.1 18 160 M M 9 8 27 160
14 75 48 62 -2 3 0 0.00 0.0 0 7.8 16 330 M M 2 23 330
15 69 42 56 -8 9 0 0.00 0.0 0 3.3 9 160 M M 0 12 270
16 72 41 57 -6 8 0 0.00 0.0 0 1.6 17 170 M M 1 21 180
17 76 48 62 -1 3 0 0.00 0.0 0 2.7 13 10 M M 5 1 17 20
18 72 42 57 -5 8 0 0.00 0.0 0 7.2 20 350 M M 4 26 10
19 67 35 51 -11 14 0 0.00 0.0 0 3.0 13 150 M M 0 22 10
20 67 38 53 -9 12 0 0.00 0.0 0 2.0 21 190 M M 1 28 150
21 69 33 51 -10 14 0 0.00 0.0 0 2.9 9 120 M M 0 12 120
22 78 36 57 -4 8 0 0.00 0.0 0 5.5 16 240 M M 0 20 300
23 87 47 67 7 0 2 0.00 0.0 0 6.4 17 300 M M 0 23 300
24 79 50 65 5 0 0 0.00 0.0 0 2.3 9 180 M M 1 12 190
25 82 52 67 7 0 2 0.00 0.0 0 2.8 13 140 M M 2 1 17 170
26 71 55 63 4 2 0 0.00 0.0 0 3.2 12 100 M M 8 17 120
27 81 58 70 11 0 5 0.00 0.0 0 4.3 16 130 M M 6 1 21 160
28 83 64 74 16 0 9 T 0.0 0 7.6 25 150 M M 7 35 140
29 74 54 64 6 1 0 1.13 0.0 0 7.7 17 140 M M 9 18 23 130
30 68 53 61 3 4 0 0.24 0.0 0 9.3 22 260 M M 7 1 29 290
================================================================================
SM 2316 1577 88 91 1.59 0.0 147.4 M 117
================================================================================
AV 77.2 52.6 4.9 FASTST M M 4 MAX(MPH)
MISC ----> 25 150 35 140
================================================================================
NOTES:
# LAST OF SEVERAL OCCURRENCES
COLUMN 17 PEAK WIND IN M.P.H.
PRELIMINARY LOCAL CLIMATOLOGICAL DATA (WS FORM: F-6) , PAGE 2
STATION: WILLIAMSPORT PA
MONTH: SEPTEMBER
YEAR: 2020
LATITUDE: 41 15 N
LONGITUDE: 76 55 W
[TEMPERATURE DATA] [PRECIPITATION DATA] SYMBOLS USED IN COLUMN 16
AVERAGE MONTHLY: 64.9 TOTAL FOR MONTH: 1.59 1 = FOG OR MIST
DPTR FM NORMAL: 1.6 DPTR FM NORMAL: -2.57 2 = FOG REDUCING VISIBILITY
HIGHEST: 90 ON 10 GRTST 24HR 1.37 ON 29-30 TO 1/4 MILE OR LESS
LOWEST: 33 ON 21 3 = THUNDER
SNOW, ICE PELLETS, HAIL 4 = ICE PELLETS
TOTAL MONTH: 0.0 INCH 5 = HAIL
GRTST 24HR 0.0 6 = FREEZING RAIN OR DRIZZLE
GRTST DEPTH: 0 7 = DUSTSTORM OR SANDSTORM:
VSBY 1/2 MILE OR LESS
8 = SMOKE OR HAZE
[NO. OF DAYS WITH] [WEATHER - DAYS WITH] 9 = BLOWING SNOW
X = TORNADO
MAX 32 OR BELOW: 0 0.01 INCH OR MORE: 5
MAX 90 OR ABOVE: 1 0.10 INCH OR MORE: 3
MIN 32 OR BELOW: 0 0.50 INCH OR MORE: 1
MIN 0 OR BELOW: 0 1.00 INCH OR MORE: 1
[HDD (BASE 65) ]
TOTAL THIS MO. 88 CLEAR (SCALE 0-3) 16
DPTR FM NORMAL -26 PTCLDY (SCALE 4-7) 8
TOTAL FM JUL 1 88 CLOUDY (SCALE 8-10) 6
DPTR FM NORMAL -41
[CDD (BASE 65) ]
TOTAL THIS MO. 91
DPTR FM NORMAL 28 [PRESSURE DATA]
TOTAL FM JAN 1 1068 HIGHEST SLP 30.62 ON 21
DPTR FM NORMAL 371 LOWEST SLP 29.52 ON 30
[REMARKS]
#FINAL-09-20#