000
CXUS51 KCTP 010800
CF6IPT
PRELIMINARY LOCAL CLIMATOLOGICAL DATA (WS FORM: F-6)
STATION: WILLIAMSPORT PA
MONTH: AUGUST
YEAR: 2020
LATITUDE: 41 15 N
LONGITUDE: 76 55 W
TEMPERATURE IN F: :PCPN: SNOW: WIND :SUNSHINE: SKY :PK WND
================================================================================
1 2 3 4 5 6A 6B 7 8 9 10 11 12 13 14 15 16 17 18
12Z AVG MX 2MIN
DY MAX MIN AVG DEP HDD CDD WTR SNW DPTH SPD SPD DIR MIN PSBL S-S WX SPD DR
================================================================================
1 88 61 75 2 0 10 T 0.0 0 2.7 18 190 M M 3 25 190
2 94 74 84 11 0 19 T 0.0 0 11.9 25 250 M M 6 38 250
3 88 69 79 7 0 14 T 0.0 0 8.5 23 170 M M 4 31 160
4 83 67 75 3 0 10 0.77 0.0 0 7.1 17 250 M M 7 1 22 250
5 84 61 73 1 0 8 0.00 0.0 0 5.5 14 240 M M 3 18 280
6 84 58 71 -1 0 6 0.76 0.0 0 2.9 10 160 M M 4 13 13 140
7 75 66 71 -1 0 6 0.38 0.0 0 3.7 15 340 M M 8 13 19 340
8 85 67 76 4 0 11 0.00 0.0 0 2.8 12 210 M M 6 1 14 200
9 89 66 78 6 0 13 0.00 0.0 0 3.8 14 240 M M 2 17 250
10 91 65 78 6 0 13 0.00 0.0 0 3.8 12 180 M M 0 17 170
11 94 66 80 8 0 15 0.26 0.0 0 4.7 17 170 M M 1 1 23 150
12 91 69 80 8 0 15 T 0.0 0 2.9 10 70 M M 4 12 14 150
13 90 66 78 6 0 13 0.00 0.0 0 2.3 10 40 M M 2 14 40
14 91 62 77 5 0 12 0.00 0.0 0 3.3 13 60 M M 1 20 140
15 84 63 74 2 0 9 0.00 0.0 M 2.0 9 130 M M 4 12 140
16 85 67 76 5 0 11 T 0.0 0 4.7 14 60 M M 4 18 170
17 88 66 77 6 0 12 0.00 0.0 0 4.7 12 10 M M 6 16 250
18 85 60 73 2 0 8 T 0.0 0 4.6 17 320 M M 4 24 300
19 82 56 69 -2 0 4 0.00 0.0 0 4.6 15 20 M M 5 22 30
20 83 50 67 -4 0 2 0.00 0.0 0 3.7 14 170 M M 0 18 160
21 90 57 74 3 0 9 0.00 0.0 0 3.0 13 260 M M 0 18 250
22 95 59 77 6 0 12 0.00 0.0 0 3.3 18 180 M M 1 25 170
23 89 64 77 7 0 12 0.00 0.0 0 3.3 12 180 M M 0 16 170
24 93 65 79 9 0 14 0.13 0.0 0 2.9 17 360 M M 2 13 24 360
25 91 65 78 8 0 13 0.02 0.0 0 8.0 21 250 M M 2 1 27 300
26 85 61 73 3 0 8 0.00 0.0 0 5.3 15 270 M M 4 18 260
27 97 65 81 11 0 16 0.00 0.0 0 8.6 26 270 M M 4 37 270
28 86 64 75 6 0 10 T 0.0 0 6.3 16 250 M M 5 3 22 280
29 88 65 77 8 0 12 0.47 0.0 0 7.1 25 300 M M 7 1 33 320
30 80 60 70 1 0 5 T 0.0 0 5.6 17 290 M M 5 23 310
31 80 55 68 -1 0 3 0.00 0.0 0 5.7 18 170 M M 7 25 140
================================================================================
SM 2708 1959 0 325 2.79 0.0 149.3 M 111
================================================================================
AV 87.4 63.2 4.8 FASTST M M 4 MAX(MPH)
MISC ----> 26 270 38 250
================================================================================
NOTES:
# LAST OF SEVERAL OCCURRENCES
COLUMN 17 PEAK WIND IN M.P.H.
PRELIMINARY LOCAL CLIMATOLOGICAL DATA (WS FORM: F-6) , PAGE 2
STATION: WILLIAMSPORT PA
MONTH: AUGUST
YEAR: 2020
LATITUDE: 41 15 N
LONGITUDE: 76 55 W
[TEMPERATURE DATA] [PRECIPITATION DATA] SYMBOLS USED IN COLUMN 16
AVERAGE MONTHLY: 75.3 TOTAL FOR MONTH: 2.79 1 = FOG OR MIST
DPTR FM NORMAL: 4.2 DPTR FM NORMAL: -1.07 2 = FOG REDUCING VISIBILITY
HIGHEST: 97 ON 27 GRTST 24HR 1.14 ON 6- 7 TO 1/4 MILE OR LESS
LOWEST: 50 ON 20 3 = THUNDER
SNOW, ICE PELLETS, HAIL 4 = ICE PELLETS
TOTAL MONTH: 0.0 INCH 5 = HAIL
GRTST 24HR 0.0 6 = FREEZING RAIN OR DRIZZLE
GRTST DEPTH: 0 7 = DUSTSTORM OR SANDSTORM:
VSBY 1/2 MILE OR LESS
8 = SMOKE OR HAZE
[NO. OF DAYS WITH] [WEATHER - DAYS WITH] 9 = BLOWING SNOW
X = TORNADO
MAX 32 OR BELOW: 0 0.01 INCH OR MORE: 7
MAX 90 OR ABOVE: 11 0.10 INCH OR MORE: 6
MIN 32 OR BELOW: 0 0.50 INCH OR MORE: 2
MIN 0 OR BELOW: 0 1.00 INCH OR MORE: 0
[HDD (BASE 65) ]
TOTAL THIS MO. 0 CLEAR (SCALE 0-3) 11
DPTR FM NORMAL -10 PTCLDY (SCALE 4-7) 20
TOTAL FM JUL 1 0 CLOUDY (SCALE 8-10) 0
DPTR FM NORMAL -11
[CDD (BASE 65) ]
TOTAL THIS MO. 325
DPTR FM NORMAL 124 [PRESSURE DATA]
TOTAL FM JAN 1 977 HIGHEST SLP 30.17 ON 8
DPTR FM NORMAL 343 LOWEST SLP 29.43 ON 29
[REMARKS]
#FINAL-08-20#