000
CXUS51 KCTP 010800
CF6IPT
PRELIMINARY LOCAL CLIMATOLOGICAL DATA (WS FORM: F-6)
STATION: WILLIAMSPORT PA
MONTH: AUGUST
YEAR: 2023
LATITUDE: 41 15 N
LONGITUDE: 76 55 W
TEMPERATURE IN F: :PCPN: SNOW: WIND :SUNSHINE: SKY :PK WND
================================================================================
1 2 3 4 5 6A 6B 7 8 9 10 11 12 13 14 15 16 17 18
12Z AVG MX 2MIN
DY MAX MIN AVG DEP HDD CDD WTR SNW DPTH SPD SPD DIR MIN PSBL S-S WX SPD DR
================================================================================
1 80 57 69 -5 0 4 0.00 0.0 0 4.2 13 50 M M 4 21 300
2 79 53 66 -7 0 1 0.00 0.0 0 3.9 10 170 M M 1 14 150
3 81 59 70 -3 0 5 0.00 0.0 0 7.2 24 170 M M 3 36 180
4 79 65 72 -1 0 7 0.47 0.0 0 4.2 16 170 M M 6 13 26 200
5 82 66 74 1 0 9 0.00 0.0 0 2.3 8 30 M M 5 13 260
6 85 61 73 0 0 8 0.10 0.0 0 6.3 17 120 M M 5 1 26 120
7 84 70 77 4 0 12 1.36 0.0 0 7.5 26 170 M M 9 13 43 160
8 81 65 73 0 0 8 T 0.0 0 10.4 25 300 M M 7 36 290
9 85 63 74 1 0 9 0.00 0.0 0 6.7 18 10 M M 2 3 27 30
10 74 64 69 -4 0 4 0.23 0.0 0 1.6 9 90 M M 7 12 11 90
11 84 59 72 -1 0 7 0.00 0.0 0 5.3 13 260 M M 4 1 17 270
12 87 61 74 1 0 9 0.54 0.0 0 4.1 28 260 M M 5 13 38 260
13 86 65 76 4 0 11 0.00 0.0 0 5.0 15 290 M M 5 1 22 280
14 83 64 74 2 0 9 1.51 0.0 0 2.9 9 100 M M 5 1 13 100
15 83 65 74 2 0 9 0.13 0.0 0 3.5 10 350 M M 9 13 14 340
16 81 64 73 1 0 8 0.00 0.0 0 3.4 12 280 M M 5 16 250
17 83 64 74 2 0 9 2.45 0.0 0 4.6 18 250 M M 8 1238 24 250
18 77 58 68 -4 0 3 0.04 0.0 0 9.5 24 290 M M 6 138 38 270
19 80 54 67 -5 0 2 0.00 0.0 0 6.4 16 290 M M 1 24 240
20 84 54 69 -3 0 4 0.00 0.0 0 2.4 9 180 M M 2 1 15 140
21 89 65 77 5 0 12 0.00 0.0 0 4.1 13 270 M M 3 17 270
22 80 58 69 -2 0 4 0.00 0.0 0 3.7 14 40 M M 1 23 50
23 74 57 66 -5 0 1 0.00 0.0 0 3.7 14 150 M M 6 20 140
24 72 66 69 -2 0 4 0.02 0.0 0 8.1 15 150 M M 10 24 150
25 87 67 77 6 0 12 0.38 0.0 0 3.0 12 60 M M 8 13 17 70
26 83 68 76 5 0 11 0.00 0.0 0 3.6 10 340 M M 6 16 300
27 79 62 71 1 0 6 0.00 0.0 0 4.2 12 10 M M 4 16 20
28 75 62 69 -1 0 4 T 0.0 0 4.3 12 130 M M 9 17 110
29 77 67 72 2 0 7 0.01 0.0 0 5.2 13 200 M M 10 20 200
30 82 64 73 3 0 8 1.37 0.0 0 7.4 21 260 M M 6 13 30 290
31 77 56 67 -3 0 2 0.00 0.0 0 4.5 13 50 M M 1 16 35
================================================================================
SM 2513 1923 0 209 8.61 0.0 153.2 M 163
================================================================================
AV 81.1 62.0 4.9 FASTST M M 5 MAX(MPH)
MISC ----> 28 260 43 160
================================================================================
NOTES:
# LAST OF SEVERAL OCCURRENCES
COLUMN 17 PEAK WIND IN M.P.H.
PRELIMINARY LOCAL CLIMATOLOGICAL DATA (WS FORM: F-6) , PAGE 2
STATION: WILLIAMSPORT PA
MONTH: AUGUST
YEAR: 2023
LATITUDE: 41 15 N
LONGITUDE: 76 55 W
[TEMPERATURE DATA] [PRECIPITATION DATA] SYMBOLS USED IN COLUMN 16
AVERAGE MONTHLY: 71.5 TOTAL FOR MONTH: 8.61 1 = FOG OR MIST
DPTR FM NORMAL: -0.5 DPTR FM NORMAL: 4.44 2 = FOG REDUCING VISIBILITY
HIGHEST: 89 ON 21 GRTST 24HR 2.49 ON 17-18 TO 1/4 MILE OR LESS
LOWEST: 53 ON 2 3 = THUNDER
SNOW, ICE PELLETS, HAIL 4 = ICE PELLETS
TOTAL MONTH: 0.0 INCH 5 = HAIL
GRTST 24HR 0.0 6 = FREEZING RAIN OR DRIZZLE
GRTST DEPTH: 0 7 = DUSTSTORM OR SANDSTORM:
VSBY 1/2 MILE OR LESS
8 = SMOKE OR HAZE
[NO. OF DAYS WITH] [WEATHER - DAYS WITH] 9 = BLOWING SNOW
X = TORNADO
MAX 32 OR BELOW: 0 0.01 INCH OR MORE: 13
MAX 90 OR ABOVE: 0 0.10 INCH OR MORE: 10
MIN 32 OR BELOW: 0 0.50 INCH OR MORE: 5
MIN 0 OR BELOW: 0 1.00 INCH OR MORE: 4
[HDD (BASE 65) ]
TOTAL THIS MO. 0 CLEAR (SCALE 0-3) 7
DPTR FM NORMAL -6 PTCLDY (SCALE 4-7) 17
TOTAL FM JUL 1 0 CLOUDY (SCALE 8-10) 7
DPTR FM NORMAL -3
[CDD (BASE 65) ]
TOTAL THIS MO. 209
DPTR FM NORMAL -13 [PRESSURE DATA]
TOTAL FM JAN 1 712 HIGHEST SLP 30.25 ON 2
DPTR FM NORMAL 3 LOWEST SLP 29.60 ON 10
[REMARKS]
#FINAL-08-23#