000
CXUS53 KEAX 011558
CLMIRK
CLIMATE REPORT
NATIONAL WEATHER SERVICE KANSAS CITY/PLEASANT HILL MO
952 AM CST FRI DEC 01 2023
...................................
...THE KIRKSVILLE MO CLIMATE SUMMARY FOR THE MONTH OF NOVEMBER 2023...
CLIMATE NORMAL PERIOD: 1991 TO 2020
CLIMATE RECORD PERIOD: 9999 TO 9999
WEATHER OBSERVED NORMAL DEPART LAST YEAR`S
VALUE DATE(S) VALUE FROM VALUE DATE(S)
NORMAL
................................................................
TEMPERATURE (F)
HIGHEST 71 11/06 71 0 77 11/03
11/07
11/08
11/09
LOWEST 8 11/28 14 -6 14 11/20
AVG. MAXIMUM 54.6 50.9 3.7 51.7
AVG. MINIMUM 30.5 31.2 -0.7 28.9
MEAN 42.6 41.1 1.5 40.3
DAYS MAX >= 90 0 0.0 0.0 0
DAYS MAX <= 32 2 1.6 0.4 5
DAYS MIN <= 32 21 16.7 4.3 18
DAYS MIN <= 0 0 0.0 0.0 0
PRECIPITATION (INCHES)
TOTALS 0.76 2.41 -1.65 3.16
DAILY AVG. 0.03 0.08 -0.05 0.11
DAYS >= .01 4 8.7 -4.7 7
DAYS >= .10 4 4.1 -0.1 6
DAYS >= .50 0 1.5 -1.5 1
DAYS >= 1.00 0 0.4 -0.4 1
GREATEST
24 HR. TOTAL 0.35 11/20 TO 11/20
DEGREE DAYS
HEATING TOTAL 666 719 -53 729
SINCE 7/1 1009 1183 -174 MM
COOLING TOTAL 0 0 0 0
SINCE 1/1 1013 1008 5 MM
................................................................
WIND (MPH)
AVERAGE WIND SPEED 7.9
HIGHEST WIND SPEED/DIRECTION 23/290 DATE 11/26
HIGHEST GUST SPEED/DIRECTION 36/300 DATE 11/26
SKY COVER
POSSIBLE SUNSHINE (PERCENT) MM
AVERAGE SKY COVER 0.21
NUMBER OF DAYS FAIR 23
NUMBER OF DAYS PC 4
NUMBER OF DAYS CLOUDY 3
AVERAGE RH (PERCENT) 64
WEATHER CONDITIONS. NUMBER OF DAYS WITH
THUNDERSTORM 0 MIXED PRECIP 0
HEAVY RAIN 0 RAIN 0
LIGHT RAIN 1 FREEZING RAIN 0
LT FREEZING RAIN 0 HAIL 0
HEAVY SNOW 0 SNOW 1
LIGHT SNOW 2 SLEET 0
FOG 10 FOG W/VIS <= 1/4 MILE 3
HAZE 5
- INDICATES NEGATIVE NUMBERS.
R INDICATES RECORD WAS SET OR TIED.
MM INDICATES DATA IS MISSING.
T INDICATES TRACE AMOUNT.
$$