000
CXUS52 TJSJ 010426
CF6ISX
PRELIMINARY LOCAL CLIMATOLOGICAL DATA (WS FORM: F-6)
STATION: HENRY E. ROHLSEN AP/ST CROIX
MONTH: MAY
YEAR: 2020
LATITUDE: 17 42 N
LONGITUDE: 64 48 W
TEMPERATURE IN F: :PCPN: SNOW: WIND :SUNSHINE: SKY :PK WND
================================================================================
1 2 3 4 5 6A 6B 7 8 9 10 11 12 13 14 15 16 17 18
12Z AVG MX 2MIN
DY MAX MIN AVG DEP HDD CDD WTR SNW DPTH SPD SPD DIR MIN PSBL S-S WX SPD DR
================================================================================
1 89 75 82 1 0 17 0.16 0.0 0 14.2 20 100 M M 3 8 27 100
2 89 75 82 1 0 17 0.03 0.0 0 12.1 20 100 M M 2 25 130
3 88 73 81 0 0 16 0.01 0.0 0 8.1 15 80 M M 3 20 110
4 89 75 82 1 0 17 0.00 0.0 0 9.8 18 100 M M 2 21 110
5 90 80 85 4 0 20 T 0.0 0 12.5 17 110 M M 4 22 120
6 90 80 85 4 0 20 0.00 0.0 0 15.7 22 110 M M 4 27 110
7 90 M M M M M 0.00 0.0 0 12.8 18 100 M M 4 23 100
8 86 75 81 0 0 16 0.00 0.0 0 11.6 16 100 M M 4 M M
9 M M M M M M 0.00 0.0 0 14.3 20 90 M M 3 25 110
10 M M M M M M 0.02 0.0 0 17.5 25 90 M M 3 32 90
11 M M M M M M 0.12 M 0 14.4 23 90 M M 6 1 32 110
12 89 M M M M M 0.15 M 0 13.0 16 100 M M 5 8 24 90
13 89 77 83 2 0 18 0.03 0.0 0 10.7 18 100 M M 4 8 24 110
14 89 80 85 4 0 20 0.00 0.0 0 13.4 21 100 M M 2 28 90
15 90 79 85 4 0 20 0.00 0.0 0 14.2 21 100 M M 3 28 100
16 90 81 86 5 0 21 0.00 0.0 0 12.9 17 120 M M 3 24 110
17 91 81 86 5 0 21 0.00 0.0 0 15.1 21 110 M M 6 25 110
18 90 81 86 4 0 21 0.00 0.0 0 13.3 18 90 M M 4 8 22 100
19 89 78 84 2 0 19 0.00 0.0 0 12.4 21 90 M M 3 25 90
20 91 79 85 3 0 20 T 0.0 0 11.4 21 90 M M 5 25 110
21 91 79 85 3 0 20 0.02 0.0 0 7.9 16 120 M M 4 20 140
22 91 78 85 3 0 20 0.00 0.0 0 9.0 15 120 M M 6 20 110
23 90 78 84 2 0 19 0.00 0.0 0 7.9 17 100 M M 7 20 100
24 90 78 84 2 0 19 T 0.0 0 6.7 12 110 M M 2 16 140
25 91 79 85 3 0 20 T 0.0 0 10.8 16 110 M M 4 22 100
26 91 79 85 3 0 20 T 0.0 0 10.9 18 110 M M 3 23 120
27 90 78 84 2 0 19 T 0.0 0 5.7 12 130 M M 4 16 160
28 89 79 84 2 0 19 0.02 0.0 0 6.9 14 110 M M 3 8 17 110
29 91 78 85 3 0 20 0.00 0.0 0 7.3 15 130 M M 4 19 130
30 91 77 84 2 0 19 0.00 0.0 0 10.5 16 100 M M 8 23 100
31 92 78 85 3 0 20 0.00 0.0 0 12.0 21 100 M M 4 25 110
================================================================================
SM 2516 2030 0 498 0.56 0.0 355.0 M 122
================================================================================
AV 89.9 78.1 11.5 FASTST M M 4 MAX(MPH)
MISC ----> # 25 90 # 32 90
================================================================================
NOTES:
# LAST OF SEVERAL OCCURRENCES
COLUMN 17 PEAK WIND IN M.P.H.
PRELIMINARY LOCAL CLIMATOLOGICAL DATA (WS FORM: F-6) , PAGE 2
STATION: HENRY E. ROHLSEN AP/ST CROIX
MONTH: MAY
YEAR: 2020
LATITUDE: 17 42 N
LONGITUDE: 64 48 W
[TEMPERATURE DATA] [PRECIPITATION DATA] SYMBOLS USED IN COLUMN 16
AVERAGE MONTHLY: 84.0 TOTAL FOR MONTH: 0.56 1 = FOG OR MIST
DPTR FM NORMAL: 2.6 DPTR FM NORMAL: -3.59 2 = FOG REDUCING VISIBILITY
HIGHEST: 92 ON 31 GRTST 24HR 0.16 ON 1- 1 TO 1/4 MILE OR LESS
LOWEST: 73 ON 3 3 = THUNDER
SNOW, ICE PELLETS, HAIL 4 = ICE PELLETS
TOTAL MONTH: 0.0 INCH 5 = HAIL
GRTST 24HR 0.0 6 = FREEZING RAIN OR DRIZZLE
GRTST DEPTH: 0 7 = DUSTSTORM OR SANDSTORM:
VSBY 1/2 MILE OR LESS
8 = SMOKE OR HAZE
[NO. OF DAYS WITH] [WEATHER - DAYS WITH] 9 = BLOWING SNOW
X = TORNADO
MAX 32 OR BELOW: 0 0.01 INCH OR MORE: 9
MAX 90 OR ABOVE: 18 0.10 INCH OR MORE: 3
MIN 32 OR BELOW: 0 0.50 INCH OR MORE: 0
MIN 0 OR BELOW: 0 1.00 INCH OR MORE: 0
[HDD (BASE 65) ]
TOTAL THIS MO. 0 CLEAR (SCALE 0-3) 12
DPTR FM NORMAL 0 PTCLDY (SCALE 4-7) 19
TOTAL FM JUL 1 0 CLOUDY (SCALE 8-10) 0
DPTR FM NORMAL 0
[CDD (BASE 65) ]
TOTAL THIS MO. 498
DPTR FM NORMAL -10 [PRESSURE DATA]
TOTAL FM JAN 1 2247 HIGHEST SLP M ON M
DPTR FM NORMAL 94 LOWEST SLP 29.91 ON M
[REMARKS]
#FINAL-05-20#