000
CXUS55 KRIW 011010
CF6JAC
PRELIMINARY LOCAL CLIMATOLOGICAL DATA (WS FORM: F-6)
STATION: JACKSON WY
MONTH: MARCH
YEAR: 2022
LATITUDE: 43 35 N
LONGITUDE: 110 44 W
TEMPERATURE IN F: :PCPN: SNOW: WIND :SUNSHINE: SKY :PK WND
================================================================================
1 2 3 4 5 6A 6B 7 8 9 10 11 12 13 14 15 16 17 18
12Z AVG MX 2MIN
DY MAX MIN AVG DEP HDD CDD WTR SNW DPTH SPD SPD DIR MIN PSBL S-S WX SPD DR
================================================================================
1 45 36 41 19 24 0 0.00 M M 9.4 18 190 M M 9 M M
2 50 26 38 16 27 0 0.00 M M 7.0 15 190 M M 1 M M
3 49 23 36 13 29 0 0.00 M M 5.2 12 240 M M 0 M M
4 44 21 33 10 32 0 0.00 M M 5.8 12 200 M M 3 M M
5 35 23 29 6 36 0 T M M 9.4 18 20 M M 10 1 M M
6 27 10 19 -5 46 0 T M M 16.8 24 20 M M 9 1 30 20
7 26 -6 10 -14 55 0 T M M 9.4 18 20 M M 2 M M
8 28 12 20 -5 45 0 0.23 M M 6.7 20 190 M M 10 12 22 200
9 25 -7 9 -16 56 0 T M M 11.3 22 20 M M 5 M M
10 25 -23 1 -24 64 0 0.00 M M 6.8 13 20 M M 1 M M
11 34 -7 14 -12 51 0 T M M 8.2 23 240 M M 10 1 35 250
12 42 25 34 8 31 0 T M M 12.8 22 200 M M 5 M M
13 35 22 29 3 36 0 0.02 M M 12.9 24 210 M M 8 1 31 210
14 38 7 23 -4 42 0 T M M 8.8 16 200 M M 1 M M
15 43 12 28 1 37 0 T M M 10.0 18 200 M M 7 21 200
16 37 18 28 0 37 0 T M M 11.7 20 300 M M 7 18 25 300
17 38 6 22 -6 43 0 0.00 M M 5.1 12 20 M M 1 M M
18 38 11 25 -3 40 0 0.04 M M 7.2 14 200 M M 7 128 M M
19 45 16 31 3 34 0 0.00 M M 5.8 13 210 M M 3 M M
20 38 20 29 0 36 0 0.02 M M 11.2 21 290 M M 9 1 32 290
21 37 5 21 -8 44 0 0.00 M M 5.3 9 30 M M 0 M M
22 41 7 24 -6 41 0 0.00 M M 4.7 9 40 M M 1 M M
23 48 12 30 0 35 0 0.00 M M 4.9 10 10 M M 0 M M
24 52 22 37 7 28 0 0.00 M M 6.8 17 220 M M 5 22 220
25 55 24 40 10 25 0 0.00 M M 4.7 14 20 M M 3 M M
26 60 30 45 14 20 0 0.00 M M 5.6 14 20 M M 0 M M
27 63 25 44 13 21 0 0.00 M M 5.3 16 220 M M 0 21 220
28 60 28 44 13 21 0 0.00 M M 8.8 18 230 M M 3 22 210
29 49 28 39 7 26 0 0.00 M M 9.8 18 20 M M 6 23 20
30 50 17 34 2 31 0 0.00 M M 5.8 18 300 M M 0 22 300
31 44 24 34 2 31 0 T M M 9.6 20 190 M M 7 25 280
================================================================================
SM 1301 467 1124 0 0.31 M 252.8 M 133
================================================================================
AV 42.0 15.1 8.2 FASTST M M 4 MAX(MPH)
MISC ----> 24 20 35 250
================================================================================
NOTES:
# LAST OF SEVERAL OCCURRENCES
COLUMN 17 PEAK WIND IN M.P.H.
PRELIMINARY LOCAL CLIMATOLOGICAL DATA (WS FORM: F-6) , PAGE 2
STATION: JACKSON WY
MONTH: MARCH
YEAR: 2022
LATITUDE: 43 35 N
LONGITUDE: 110 44 W
[TEMPERATURE DATA] [PRECIPITATION DATA] SYMBOLS USED IN COLUMN 16
AVERAGE MONTHLY: 28.5 TOTAL FOR MONTH: 0.31 1 = FOG OR MIST
DPTR FM NORMAL: 1.1 DPTR FM NORMAL: -1.31 2 = FOG REDUCING VISIBILITY
HIGHEST: 63 ON 27 GRTST 24HR 0.23 ON 8- 8 TO 1/4 MILE OR LESS
LOWEST: -23 ON 10 3 = THUNDER
SNOW, ICE PELLETS, HAIL 4 = ICE PELLETS
TOTAL MONTH: M 5 = HAIL
GRTST 24HR M ON M 6 = FREEZING RAIN OR DRIZZLE
GRTST DEPTH: M ON M 7 = DUSTSTORM OR SANDSTORM:
VSBY 1/2 MILE OR LESS
8 = SMOKE OR HAZE
[NO. OF DAYS WITH] [WEATHER - DAYS WITH] 9 = BLOWING SNOW
X = TORNADO
MAX 32 OR BELOW: 5 0.01 INCH OR MORE: 4
MAX 90 OR ABOVE: 0 0.10 INCH OR MORE: 1
MIN 32 OR BELOW: 30 0.50 INCH OR MORE: 0
MIN 0 OR BELOW: 4 1.00 INCH OR MORE: 0
[HDD (BASE 65) ]
TOTAL THIS MO. 1124 CLEAR (SCALE 0-3) 13
DPTR FM NORMAL -43 PTCLDY (SCALE 4-7) 11
TOTAL FM JUL 1 7619 CLOUDY (SCALE 8-10) 7
DPTR FM NORMAL -672
[CDD (BASE 65) ]
TOTAL THIS MO. 0
DPTR FM NORMAL 0 [PRESSURE DATA]
TOTAL FM JAN 1 0 HIGHEST SLP M ON M
DPTR FM NORMAL 0 LOWEST SLP M ON M
[REMARKS]
#FINAL-03-22#