000
CXUS55 KRIW 011110
CF6JAC
PRELIMINARY LOCAL CLIMATOLOGICAL DATA (WS FORM: F-6)
STATION: JACKSON WY
MONTH: FEBRUARY
YEAR: 2024
LATITUDE: 43 35 N
LONGITUDE: 110 44 W
TEMPERATURE IN F: :PCPN: SNOW: WIND :SUNSHINE: SKY :PK WND
================================================================================
1 2 3 4 5 6A 6B 7 8 9 10 11 12 13 14 15 16 17 18
12Z AVG MX 2MIN
DY MAX MIN AVG DEP HDD CDD WTR SNW DPTH SPD SPD DIR MIN PSBL S-S WX SPD DR
================================================================================
1 35 3 19 4 46 0 M M M 1.5 6 50 M M 5 12 M M
2 37 18 28 13 37 0 T M M 4.0 9 190 M M 9 1 M M
3 34 27 31 16 34 0 T M M 9.8 14 190 M M 10 1 M M
4 35 17 26 11 39 0 M M M 9.0 16 200 M M 7 1 M M
5 33 19 26 11 39 0 M M M 6.0 14 250 M M 10 12 M M
6 40 27 34 19 31 0 M M M 2.4 9 270 M M 10 1 M M
7 39 27 33 17 32 0 M M M 7.7 18 270 M M 8 1 18 260
8 31 19 25 9 40 0 T M M 10.7 17 190 M M 9 8 M M
9 34 5 20 4 45 0 M M M 6.2 10 20 M M 9 1 M M
10 25 -5 10 -6 55 0 T M M 5.2 12 10 M M 5 12 M M
11 27 -6 11 -5 54 0 M M M 4.9 12 20 M M 6 M M
12 30 7 19 3 46 0 M M M 8.7 20 190 M M 9 M M
13 34 25 30 13 35 0 M M M 10.5 20 180 M M 10 1 M M
14 32 23 28 11 37 0 M M M 9.7 20 210 M M 8 1 M M
15 35 27 31 14 34 0 T M M 12.7 22 190 M M 10 1 30 190
16 29 1 15 -3 50 0 T M M 13.8 27 350 M M 7 12 32 10
17 24 -15 5 -13 60 0 M M M 6.3 14 20 M M 2 1 M M
18 24 -5 10 -8 55 0 M M M 5.0 10 30 M M 8 1 M M
19 35 12 24 6 41 0 M M M 7.9 16 230 M M 7 12 M M
20 38 20 29 10 36 0 M M M 8.2 15 270 M M 8 21 230
21 34 16 25 6 40 0 0.00 M M 6.0 10 10 M M 3 M M
22 36 11 24 5 41 0 T M M 7.3 12 200 M M 8 1 18 220
23 35 9 22 2 43 0 M M M 8.2 21 250 M M 4 30 230
24 40 13 27 7 38 0 0.00 M M 12.7 21 210 M M 6 31 200
25 40 32 36 16 29 0 0.00 M M 19.3 25 190 M M 9 35 190
26 38 23 31 10 34 0 M M M 21.2 27 200 M M 10 1 38 220
27 24 14 19 -2 46 0 T M M 12.9 28 230 M M 9 1 32 230
28 30 15 23 1 42 0 T M M 12.0 17 190 M M 10 18 M M
29 37 17 27 5 38 0 M M M 11.5 27 210 M M 8 1 32 190
================================================================================
SM 965 396 1197 0 T M 261.3 M 224
================================================================================
AV 33.3 13.7 9.0 FASTST M M 8 MAX(MPH)
MISC ----> 28 230 38 220
================================================================================
NOTES:
# LAST OF SEVERAL OCCURRENCES
COLUMN 17 PEAK WIND IN M.P.H.
PRELIMINARY LOCAL CLIMATOLOGICAL DATA (WS FORM: F-6) , PAGE 2
STATION: JACKSON WY
MONTH: FEBRUARY
YEAR: 2024
LATITUDE: 43 35 N
LONGITUDE: 110 44 W
[TEMPERATURE DATA] [PRECIPITATION DATA] SYMBOLS USED IN COLUMN 16
AVERAGE MONTHLY: 23.5 TOTAL FOR MONTH: T 1 = FOG OR MIST
DPTR FM NORMAL: 6.1 DPTR FM NORMAL: -1.82 2 = FOG REDUCING VISIBILITY
HIGHEST: 40 ON 25,24 GRTST 24HR 0.02 ON 5- 5 TO 1/4 MILE OR LESS
LOWEST: -15 ON 17 3 = THUNDER
SNOW, ICE PELLETS, HAIL 4 = ICE PELLETS
TOTAL MONTH: M 5 = HAIL
GRTST 24HR M ON M 6 = FREEZING RAIN OR DRIZZLE
GRTST DEPTH: M ON M 7 = DUSTSTORM OR SANDSTORM:
VSBY 1/2 MILE OR LESS
8 = SMOKE OR HAZE
[NO. OF DAYS WITH] [WEATHER - DAYS WITH] 9 = BLOWING SNOW
X = TORNADO
MAX 32 OR BELOW: 10 0.01 INCH OR MORE: 0
MAX 90 OR ABOVE: 0 0.10 INCH OR MORE: 0
MIN 32 OR BELOW: 29 0.50 INCH OR MORE: 0
MIN 0 OR BELOW: 4 1.00 INCH OR MORE: 0
[HDD (BASE 65) ]
TOTAL THIS MO. 1197 CLEAR (SCALE 0-3) 2
DPTR FM NORMAL -134 PTCLDY (SCALE 4-7) 11
TOTAL FM JUL 1 6207 CLOUDY (SCALE 8-10) 16
DPTR FM NORMAL -1004
[CDD (BASE 65) ]
TOTAL THIS MO. 0
DPTR FM NORMAL 0 [PRESSURE DATA]
TOTAL FM JAN 1 0 HIGHEST SLP 30.73 ON 17
DPTR FM NORMAL 0 LOWEST SLP 29.44 ON 7
[REMARKS]
#FINAL-02-24#