000
CXUS55 KRIW 011010
CF6JAC
PRELIMINARY LOCAL CLIMATOLOGICAL DATA (WS FORM: F-6)
STATION: JACKSON WY
MONTH: SEPTEMBER
YEAR: 2021
LATITUDE: 43 35 N
LONGITUDE: 110 44 W
TEMPERATURE IN F: :PCPN: SNOW: WIND :SUNSHINE: SKY :PK WND
================================================================================
1 2 3 4 5 6A 6B 7 8 9 10 11 12 13 14 15 16 17 18
12Z AVG MX 2MIN
DY MAX MIN AVG DEP HDD CDD WTR SNW DPTH SPD SPD DIR MIN PSBL S-S WX SPD DR
================================================================================
1 76 38 57 1 8 0 0.00 M M 6.2 16 190 M M 1 8 20 210
2 66 34 50 -6 15 0 T M M 7.1 15 220 M M 1 18 31 150
3 71 36 54 -2 11 0 0.00 M M 7.0 15 230 M M 2 1 25 230
4 75 29 52 -4 13 0 0.00 M M 6.0 20 250 M M 1 24 210
5 80 30 55 0 10 0 0.00 M M 6.3 12 270 M M 0 17 240
6 88 32 60 5 5 0 0.00 M M 5.9 15 280 M M 0 8 27 250
7 81 34 58 3 7 0 0.00 M M 4.5 8 30 M M 0 8 M M
8 84 34 59 5 6 0 0.00 M M 4.7 10 10 M M 0 8 M M
9 88 35 62 8 3 0 0.00 M M 5.8 10 20 M M 0 8 16 280
10 84 39 62 8 3 0 0.13 M M 6.6 28 290 M M 3 46 270
11 71 39 55 2 10 0 0.10 M M 7.9 16 200 M M 5 25 200
12 74 33 54 1 11 0 T M M 6.4 17 220 M M 2 24 220
13 72 38 55 3 10 0 0.00 M M 7.9 17 230 M M 1 21 280
14 72 32 52 0 13 0 0.00 M M 7.1 16 240 M M 0 21 260
15 76 29 53 1 12 0 0.00 M M 7.5 18 260 M M 0 30 270
16 72 34 53 2 12 0 0.00 M M 7.5 22 230 M M 0 8 36 240
17 76 26 51 0 14 0 0.00 M M 6.8 18 220 M M 0 25 210
18 72 33 53 2 12 0 0.11 M M 9.7 27 190 M M 5 43 210
19 57 37 47 -3 18 0 0.11 M M 9.1 20 220 M M 8 1 28 280
20 51 29 40 -10 25 0 T M M 7.2 16 300 M M 6 M M
21 63 24 44 -5 21 0 0.00 M M 4.4 12 180 M M 0 21 260
22 72 25 49 0 16 0 0.00 M M 6.0 16 190 M M 0 21 240
23 68 31 50 1 15 0 0.00 M M 6.2 17 300 M M 0 8 22 300
24 72 29 51 3 14 0 0.00 M M 5.1 9 270 M M 0 M M
25 76 30 53 5 12 0 0.00 M M 6.3 13 230 M M 0 20 230
26 78 31 55 8 10 0 0.00 M M 6.3 15 250 M M 0 21 250
27 79 30 55 8 10 0 0.00 M M 6.2 14 230 M M 0 18 230
28 64 31 48 1 17 0 0.00 M M 8.9 18 280 M M 1 8 31 290
29 59 25 42 -4 23 0 0.00 M M 5.6 14 360 M M 0 20 300
30 64 20 42 -4 23 0 0.00 M M 4.4 10 20 M M 0 M M
================================================================================
SM 2181 947 379 0 0.45 M 196.6 M 36
================================================================================
AV 72.7 31.6 6.6 FASTST M M 1 MAX(MPH)
MISC ----> 28 290 46 270
================================================================================
NOTES:
# LAST OF SEVERAL OCCURRENCES
COLUMN 17 PEAK WIND IN M.P.H.
PRELIMINARY LOCAL CLIMATOLOGICAL DATA (WS FORM: F-6) , PAGE 2
STATION: JACKSON WY
MONTH: SEPTEMBER
YEAR: 2021
LATITUDE: 43 35 N
LONGITUDE: 110 44 W
[TEMPERATURE DATA] [PRECIPITATION DATA] SYMBOLS USED IN COLUMN 16
AVERAGE MONTHLY: 52.1 TOTAL FOR MONTH: 0.45 1 = FOG OR MIST
DPTR FM NORMAL: 0.7 DPTR FM NORMAL: -0.99 2 = FOG REDUCING VISIBILITY
HIGHEST: 88 ON 9, 6 GRTST 24HR 0.23 ON 10-11 TO 1/4 MILE OR LESS
LOWEST: 20 ON 30 3 = THUNDER
SNOW, ICE PELLETS, HAIL 4 = ICE PELLETS
TOTAL MONTH: M 5 = HAIL
GRTST 24HR M ON M 6 = FREEZING RAIN OR DRIZZLE
GRTST DEPTH: M ON M 7 = DUSTSTORM OR SANDSTORM:
VSBY 1/2 MILE OR LESS
8 = SMOKE OR HAZE
[NO. OF DAYS WITH] [WEATHER - DAYS WITH] 9 = BLOWING SNOW
X = TORNADO
MAX 32 OR BELOW: 0 0.01 INCH OR MORE: 4
MAX 90 OR ABOVE: 0 0.10 INCH OR MORE: 4
MIN 32 OR BELOW: 17 0.50 INCH OR MORE: 0
MIN 0 OR BELOW: 0 1.00 INCH OR MORE: 0
[HDD (BASE 65) ]
TOTAL THIS MO. 379 CLEAR (SCALE 0-3) 25
DPTR FM NORMAL -29 PTCLDY (SCALE 4-7) 4
TOTAL FM JUL 1 566 CLOUDY (SCALE 8-10) 1
DPTR FM NORMAL -125
[CDD (BASE 65) ]
TOTAL THIS MO. 0
DPTR FM NORMAL 0 [PRESSURE DATA]
TOTAL FM JAN 1 73 HIGHEST SLP 30.69 ON 21
DPTR FM NORMAL 30 LOWEST SLP 29.77 ON 16
[REMARKS]
#FINAL-09-21#