000
CXUS52 KJAX 011319
CLMJAX
CLIMATE REPORT
NATIONAL WEATHER SERVICE JACKSONVILLE FL
919 AM EDT TUE AUG 01 2023
...................................
...THE JACKSONVILLE CLIMATE SUMMARY FOR THE MONTH OF JULY 2023...
CLIMATE NORMAL PERIOD: 1991 TO 2020
CLIMATE RECORD PERIOD: 1871 TO 2023
WEATHER OBSERVED NORMAL DEPART LAST YEAR`S
VALUE DATE(S) VALUE FROM VALUE DATE(S)
NORMAL
................................................................
TEMPERATURE (F)
RECORD
HIGH 104 07/11/1879
LOW 61 07/08/1972
HIGHEST 99 07/30 97 2 97 07/07
LOWEST 71 07/26 68 3 70 07/23
07/24
07/25
AVG. MAXIMUM 94.7 91.9 2.8 92.6
AVG. MINIMUM 74.7 73.2 1.5 72.6
MEAN 84.7 82.5 2.2 82.6
DAYS MAX >= 90 29 24.0 5.0 29
DAYS MIN <= 32 0 0.0 0.0 0
PRECIPITATION (INCHES)
RECORD
MAXIMUM 16.21 1960
MINIMUM 0.14 1875
TOTALS 7.93 6.77 1.16 9.95
DAILY AVG. 0.26 0.22 0.04 0.32
DAYS >= .01 15 13.6 1.4 17
DAYS >= .10 11 9.9 1.1 14
DAYS >= .50 4 4.4 -0.4 8
DAYS >= 1.00 3 2.2 0.8 3
GREATEST
24 HR. TOTAL 2.40 07/30 TO 07/30
SNOWFALL (INCHES)
RECORDS
TOTAL T 1990
TOTALS 0.0 0.0 0.0 0.0
DEGREE DAYS
HEATING TOTAL 0 0 0 0
SINCE 7/1 0 0 0 MM
COOLING TOTAL 618 544 74 553
SINCE 1/1 1836 1553 283 MM
................................................................
WIND (MPH)
AVERAGE WIND SPEED 5.9
HIGHEST WIND SPEED/DIRECTION 37/130 DATE 07/07
HIGHEST GUST SPEED/DIRECTION 55/150 DATE 07/07
SKY COVER
AVERAGE SKY COVER 0.63
AVERAGE RH (PERCENT) 73
WEATHER CONDITIONS. NUMBER OF DAYS WITH
THUNDERSTORM 20 MIXED PRECIP 0
HEAVY RAIN 9 RAIN 13
LIGHT RAIN 19 FREEZING RAIN 0
LT FREEZING RAIN 0 HAIL 0
HEAVY SNOW 0 SNOW 0
LIGHT SNOW 0 SLEET 0
FOG 16 FOG W/VIS <= 1/4 MILE 1
HAZE 2
- INDICATES NEGATIVE NUMBERS.
R INDICATES RECORD WAS SET OR TIED.
MM INDICATES DATA IS MISSING.
T INDICATES TRACE AMOUNT.
$$