000
CXUS54 KSJT 011000
CF6JCT
PRELIMINARY LOCAL CLIMATOLOGICAL DATA (WS FORM: F-6)
STATION: JUNCTION
MONTH: JULY
YEAR: 2021
LATITUDE: 30 18 N
LONGITUDE: 99 28 W
TEMPERATURE IN F: :PCPN: SNOW: WIND :SUNSHINE: SKY :PK WND
================================================================================
1 2 3 4 5 6A 6B 7 8 9 10 11 12 13 14 15 16 17 18
12Z AVG MX 2MIN
DY MAX MIN AVG DEP HDD CDD WTR SNW DPTH SPD SPD DIR MIN PSBL S-S WX SPD DR
================================================================================
1 94 69 82 0 0 17 0.00 0.0 0 3.9 14 140 M M 3 18 140
2 97 72 85 3 0 20 0.30 0.0 0 3.3 26 10 M M 3 38 35 10
3 91 72 82 0 0 17 0.00 0.0 0 4.7 17 90 M M 3 1 23 10
4 94 73 84 2 0 19 0.00 0.0 0 4.6 30 340 M M 6 1238 42 340
5 86 73 80 -2 0 15 0.00 0.0 0 4.2 16 10 M M 6 138 20 20
6 87 71 79 -4 0 14 0.00 0.0 0 6.8 22 120 M M 6 34 100
7 91 70 81 -2 0 16 0.00 0.0 0 6.1 16 90 M M 4 1 26 110
8 92 68 80 -3 0 15 0.00 0.0 0 7.3 16 100 M M 2 25 50
9 90 73 82 -1 0 17 0.19 0.0 0 8.4 24 100 M M 9 138 31 70
10 88 73 81 -2 0 16 0.03 0.0 0 6.6 22 160 M M 6 1 31 160
11 92 71 82 -1 0 17 T 0.0 0 6.4 17 150 M M 3 1 28 130
12 90 73 82 -1 0 17 0.02 0.0 0 6.0 24 60 M M 2 1 34 60
13 92 66 79 -4 0 14 0.02 0.0 0 5.3 28 140 M M 2 1238 40 130
14 91 70 81 -2 0 16 T 0.0 0 8.5 21 150 M M 4 32 150
15 94 72 83 0 0 18 0.00 0.0 0 9.4 21 160 M M 2 30 160
16 94 74 84 0 0 19 0.00 0.0 0 8.8 18 150 M M 3 24 130
17 91 75 83 -1 0 18 0.00 0.0 0 7.8 17 140 M M 5 27 130
18 95 74 85 1 0 20 0.00 0.0 0 5.7 16 130 M M 3 24 160
19 96 72 84 0 0 19 0.03 0.0 0 3.6 17 40 M M 2 13 24 40
20 93 67 80 -4 0 15 0.00 0.0 0 6.2 18 10 M M 4 12 23 20
21 90 66 78 -6 0 13 0.00 0.0 0 5.2 18 70 M M 1 24 130
22 93 66 80 -4 0 15 0.00 0.0 0 6.7 25 140 M M 1 18 33 150
23 97 74 86 2 0 21 0.00 0.0 0 10.6 20 160 M M 3 27 160
24 98 74 86 2 0 21 0.00 0.0 0 7.9 17 180 M M 1 26 210
25 103 73 88 4 0 23 0.00 0.0 0 6.1 16 160 M M 0 22 160
26 103 71 87 3 0 22 0.00 0.0 0 5.1 17 140 M M 0 23 130
27 102 68 85 1 0 20 0.11 0.0 0 2.9 24 90 M M 1 3 31 80
28 97 68 83 -1 0 18 0.00 0.0 0 3.0 14 130 M M 1 3 20 130
29 97 68 83 -1 0 18 0.24 0.0 0 3.6 18 120 M M 2 3 33 310
30 98 69 84 0 0 19 0.00 0.0 0 3.5 15 110 M M 1 1 20 120
31 101 71 86 2 0 21 0.00 M M 4.6 16 170 M M 0 22 160
================================================================================
SM 2917 2196 0 550 0.94 0.0 182.8 M 89
================================================================================
AV 94.1 70.8 5.9 FASTST M M 3 MAX(MPH)
MISC ----> 30 340 42 340
================================================================================
NOTES:
# LAST OF SEVERAL OCCURRENCES
COLUMN 17 PEAK WIND IN M.P.H.
PRELIMINARY LOCAL CLIMATOLOGICAL DATA (WS FORM: F-6) , PAGE 2
STATION: JUNCTION
MONTH: JULY
YEAR: 2021
LATITUDE: 30 18 N
LONGITUDE: 99 28 W
[TEMPERATURE DATA] [PRECIPITATION DATA] SYMBOLS USED IN COLUMN 16
AVERAGE MONTHLY: 82.5 TOTAL FOR MONTH: 0.94 1 = FOG OR MIST
DPTR FM NORMAL: -1.0 DPTR FM NORMAL: -0.54 2 = FOG REDUCING VISIBILITY
HIGHEST: 103 ON 26,25 GRTST 24HR 0.30 ON 2- 2 TO 1/4 MILE OR LESS
LOWEST: 66 ON 21,22 3 = THUNDER
SNOW, ICE PELLETS, HAIL 4 = ICE PELLETS
TOTAL MONTH: 0.0 INCH 5 = HAIL
GRTST 24HR 0.0 6 = FREEZING RAIN OR DRIZZLE
GRTST DEPTH: 0 7 = DUSTSTORM OR SANDSTORM:
VSBY 1/2 MILE OR LESS
8 = SMOKE OR HAZE
[NO. OF DAYS WITH] [WEATHER - DAYS WITH] 9 = BLOWING SNOW
X = TORNADO
MAX 32 OR BELOW: 0 0.01 INCH OR MORE: 8
MAX 90 OR ABOVE: 28 0.10 INCH OR MORE: 4
MIN 32 OR BELOW: 0 0.50 INCH OR MORE: 0
MIN 0 OR BELOW: 0 1.00 INCH OR MORE: 0
[HDD (BASE 65) ]
TOTAL THIS MO. 0 CLEAR (SCALE 0-3) 20
DPTR FM NORMAL 0 PTCLDY (SCALE 4-7) 10
TOTAL FM JUL 1 0 CLOUDY (SCALE 8-10) 1
DPTR FM NORMAL 0
[CDD (BASE 65) ]
TOTAL THIS MO. 550
DPTR FM NORMAL -22 [PRESSURE DATA]
TOTAL FM JAN 1 1390 HIGHEST SLP 30.12 ON 14
DPTR FM NORMAL -155 LOWEST SLP 29.77 ON 4
[REMARKS]
#FINAL-07-21#