000
CXUS55 KGGW 010910
CF6JDN
PRELIMINARY LOCAL CLIMATOLOGICAL DATA (WS FORM: F-6)
STATION: JORDAN ASOS MT
MONTH: JANUARY
YEAR: 2022
LATITUDE: 47 19 N
LONGITUDE: 106 50 W
TEMPERATURE IN F: :PCPN: SNOW: WIND :SUNSHINE: SKY :PK WND
================================================================================
1 2 3 4 5 6A 6B 7 8 9 10 11 12 13 14 15 16 17 18
12Z AVG MX 2MIN
DY MAX MIN AVG DEP HDD CDD WTR SNW DPTH SPD SPD DIR MIN PSBL S-S WX SPD DR
================================================================================
1 4 -34 -15 -33 80 0 0.00 M M 1.9 12 260 M M 0 16 280
2 39 -1 19 1 46 0 0.00 M M 8.5 26 240 M M 0 37 240
3 36 2 19 1 46 0 0.00 M M 2.2 8 90 M M 0 9 90
4 30 -13 9 -9 56 0 0.01 M M 21.4 32 300 M M 0 43 310
5 -6 -22 -14 -32 79 0 0.00 M M 9.1 20 320 M M 0 23 310
6 6 -29 -11 -29 76 0 0.14 M M 7.6 17 160 M M 0 21 160
7 46 6 26 8 39 0 0.00 M M 8.9 25 330 M M 0 33 230
8 30 0 15 -3 50 0 0.02 M M 10.1 23 310 M M 0 28 330
9 29 -6 12 -6 53 0 0.00 M M 2.7 13 270 M M 0 15 260
10 41 3 22 5 43 0 0.00 M M 7.0 20 270 M M 0 30 260
11 45 28 37 20 28 0 0.00 M M 10.2 20 270 M M 0 24 280
12 47 28 38 21 27 0 0.00 M M 7.4 17 300 M M 0 20 280
13 45 34 40 23 25 0 0.00 M M 5.5 32 330 M M 0 40 330
14 39 23 31 14 34 0 0.00 M M 11.0 36 330 M M 0 44 330
15 48 25 37 20 28 0 0.00 M M 6.6 22 350 M M 0 28 350
16 47 34 41 23 24 0 0.00 M M 6.2 13 260 M M 0 17 260
17 52 33 43 25 22 0 0.00 M M 8.0 18 250 M M 0 26 240
18 45 2 24 6 41 0 0.00 M M 20.6 33 340 M M 0 42 340
19 11 -9 1 -17 64 0 0.00 M M 3.5 16 340 M M 0 18 340
20 42 -2 20 2 45 0 0.05 M M 6.6 21 200 M M 0 28 200
21 43 31 37 19 28 0 0.00 M M 13.0 31 310 M M 0 50 300
22 48 31 40 22 25 0 0.00 M M 11.1 21 290 M M 0 30 280
23 49 37 43 25 22 0 0.00 M M 12.3 23 300 M M 0 30 300
24 41 19 30 12 35 0 0.06 M M 9.2 25 330 M M 0 33 330
25 35 4 20 2 45 0 0.01 M M 8.4 21 200 M M 0 30 200
26 43 27 35 17 30 0 0.01 M M 13.8 30 310 M M 0 40 310
27 40 29 35 17 30 0 0.00 M M 10.3 22 310 M M 0 28 310
28 47 28 38 20 27 0 0.00 M M 10.6 18 260 M M 0 22 280
29 48 27 38 20 27 0 0.00 M M 5.4 12 290 M M 0 14 240
30 50 30 40 21 25 0 0.00 M M 6.7 18 270 M M 0 24 270
31 50 12 31 12 34 0 0.00 M M 20.1 43 310 M M 0 61 290
================================================================================
SM 1170 377 1234 0 0.30 M 285.9 M 0
================================================================================
AV 37.7 12.2 9.2 FASTST M M 0 MAX(MPH)
MISC ----> 43 310 61 290
================================================================================
NOTES:
# LAST OF SEVERAL OCCURRENCES
COLUMN 17 PEAK WIND IN M.P.H.
PRELIMINARY LOCAL CLIMATOLOGICAL DATA (WS FORM: F-6) , PAGE 2
STATION: JORDAN ASOS MT
MONTH: JANUARY
YEAR: 2022
LATITUDE: 47 19 N
LONGITUDE: 106 50 W
[TEMPERATURE DATA] [PRECIPITATION DATA] SYMBOLS USED IN COLUMN 16
AVERAGE MONTHLY: 25.0 TOTAL FOR MONTH: 0.30 1 = FOG OR MIST
DPTR FM NORMAL: 7.2 DPTR FM NORMAL: -0.13 2 = FOG REDUCING VISIBILITY
HIGHEST: 52 ON 17 GRTST 24HR 0.14 ON 6- 6 TO 1/4 MILE OR LESS
LOWEST: -34 ON 1 3 = THUNDER
SNOW, ICE PELLETS, HAIL 4 = ICE PELLETS
TOTAL MONTH: M 5 = HAIL
GRTST 24HR M ON M 6 = FREEZING RAIN OR DRIZZLE
GRTST DEPTH: M ON M 7 = DUSTSTORM OR SANDSTORM:
VSBY 1/2 MILE OR LESS
8 = SMOKE OR HAZE
[NO. OF DAYS WITH] [WEATHER - DAYS WITH] 9 = BLOWING SNOW
X = TORNADO
MAX 32 OR BELOW: 7 0.01 INCH OR MORE: 7
MAX 90 OR ABOVE: 0 0.10 INCH OR MORE: 1
MIN 32 OR BELOW: 27 0.50 INCH OR MORE: 0
MIN 0 OR BELOW: 9 1.00 INCH OR MORE: 0
[HDD (BASE 65) ]
TOTAL THIS MO. 1234 CLEAR (SCALE 0-3) 31
DPTR FM NORMAL -229 PTCLDY (SCALE 4-7) 0
TOTAL FM JUL 1 4088 CLOUDY (SCALE 8-10) 0
DPTR FM NORMAL -673
[CDD (BASE 65) ]
TOTAL THIS MO. 0
DPTR FM NORMAL 0 [PRESSURE DATA]
TOTAL FM JAN 1 0 HIGHEST SLP M ON M
DPTR FM NORMAL 0 LOWEST SLP 29.23 ON 7
[REMARKS]
#FINAL-01-22#