000
CXUS53 KLSX 011400
CF6JEF
PRELIMINARY LOCAL CLIMATOLOGICAL DATA (WS FORM: F-6)
STATION: JEFFERSON CITY
MONTH: MARCH
YEAR: 2021
LATITUDE: 38 35 N
LONGITUDE: 92 10 W
TEMPERATURE IN F: :PCPN: SNOW: WIND :SUNSHINE: SKY :PK WND
================================================================================
1 2 3 4 5 6A 6B 7 8 9 10 11 12 13 14 15 16 17 18
12Z AVG MX 2MIN
DY MAX MIN AVG DEP HDD CDD WTR SNW DPTH SPD SPD DIR MIN PSBL S-S WX SPD DR
================================================================================
1 53 28 41 0 24 0 0.00 0.0 0 3.6 13 250 M M 0 19 30
2 60 M M M M M 0.00 0.0 0 5.5 18 210 M M 0 24 250
3 72 32 52 11 13 0 0.00 0.0 0 3.7 15 260 M M 0 20 250
4 70 31 51 9 14 0 0.00 0.0 0 8.3 21 80 M M 0 30 70
5 55 36 46 4 19 0 0.00 0.0 0 7.4 16 120 M M 2 23 80
6 62 30 46 4 19 0 0.00 0.0 0 3.5 10 240 M M 2 15 220
7 69 32 51 9 14 0 0.00 0.0 0 5.5 17 220 M M 1 24 170
8 71 45 58 15 7 0 0.00 0.0 0 7.7 17 250 M M 0 8 25 200
9 75 50 63 20 2 0 0.00 0.0 0 13.2 26 190 M M 0 37 180
10 72 62 67 23 0 2 0.00 0.0 0 14.6 28 200 M M 5 43 200
11 68 45 57 13 8 0 0.74 0.0 0 4.9 26 290 M M 9 13 36 290
12 55 45 50 6 15 0 0.26 0.0 0 7.1 20 70 M M 6 27 80
13 56 46 51 6 14 0 T 0.0 0 8.8 14 100 M M 9 18 20 90
14 56 47 52 7 13 0 M 0.0 0 15.0 31 90 M M 9 46 100
15 56 43 50 5 15 0 M 0.0 0 7.4 21 90 M M 7 13 28 90
16 51 41 46 0 19 0 0.00 0.0 0 6.1 15 100 M M 10 128 21 110
17 52 40 46 0 19 0 1.44 0.0 0 10.8 25 280 M M 10 138 35 270
18 47 36 42 -4 23 0 0.42 0.0 0 12.0 23 340 M M 10 18 33 320
19 57 34 46 -1 19 0 0.00 0.0 0 6.5 15 80 M M 0 23 80
20 65 29 47 0 18 0 0.00 0.0 0 4.7 13 110 M M 0 16 100
21 71 38 55 8 10 0 0.00 0.0 0 10.4 25 150 M M 0 33 160
22 69 50 60 12 5 0 0.00 0.0 0 9.8 21 190 M M 0 27 160
23 66 53 60 12 5 0 0.45 0.0 0 14.6 30 220 M M 8 45 230
24 58 46 52 4 13 0 0.00 0.0 0 11.3 21 240 M M 7 28 230
25 51 45 48 -1 17 0 0.17 0.0 0 7.1 18 110 M M 6 18 27 90
26 63 46 55 6 10 0 0.00 0.0 0 5.1 13 130 M M 5 19 300
27 77 46 62 12 3 0 0.00 0.0 0 11.0 23 310 M M 2 36 340
28 57 39 48 -2 17 0 0.00 0.0 0 11.6 25 290 M M 2 37 290
29 74 38 56 6 9 0 0.00 0.0 0 12.8 25 170 M M 0 37 170
30 71 51 61 10 4 0 T 0.0 0 11.4 22 250 M M 5 31 220
31 60 33 47 -4 18 0 0.00 0.0 0 10.2 28 290 M M 1 38 290
================================================================================
SM 1939 1237 386 2 3.48 0.0 271.6 M 116
================================================================================
AV 62.5 41.2 8.8 FASTST M M 4 MAX(MPH)
MISC ----> 31 90 46 100
================================================================================
NOTES:
# LAST OF SEVERAL OCCURRENCES
COLUMN 17 PEAK WIND IN M.P.H.
PRELIMINARY LOCAL CLIMATOLOGICAL DATA (WS FORM: F-6) , PAGE 2
STATION: JEFFERSON CITY
MONTH: MARCH
YEAR: 2021
LATITUDE: 38 35 N
LONGITUDE: 92 10 W
[TEMPERATURE DATA] [PRECIPITATION DATA] SYMBOLS USED IN COLUMN 16
AVERAGE MONTHLY: 51.9 TOTAL FOR MONTH: 3.48 1 = FOG OR MIST
DPTR FM NORMAL: 6.2 DPTR FM NORMAL: 0.42 2 = FOG REDUCING VISIBILITY
HIGHEST: 77 ON 27 GRTST 24HR 1.45 ON 17-18 TO 1/4 MILE OR LESS
LOWEST: 28 ON 1 3 = THUNDER
SNOW, ICE PELLETS, HAIL 4 = ICE PELLETS
TOTAL MONTH: 0.0 INCH 5 = HAIL
GRTST 24HR 0.0 6 = FREEZING RAIN OR DRIZZLE
GRTST DEPTH: 0 7 = DUSTSTORM OR SANDSTORM:
VSBY 1/2 MILE OR LESS
8 = SMOKE OR HAZE
[NO. OF DAYS WITH] [WEATHER - DAYS WITH] 9 = BLOWING SNOW
X = TORNADO
MAX 32 OR BELOW: 0 0.01 INCH OR MORE: 6
MAX 90 OR ABOVE: 0 0.10 INCH OR MORE: 6
MIN 32 OR BELOW: 6 0.50 INCH OR MORE: 2
MIN 0 OR BELOW: 0 1.00 INCH OR MORE: 1
[HDD (BASE 65) ]
TOTAL THIS MO. 386 CLEAR (SCALE 0-3) 17
DPTR FM NORMAL -216 PTCLDY (SCALE 4-7) 7
TOTAL FM JUL 1 4032 CLOUDY (SCALE 8-10) 7
DPTR FM NORMAL -229
[CDD (BASE 65) ]
TOTAL THIS MO. 2
DPTR FM NORMAL -2 [PRESSURE DATA]
TOTAL FM JAN 1 2 HIGHEST SLP 30.46 ON 31
DPTR FM NORMAL -2 LOWEST SLP 29.44 ON 23
[REMARKS]
#FINAL-03-21#