000
CXUS51 KCTP 010900
CF6JST
PRELIMINARY LOCAL CLIMATOLOGICAL DATA (WS FORM: F-6)
STATION: JOHNSTOWN
MONTH: DECEMBER
YEAR: 2022
LATITUDE: 40 18 N
LONGITUDE: 78 50 W
TEMPERATURE IN F: :PCPN: SNOW: WIND :SUNSHINE: SKY :PK WND
================================================================================
1 2 3 4 5 6A 6B 7 8 9 10 11 12 13 14 15 16 17 18
12Z AVG MX 2MIN
DY MAX MIN AVG DEP HDD CDD WTR SNW DPTH SPD SPD DIR MIN PSBL S-S WX SPD DR
================================================================================
1 28 21 25 -10 40 0 T M M 12.7 26 280 M M 5 39 260
2 46 22 34 -1 31 0 T M M 8.6 16 140 M M 6 22 150
3 53 29 41 7 24 0 0.48 M M 15.1 31 260 M M 8 1 44 270
4 33 23 28 -6 37 0 0.00 M M 9.2 20 270 M M 2 27 270
5 44 26 35 1 30 0 0.00 M M 8.6 15 160 M M 0 21 140
6 51 33 42 8 23 0 0.11 0.0 0 7.9 14 140 M M 10 12 19 160
7 62 46 54 21 11 0 0.07 0.0 0 10.0 20 270 M M 9 12 26 260
8 46 35 41 8 24 0 0.00 0.0 0 6.6 17 310 M M 9 21 310
9 39 28 34 1 31 0 0.00 0.0 0 6.3 10 100 M M 0 15 110
10 33 28 31 -1 34 0 0.03 0.0 0 7.2 14 140 M M 8 1 20 140
11 37 31 34 2 31 0 0.05 M M 10.5 20 300 M M 10 126 24 300
12 32 28 30 -2 35 0 T M M 8.3 18 310 M M 10 1 25 310
13 37 21 29 -3 36 0 0.00 M M 2.8 7 60 M M 3 10 70
14 36 19 28 -4 37 0 0.00 M M 4.2 10 130 M M 2 16 130
15 34 27 31 0 34 0 0.67 M M 10.6 23 140 M M 10 146 35 140
16 36 30 33 2 32 0 0.02 M M 6.9 18 290 M M 9 12 23 290
17 32 25 29 -2 36 0 0.01 M M 10.7 20 260 M M 10 18 28 260
18 25 21 23 -8 42 0 T M M 12.6 22 260 M M 10 18 29 270
19 22 19 21 -9 44 0 T M M 12.2 22 280 M M 10 18 29 260
20 29 20 25 -5 40 0 0.00 M M 3.1 12 310 M M 6 14 320
21 41 20 31 1 34 0 0.00 M M 4.8 13 150 M M 0 17 140
22 35 28 32 2 33 0 0.74 M M 9.4 17 150 M M 8 126 25 150
23 37 -8 15 -15 50 0 0.11 M M 25.6 39 270 M M 10 1289 60 260
24 7 -8 0 -29 65 0 T M M 23.0 38 270 M M 10 18 55 250
25 12 7 10 -19 55 0 T M M 18.1 26 270 M M 10 18 37 270
26 19 8 14 -15 51 0 T M M 10.5 25 260 M M 8 18 35 260
27 28 18 23 -6 42 0 0.00 M M 9.1 16 270 M M 10 1 21 280
28 41 26 34 6 31 0 0.00 M M 9.1 15 230 M M 0 20 230
29 53 34 44 16 21 0 0.00 M M 8.4 15 230 M M 3 20 200
30 61 47 54 26 11 0 T M M 7.4 12 160 M M 7 22 230
31 53 47 50 22 15 0 0.11 M M 8.8 18 280 M M 7 12 27 270
================================================================================
SM 1142 751 1060 0 2.40 0.0 308.3 M 210
================================================================================
AV 36.8 24.2 9.9 FASTST M M 7 MAX(MPH)
MISC ----> 39 270 60 260
================================================================================
NOTES:
# LAST OF SEVERAL OCCURRENCES
COLUMN 17 PEAK WIND IN M.P.H.
PRELIMINARY LOCAL CLIMATOLOGICAL DATA (WS FORM: F-6) , PAGE 2
STATION: JOHNSTOWN
MONTH: DECEMBER
YEAR: 2022
LATITUDE: 40 18 N
LONGITUDE: 78 50 W
[TEMPERATURE DATA] [PRECIPITATION DATA] SYMBOLS USED IN COLUMN 16
AVERAGE MONTHLY: 30.5 TOTAL FOR MONTH: 2.40 1 = FOG OR MIST
DPTR FM NORMAL: -0.7 DPTR FM NORMAL: -0.28 2 = FOG REDUCING VISIBILITY
HIGHEST: 62 ON 7 GRTST 24HR 0.82 ON 22-23 TO 1/4 MILE OR LESS
LOWEST: -8 ON 24,23 3 = THUNDER
SNOW, ICE PELLETS, HAIL 4 = ICE PELLETS
TOTAL MONTH: 0.0 INCH 5 = HAIL
GRTST 24HR 0.0 6 = FREEZING RAIN OR DRIZZLE
GRTST DEPTH: 0 7 = DUSTSTORM OR SANDSTORM:
VSBY 1/2 MILE OR LESS
8 = SMOKE OR HAZE
[NO. OF DAYS WITH] [WEATHER - DAYS WITH] 9 = BLOWING SNOW
X = TORNADO
MAX 32 OR BELOW: 10 0.01 INCH OR MORE: 11
MAX 90 OR ABOVE: 0 0.10 INCH OR MORE: 6
MIN 32 OR BELOW: 25 0.50 INCH OR MORE: 2
MIN 0 OR BELOW: 2 1.00 INCH OR MORE: 0
[HDD (BASE 65) ]
TOTAL THIS MO. 1060 CLEAR (SCALE 0-3) 7
DPTR FM NORMAL 12 PTCLDY (SCALE 4-7) 8
TOTAL FM JUL 1 2363 CLOUDY (SCALE 8-10) 16
DPTR FM NORMAL -55
[CDD (BASE 65) ]
TOTAL THIS MO. 0
DPTR FM NORMAL 0 [PRESSURE DATA]
TOTAL FM JAN 1 544 HIGHEST SLP 30.50 ON 1
DPTR FM NORMAL 64 LOWEST SLP 29.11 ON 23
[REMARKS]
#FINAL-12-22#