664
CXUS51 KCTP 010800
CF6JST
PRELIMINARY LOCAL CLIMATOLOGICAL DATA (WS FORM: F-6)
STATION: JOHNSTOWN
MONTH: MARCH
YEAR: 2021
LATITUDE: 40 18 N
LONGITUDE: 78 50 W
TEMPERATURE IN F: :PCPN: SNOW: WIND :SUNSHINE: SKY :PK WND
================================================================================
1 2 3 4 5 6A 6B 7 8 9 10 11 12 13 14 15 16 17 18
12Z AVG MX 2MIN
DY MAX MIN AVG DEP HDD CDD WTR SNW DPTH SPD SPD DIR MIN PSBL S-S WX SPD DR
================================================================================
1 50 23 37 7 28 0 0.31 M M 19.6 35 300 M M 10 12 46 290
2 33 15 24 -7 41 0 0.00 M M 12.2 26 300 M M 2 36 310
3 48 27 38 7 27 0 0.00 M M 12.6 21 290 M M 1 29 260
4 37 18 28 -3 37 0 T M M 16.9 30 300 M M 8 18 36 320
5 28 13 21 -11 44 0 T M M 17.3 25 290 M M 6 32 310
6 30 18 24 -8 41 0 T M M 14.6 24 290 M M 6 33 310
7 34 15 25 -7 40 0 0.00 M M 8.0 18 300 M M 0 22 270
8 48 17 33 0 32 0 0.00 M M 8.3 14 220 M M 2 19 230
9 60 43 52 19 13 0 0.00 M M 10.2 22 300 M M 4 27 310
10 64 40 52 19 13 0 0.00 M M 9.2 21 170 M M 0 25 170
11 66 51 59 25 6 0 0.27 M M 12.8 25 260 M M 7 1 34 280
12 54 39 47 13 18 0 0.09 M M 14.7 24 290 M M 3 12 36 310
13 45 25 35 1 30 0 0.00 M M 11.2 26 300 M M 0 32 300
14 49 25 37 2 28 0 0.00 M M 18.8 36 310 M M 0 48 290
15 40 16 28 -7 37 0 0.00 M M 7.3 23 330 M M 1 30 320
16 42 30 36 1 29 0 0.02 M M 8.5 17 170 M M 9 146 22 160
17 60 34 47 11 18 0 0.00 M M 6.9 13 170 M M 5 12 17 180
18 45 33 39 3 26 0 1.15 M M 9.2 26 50 M M 10 1 37 50
19 42 24 33 -4 32 0 0.00 M M 11.7 22 40 M M 1 32 40
20 53 24 39 2 26 0 0.00 M M 5.6 12 70 M M 0 16 100
21 59 36 48 11 17 0 0.00 M M 7.2 14 160 M M 0 20 150
22 60 39 50 12 15 0 0.00 M M 6.3 12 160 M M 0 17 130
23 59 41 50 12 15 0 0.00 M M 10.6 22 170 M M 2 26 170
24 64 48 56 17 9 0 0.09 M M 7.6 15 150 M M 7 1 21 150
25 70 47 59 20 6 0 0.01 M M 9.5 21 170 M M 4 1 27 180
26 61 43 52 13 13 0 0.09 M M 16.7 40 240 M M 6 1 62 230
27 65 41 53 13 12 0 0.00 M M 7.1 15 190 M M 2 19 190
28 59 33 46 6 19 0 0.33 M M 15.6 33 260 M M 8 1 46 250
29 46 31 39 -1 26 0 0.01 M M 11.5 25 280 M M 5 35 290
30 67 38 53 12 12 0 0.00 M M 11.8 23 160 M M 0 29 150
31 55 33 44 3 21 0 0.45 M M 10.3 21 330 M M 8 12 26 290
================================================================================
SM 1593 960 731 0 2.82 M 349.8 M 117
================================================================================
AV 51.4 31.0 11.3 FASTST M M 4 MAX(MPH)
MISC ----> 40 240 62 230
================================================================================
NOTES:
# LAST OF SEVERAL OCCURRENCES
COLUMN 17 PEAK WIND IN M.P.H.
PRELIMINARY LOCAL CLIMATOLOGICAL DATA (WS FORM: F-6) , PAGE 2
STATION: JOHNSTOWN
MONTH: MARCH
YEAR: 2021
LATITUDE: 40 18 N
LONGITUDE: 78 50 W
[TEMPERATURE DATA] [PRECIPITATION DATA] SYMBOLS USED IN COLUMN 16
AVERAGE MONTHLY: 41.2 TOTAL FOR MONTH: 2.82 1 = FOG OR MIST
DPTR FM NORMAL: 5.7 DPTR FM NORMAL: -0.47 2 = FOG REDUCING VISIBILITY
HIGHEST: 70 ON 25 GRTST 24HR 1.15 ON 18-18 TO 1/4 MILE OR LESS
LOWEST: 13 ON 5 3 = THUNDER
SNOW, ICE PELLETS, HAIL 4 = ICE PELLETS
TOTAL MONTH: M 5 = HAIL
GRTST 24HR M ON M 6 = FREEZING RAIN OR DRIZZLE
GRTST DEPTH: M ON M 7 = DUSTSTORM OR SANDSTORM:
VSBY 1/2 MILE OR LESS
8 = SMOKE OR HAZE
[NO. OF DAYS WITH] [WEATHER - DAYS WITH] 9 = BLOWING SNOW
X = TORNADO
MAX 32 OR BELOW: 2 0.01 INCH OR MORE: 11
MAX 90 OR ABOVE: 0 0.10 INCH OR MORE: 5
MIN 32 OR BELOW: 15 0.50 INCH OR MORE: 1
MIN 0 OR BELOW: 0 1.00 INCH OR MORE: 1
[HDD (BASE 65) ]
TOTAL THIS MO. 731 CLEAR (SCALE 0-3) 15
DPTR FM NORMAL -182 PTCLDY (SCALE 4-7) 13
TOTAL FM JUL 1 5170 CLOUDY (SCALE 8-10) 3
DPTR FM NORMAL -626
[CDD (BASE 65) ]
TOTAL THIS MO. 0
DPTR FM NORMAL 0 [PRESSURE DATA]
TOTAL FM JAN 1 0 HIGHEST SLP 30.60 ON 20
DPTR FM NORMAL 0 LOWEST SLP 29.49 ON 28
[REMARKS]
#FINAL-03-21#