000
CXUS51 KCTP 010900
CF6JST
PRELIMINARY LOCAL CLIMATOLOGICAL DATA (WS FORM: F-6)
STATION: JOHNSTOWN
MONTH: JANUARY
YEAR: 2021
LATITUDE: 40 18 N
LONGITUDE: 78 50 W
TEMPERATURE IN F: :PCPN: SNOW: WIND :SUNSHINE: SKY :PK WND
================================================================================
1 2 3 4 5 6A 6B 7 8 9 10 11 12 13 14 15 16 17 18
12Z AVG MX 2MIN
DY MAX MIN AVG DEP HDD CDD WTR SNW DPTH SPD SPD DIR MIN PSBL S-S WX SPD DR
================================================================================
1 34 24 29 3 36 0 0.06 M M 10.0 25 170 M M 9 16 35 140
2 43 32 38 12 27 0 0.40 M M 12.5 35 280 M M 10 128 47 260
3 35 31 33 7 32 0 0.12 M M 8.7 16 310 M M 9 12 21 280
4 33 30 32 6 33 0 0.03 M M 4.3 12 310 M M 10 126 14 320
5 31 29 30 4 35 0 T M M 6.0 13 310 M M 10 12 17 310
6 30 27 29 3 36 0 T M M 12.9 21 330 M M 10 1 26 350
7 30 22 26 0 39 0 0.00 M M 8.3 17 310 M M 8 22 320
8 31 20 26 0 39 0 0.00 M M 5.7 12 330 M M 4 1 15 340
9 30 16 23 -2 42 0 0.00 M M 9.5 20 300 M M 4 1 23 300
10 34 22 28 3 37 0 0.00 M M 6.6 17 300 M M 2 21 310
11 36 23 30 5 35 0 0.00 M M 9.4 18 260 M M 5 25 240
12 33 24 29 4 36 0 0.00 M M 12.3 21 270 M M 5 25 260
13 40 22 31 6 34 0 0.00 M M 10.8 18 250 M M 6 18 23 270
14 42 33 38 13 27 0 T M M 6.9 14 250 M M 5 8 18 130
15 38 27 33 8 32 0 0.06 M M 11.5 29 140 M M 6 128 38 150
16 30 24 27 2 38 0 0.02 M M 9.0 21 260 M M 8 128 28 250
17 31 26 29 4 36 0 T M M 13.1 23 270 M M 10 18 33 290
18 29 25 27 2 38 0 T M M 12.9 26 260 M M 10 18 36 260
19 33 25 29 4 36 0 T M M 13.0 25 250 M M 8 18 35 270
20 31 18 25 0 40 0 T M M 15.7 25 300 M M 10 18 41 310
21 37 18 28 3 37 0 0.00 M M 15.6 26 250 M M 2 37 240
22 34 21 28 3 37 0 T M M 17.4 26 300 M M 10 18 37 290
23 21 13 17 -8 48 0 T M M 16.7 28 300 M M 9 189 36 320
24 27 13 20 -5 45 0 T M M 3.7 16 330 M M 8 18 20 340
25 30 24 27 2 38 0 T M M 4.1 12 90 M M 10 16 15 90
26 38 25 32 7 33 0 0.09 M M 12.7 22 270 M M 10 126 29 260
27 33 19 26 1 39 0 T M M 11.9 30 300 M M 9 18 36 300
28 19 13 16 -9 49 0 T M M 19.1 30 310 M M 10 18 37 310
29 20 13 17 -8 48 0 T M M 17.1 26 300 M M 10 8 33 310
30 27 16 22 -3 43 0 T M M 6.4 17 300 M M 6 24 300
31 26 22 24 -1 41 0 T M M 10.1 20 130 M M 10 128 30 140
================================================================================
SM 986 697 1166 0 0.78 M 333.9 M 243
================================================================================
AV 31.8 22.5 10.8 FASTST M M 8 MAX(MPH)
MISC ----> 35 280 47 260
================================================================================
NOTES:
# LAST OF SEVERAL OCCURRENCES
COLUMN 17 PEAK WIND IN M.P.H.
PRELIMINARY LOCAL CLIMATOLOGICAL DATA (WS FORM: F-6) , PAGE 2
STATION: JOHNSTOWN
MONTH: JANUARY
YEAR: 2021
LATITUDE: 40 18 N
LONGITUDE: 78 50 W
[TEMPERATURE DATA] [PRECIPITATION DATA] SYMBOLS USED IN COLUMN 16
AVERAGE MONTHLY: 27.1 TOTAL FOR MONTH: 0.78 1 = FOG OR MIST
DPTR FM NORMAL: 1.9 DPTR FM NORMAL: -2.10 2 = FOG REDUCING VISIBILITY
HIGHEST: 43 ON 2 GRTST 24HR 0.69 ON 1- 1 TO 1/4 MILE OR LESS
LOWEST: 13 ON 29,28 3 = THUNDER
SNOW, ICE PELLETS, HAIL 4 = ICE PELLETS
TOTAL MONTH: M 5 = HAIL
GRTST 24HR M ON M 6 = FREEZING RAIN OR DRIZZLE
GRTST DEPTH: M ON M 7 = DUSTSTORM OR SANDSTORM:
VSBY 1/2 MILE OR LESS
8 = SMOKE OR HAZE
[NO. OF DAYS WITH] [WEATHER - DAYS WITH] 9 = BLOWING SNOW
X = TORNADO
MAX 32 OR BELOW: 16 0.01 INCH OR MORE: 7
MAX 90 OR ABOVE: 0 0.10 INCH OR MORE: 2
MIN 32 OR BELOW: 30 0.50 INCH OR MORE: 0
MIN 0 OR BELOW: 0 1.00 INCH OR MORE: 0
[HDD (BASE 65) ]
TOTAL THIS MO. 1166 CLEAR (SCALE 0-3) 2
DPTR FM NORMAL -66 PTCLDY (SCALE 4-7) 11
TOTAL FM JUL 1 3341 CLOUDY (SCALE 8-10) 18
DPTR FM NORMAL -482
[CDD (BASE 65) ]
TOTAL THIS MO. 0
DPTR FM NORMAL 0 [PRESSURE DATA]
TOTAL FM JAN 1 0 HIGHEST SLP 30.44 ON 1
DPTR FM NORMAL 0 LOWEST SLP 29.49 ON 16
[REMARKS]
#FINAL-01-21#