000
CXUS54 KFWD 010842
CF6JWY
PRELIMINARY LOCAL CLIMATOLOGICAL DATA (WS FORM: F-6)
STATION: WAXAHACHIE
MONTH: FEBRUARY
YEAR: 2024
LATITUDE: 32 27 N
LONGITUDE: 96 54 W
TEMPERATURE IN F: :PCPN: SNOW: WIND :SUNSHINE: SKY :PK WND
================================================================================
1 2 3 4 5 6A 6B 7 8 9 10 11 12 13 14 15 16 17 18
12Z AVG MX 2MIN
DY MAX MIN AVG DEP HDD CDD WTR SNW DPTH SPD SPD DIR MIN PSBL S-S WX SPD DR
================================================================================
1 M M M M M M M M M M M M M M M M M
2 M M M M M M M M M M M M M M M M M
3 M M M M M M M M M M M M M M M M M
4 M M M M M M M M M M M M M M M M M
5 M M M M M M M M M M M M M M M M M
6 M M M M M M M M M M M M M M M M M
7 M M M M M M M M M M M M M M M M M
8 M M M M M M M M M M M M M M M M M
9 73 58 66 19 0 1 0.00 M M 3.5 10 230 M M 3 M M
10 61 52 57 10 8 0 0.56 M M 4.1 12 310 M M 10 1 16 80
11 53 40 47 0 18 0 0.55 M M 10.9 16 340 M M 10 1 32 50
12 55 36 46 -1 19 0 0.00 M M 11.9 22 320 M M 4 28 310
13 62 32 47 -1 18 0 0.00 M M 3.1 10 210 M M 3 16 220
14 65 40 53 5 12 0 0.00 M M 7.5 15 180 M M 4 20 190
15 68 52 60 12 5 0 0.00 M M 6.8 12 190 M M 2 20 190
16 71 42 57 9 8 0 0.00 M M 13.1 20 340 M M 1 29 350
17 45 34 40 -8 25 0 0.00 M M 14.4 20 10 M M 4 29 10
18 52 25 39 -9 26 0 0.00 M M 3.5 9 340 M M 2 M M
19 66 33 50 1 15 0 0.00 M M 7.0 20 190 M M 1 25 190
20 79 46 63 14 2 0 0.00 M M 7.0 18 180 M M 2 23 180
21 77 57 67 18 0 2 0.00 M M 13.1 22 180 M M 3 1 28 180
22 83 61 72 23 0 7 0.00 M M 12.2 20 190 M M 3 25 190
23 72 49 61 11 4 0 0.00 M M 8.4 14 360 M M 5 21 350
24 77 48 63 13 2 0 0.00 M M 5.2 10 200 M M 5 16 210
25 82 51 67 17 0 2 0.00 M M 11.5 20 200 M M 1 26 230
26 87 60 74 24 0 9 0.00 M M 11.3 17 200 M M 1 25 190
27 76 66 71 20 0 6 0.00 M M 14.1 20 210 M M 4 8 25 190
28 71 40 56 5 9 0 0.00 M M 13.8 25 350 M M 1 35 350
29 54 41 48 -3 17 0 0.02 M M 4.3 9 360 M M 9 18 50
================================================================================
SM 1429 963 188 27 1.13 M 186.6 M 78
================================================================================
AV 68.0 45.9 8.9 FASTST M M 4 MAX(MPH)
MISC ----> 25 350 35 350
================================================================================
NOTES:
# LAST OF SEVERAL OCCURRENCES
COLUMN 17 PEAK WIND IN M.P.H.
PRELIMINARY LOCAL CLIMATOLOGICAL DATA (WS FORM: F-6) , PAGE 2
STATION: WAXAHACHIE
MONTH: FEBRUARY
YEAR: 2024
LATITUDE: 32 27 N
LONGITUDE: 96 54 W
[TEMPERATURE DATA] [PRECIPITATION DATA] SYMBOLS USED IN COLUMN 16
AVERAGE MONTHLY: 57.0 TOTAL FOR MONTH: 1.13 1 = FOG OR MIST
DPTR FM NORMAL: 9.0 DPTR FM NORMAL: -1.80 2 = FOG REDUCING VISIBILITY
HIGHEST: 87 ON 26 GRTST 24HR 0.56 ON 10-10 TO 1/4 MILE OR LESS
LOWEST: 25 ON 18 3 = THUNDER
SNOW, ICE PELLETS, HAIL 4 = ICE PELLETS
TOTAL MONTH: M 5 = HAIL
GRTST 24HR M ON M 6 = FREEZING RAIN OR DRIZZLE
GRTST DEPTH: M ON M 7 = DUSTSTORM OR SANDSTORM:
VSBY 1/2 MILE OR LESS
8 = SMOKE OR HAZE
[NO. OF DAYS WITH] [WEATHER - DAYS WITH] 9 = BLOWING SNOW
X = TORNADO
MAX 32 OR BELOW: 0 0.01 INCH OR MORE: 3
MAX 90 OR ABOVE: 0 0.10 INCH OR MORE: 2
MIN 32 OR BELOW: 2 0.50 INCH OR MORE: 2
MIN 0 OR BELOW: 0 1.00 INCH OR MORE: 0
[HDD (BASE 65) ]
TOTAL THIS MO. 188 CLEAR (SCALE 0-3) 10
DPTR FM NORMAL -290 PTCLDY (SCALE 4-7) 8
TOTAL FM JUL 1 1509 CLOUDY (SCALE 8-10) 11
DPTR FM NORMAL -620
[CDD (BASE 65) ]
TOTAL THIS MO. 27
DPTR FM NORMAL 25 [PRESSURE DATA]
TOTAL FM JAN 1 27 HIGHEST SLP M ON M
DPTR FM NORMAL 24 LOWEST SLP M ON M
[REMARKS]
#FINAL-02-24#