000
CXUS54 KFWD 010831
CF6JWY
PRELIMINARY LOCAL CLIMATOLOGICAL DATA (WS FORM: F-6)
STATION: WAXAHACHIE
MONTH: NOVEMBER
YEAR: 2021
LATITUDE: 32 27 N
LONGITUDE: 96 54 W
TEMPERATURE IN F: :PCPN: SNOW: WIND :SUNSHINE: SKY :PK WND
================================================================================
1 2 3 4 5 6A 6B 7 8 9 10 11 12 13 14 15 16 17 18
12Z AVG MX 2MIN
DY MAX MIN AVG DEP HDD CDD WTR SNW DPTH SPD SPD DIR MIN PSBL S-S WX SPD DR
================================================================================
1 M M M M M M 0.00 M M 0.4 4 50 M M 0 M M
2 M M M M M M M M M M M M M M M M M
3 M M M M M M M M M M M M M M M M M
4 M M M M M M M M M M M M M M M M M
5 M M M M M M M M M M M M M M M M M
6 M M M M M M M M M M M M M M M M M
7 M M M M M M M M M M M M M M M M M
8 M M M M M M M M M M M M M M M M M
9 75 60 68 10 0 3 0.00 M M 4.2 10 190 M M 5 18 190
10 78 58 68 10 0 3 0.29 M M 9.2 22 200 M M 8 1 29 200
11 68 45 57 0 8 0 M M M 8.1 14 350 M M 0 23 330
12 69 44 57 0 8 0 0.00 M M 7.4 18 360 M M 0 24 360
13 66 34 50 -6 15 0 0.00 M M 2.7 7 190 M M 0 M M
14 71 40 56 0 9 0 0.00 M M 2.0 8 190 M M 0 M M
15 81 45 63 7 2 0 0.00 M M 4.1 12 190 M M 1 16 200
16 80 60 70 15 0 5 0.00 M M 12.2 21 190 M M 1 31 200
17 83 55 69 14 0 4 0.00 M M 13.3 17 200 M M 0 25 180
18 61 42 52 -2 13 0 0.00 M M 10.9 17 20 M M 0 27 20
19 62 32 47 -7 18 0 0.00 M M 3.0 7 170 M M 0 M M
20 72 43 58 5 7 0 0.00 M M 8.9 20 200 M M 0 25 200
21 71 51 61 8 4 0 0.00 M M 9.6 18 340 M M 1 1 25 330
22 66 42 54 1 11 0 0.00 M M 4.6 9 340 M M 1 M M
23 70 40 55 3 10 0 0.00 M M 6.4 17 190 M M 1 23 190
24 58 50 54 2 11 0 0.00 M M 6.0 12 170 M M 1 16 170
25 M M M M M M M M M M M M M M M M M
26 M M M M M M M M M M M M M M M M M
27 M M M M M M M M M M M M M M M M M
28 M M M M M M M M M M M M M M M M M
29 M M M M M M M M M M M M M M M M M
30 76 54 65 15 0 0 0.00 M M 7.7 12 170 M M 1 20 210
================================================================================
SM 1207 795 116 15 0.29 M 120.6 M 20
================================================================================
AV 71.0 46.8 6.7 FASTST M M 1 MAX(MPH)
MISC ----> 22 200 31 200
================================================================================
NOTES:
# LAST OF SEVERAL OCCURRENCES
COLUMN 17 PEAK WIND IN M.P.H.
PRELIMINARY LOCAL CLIMATOLOGICAL DATA (WS FORM: F-6) , PAGE 2
STATION: WAXAHACHIE
MONTH: NOVEMBER
YEAR: 2021
LATITUDE: 32 27 N
LONGITUDE: 96 54 W
[TEMPERATURE DATA] [PRECIPITATION DATA] SYMBOLS USED IN COLUMN 16
AVERAGE MONTHLY: 58.9 TOTAL FOR MONTH: 0.29 1 = FOG OR MIST
DPTR FM NORMAL: 3.6 DPTR FM NORMAL: -2.74 2 = FOG REDUCING VISIBILITY
HIGHEST: 83 ON 17 GRTST 24HR 0.29 ON 10-10 TO 1/4 MILE OR LESS
LOWEST: 32 ON 19 3 = THUNDER
SNOW, ICE PELLETS, HAIL 4 = ICE PELLETS
TOTAL MONTH: M 5 = HAIL
GRTST 24HR M ON M 6 = FREEZING RAIN OR DRIZZLE
GRTST DEPTH: M ON M 7 = DUSTSTORM OR SANDSTORM:
VSBY 1/2 MILE OR LESS
8 = SMOKE OR HAZE
[NO. OF DAYS WITH] [WEATHER - DAYS WITH] 9 = BLOWING SNOW
X = TORNADO
MAX 32 OR BELOW: 0 0.01 INCH OR MORE: 1
MAX 90 OR ABOVE: 0 0.10 INCH OR MORE: 1
MIN 32 OR BELOW: 1 0.50 INCH OR MORE: 0
MIN 0 OR BELOW: 0 1.00 INCH OR MORE: 0
[HDD (BASE 65) ]
TOTAL THIS MO. 116 CLEAR (SCALE 0-3) 16
DPTR FM NORMAL -194 PTCLDY (SCALE 4-7) 1
TOTAL FM JUL 1 147 CLOUDY (SCALE 8-10) 13
DPTR FM NORMAL -251
[CDD (BASE 65) ]
TOTAL THIS MO. 15
DPTR FM NORMAL -3 [PRESSURE DATA]
TOTAL FM JAN 1 2446 HIGHEST SLP M ON M
DPTR FM NORMAL 15 LOWEST SLP M ON M
[REMARKS]
#FINAL-11-21#