000
CXUS55 KCYS 011018
CF6LAR
PRELIMINARY LOCAL CLIMATOLOGICAL DATA (WS FORM: F-6) ...CORRECTED...
STATION: LARAMIE WYOMING AIRPORT
MONTH: APRIL
YEAR: 2020
LATITUDE: 41 18 N
LONGITUDE: 105 40 W
TEMPERATURE IN F: :PCPN: SNOW: WIND :SUNSHINE: SKY :PK WND
================================================================================
1 2 3 4 5 6A 6B 7 8 9 10 11 12 13 14 15 16 17 18
12Z AVG MX 2MIN
DY MAX MIN AVG DEP HDD CDD WTR SNW DPTH SPD SPD DIR MIN PSBL S-S WX SPD DR
================================================================================
1 54 28 41 7 24 0 T M M 10.3 25 90 M M 7 32 90
2 33 5 19 -15 46 0 0.02 M M 11.5 32 150 M M 7 18 43 150
3 37 0 19 -16 46 0 0.00 M M 7.3 21 140 M M 4 28 140
4 52 14 33 -2 32 0 0.00 M M 11.7 30 260 M M 2 43 260
5 59 21 40 5 25 0 0.00 M M 12.3 29 230 M M 3 36 240
6 61 26 44 9 21 0 0.00 M M 16.4 35 250 M M 0 48 220
7 59 22 41 5 24 0 0.00 M M 18.4 38 260 M M 0 57 260
8 60 27 44 8 21 0 0.00 M M 13.7 29 300 M M 1 40 280
9 56 23 40 4 25 0 0.00 M M 13.2 29 150 M M 0 8 37 140
10 63 25 44 8 21 0 0.00 M M 15.7 26 260 M M 2 36 300
11 55 17 36 0 29 0 0.03 M M 17.4 36 270 M M 5 18 47 270
12 21 11 16 -21 49 0 0.06 M M 8.4 16 60 M M 10 18 22 20
13 21 6 14 -23 51 0 0.01 M M 6.9 21 330 M M 9 8 25 330
14 34 2 18 -19 47 0 T M M 15.8 31 260 M M 5 8 46 260
15 33 21 27 -11 38 0 0.18 M M 11.5 22 290 M M 10 12 27 290
16 23 -2 11 -27 54 0 0.07 M M 8.7 21 70 M M 10 128 25 70
17 37 -11 13 -25 52 0 0.00 M M 12.0 24 250 M M 2 128 30 250
18 47 22 35 -3 30 0 0.00 M M 6.6 20 240 M M 3 23 240
19 50 20 35 -4 30 0 0.01 M M 12.3 35 290 M M 3 1 43 290
20 54 21 38 -1 27 0 0.00 M M 9.5 23 320 M M 2 33 280
21 60 26 43 4 22 0 0.00 M M 7.0 15 320 M M 2 20 310
22 60 25 43 3 22 0 T M M 8.7 30 260 M M 1 48 250
23 56 33 45 5 20 0 0.13 M M 15.7 43 280 M M 6 13 65 300
24 49 30 40 0 25 0 0.13 M M 14.7 28 270 M M 8 1 36 350
25 57 26 42 1 23 0 0.00 M M 7.2 24 290 M M 5 35 290
26 61 36 49 8 16 0 0.00 M M 18.4 33 240 M M 3 45 240
27 69 32 51 10 14 0 T M M 17.5 40 270 M M 4 53 270
28 61 32 47 5 18 0 0.00 M M 18.6 38 300 M M 2 49 300
29 68 22 45 3 20 0 0.00 M M 7.2 15 150 M M 0 21 330
30 76 37 57 15 8 0 T M M 15.1 46 270 M M 1 61 270
================================================================================
SM 1526 597 880 0 0.64 M 369.7 M 117
================================================================================
AV 50.9 19.9 12.3 FASTST M M 4 MAX(MPH)
MISC ----> # 46 270 # 65 300
================================================================================
NOTES:
# LAST OF SEVERAL OCCURRENCES
COLUMN 17 PEAK WIND IN M.P.H.
PRELIMINARY LOCAL CLIMATOLOGICAL DATA (WS FORM: F-6) , PAGE 2
STATION: LARAMIE WYOMING AIRPORT
MONTH: APRIL
YEAR: 2020
LATITUDE: 41 18 N
LONGITUDE: 105 40 W
[TEMPERATURE DATA] [PRECIPITATION DATA] SYMBOLS USED IN COLUMN 16
AVERAGE MONTHLY: 35.4 TOTAL FOR MONTH: 0.64 1 = FOG OR MIST
DPTR FM NORMAL: -2.5 DPTR FM NORMAL: -0.43 2 = FOG REDUCING VISIBILITY
HIGHEST: 76 ON 30 GRTST 24HR 0.18 ON 15-15 TO 1/4 MILE OR LESS
LOWEST: -11 ON 17 3 = THUNDER
SNOW, ICE PELLETS, HAIL 4 = ICE PELLETS
TOTAL MONTH: M 5 = HAIL
GRTST 24HR M ON M 6 = FREEZING RAIN OR DRIZZLE
GRTST DEPTH: M ON M 7 = DUSTSTORM OR SANDSTORM:
VSBY 1/2 MILE OR LESS
8 = SMOKE OR HAZE
[NO. OF DAYS WITH] [WEATHER - DAYS WITH] 9 = BLOWING SNOW
X = TORNADO
MAX 32 OR BELOW: 3 0.01 INCH OR MORE: 9
MAX 90 OR ABOVE: 0 0.10 INCH OR MORE: 3
MIN 32 OR BELOW: 27 0.50 INCH OR MORE: 0
MIN 0 OR BELOW: 3 1.00 INCH OR MORE: 0
[HDD (BASE 65) ]
TOTAL THIS MO. 880 CLEAR (SCALE 0-3) 16
DPTR FM NORMAL 66 PTCLDY (SCALE 4-7) 10
TOTAL FM JUL 1 7934 CLOUDY (SCALE 8-10) 4
DPTR FM NORMAL -115
[CDD (BASE 65) ]
TOTAL THIS MO. 0
DPTR FM NORMAL 0 [PRESSURE DATA]
TOTAL FM JAN 1 0 HIGHEST SLP 30.36 ON 17
DPTR FM NORMAL 0 LOWEST SLP 29.48 ON 11
[REMARKS]
APRIL 17TH...RECORD LOW -11 DEGREES (PREVIOUS 0 DEGREES IN 1999).
APRIL 30TH...TIED RECORD HIGH 76 DEGREES (PREVIOUSLY SET IN 1992).
#FINAL-04-20#