000
CXUS55 KCYS 050642
CLALAR
CLIMATE REPORT
NATIONAL WEATHER SERVICE CHEYENNE WY
1142 PM MST THU JAN 04 2024
...................................
...THE LARAMIE WYOMING AIRPORT CLIMATE SUMMARY FOR THE YEAR OF 2023...
CLIMATE NORMAL PERIOD 1991 TO 2020
CLIMATE RECORD PERIOD 1948 TO 2024
WEATHER OBSERVED NORMAL DEPART LAST YEAR`S
VALUE DATE(S) VALUE FROM VALUE DATE(S)
NORMAL
................................................................
TEMPERATURE (F)
RECORD
HIGH 94 07/22/1982
08/05/1979
06/23/1954
LOW -50 01/12/1963
HIGHEST 93 07/17 MM MM 91 07/09
07/18
LOWEST -26 01/30 MM MM -24 12/22
01/31
AVG. MAXIMUM 56.5 55.1 1.4 55.5
AVG. MINIMUM 28.6 27.6 1.0 27.5
MEAN 42.6 41.4 1.2 41.5
DAYS MAX >= 90 2 2.5 -0.5 6
DAYS MAX <= 32 48 54.2 -6.2 56
DAYS MIN <= 32 203 211.9 -8.9 213
DAYS MIN <= 0 17 22.7 -5.7 31
PRECIPITATION (INCHES)
RECORD
MAXIMUM 14.30 2014
MINIMUM 3.50 2002
TOTALS 9.50 10.52 -1.02 6.65
DAILY AVG. 0.03 0.03 0.00 0.02
DAYS >= .01 84 86.0 -2.0 72
DAYS >= .10 28 31.6 -3.6 22
DAYS >= .50 4 3.3 0.7 2
DAYS >= 1.00 0 0.4 -0.4 0
GREATEST
24 HR. TOTAL 1.16 06/29 TO 06/30 0.77 06/30 TO 07/01
STORM TOTAL 0.98 0.62
(MM/DD(HH)) 06/01 TO 06/01
DEGREE DAYS
HEATING TOTAL 8197 8677 -480 8641
SINCE 7/1 2958 3573 -615 MM
COOLING TOTAL 139 85 54 208
SINCE 1/1 139 85 54 MM
................................................................
WIND (MPH)
AVERAGE WIND SPEED 11.6
HIGHEST WIND SPEED/DIRECTION 51/230 DATE 03/10
HIGHEST GUST SPEED/DIRECTION 63/230 DATE 02/21
SKY COVER
POSSIBLE SUNSHINE (PERCENT) MM
AVERAGE SKY COVER 0.30
NUMBER OF DAYS FAIR 244
NUMBER OF DAYS PC 83
NUMBER OF DAYS CLOUDY 38
AVERAGE RH (PERCENT) 56
WEATHER CONDITIONS. NUMBER OF DAYS WITH
THUNDERSTORM 60 MIXED PRECIP 0
HEAVY RAIN 16 RAIN 27
LIGHT RAIN 100 FREEZING RAIN 0
LT FREEZING RAIN 1 HAIL 1
HEAVY SNOW 7 SNOW 15
LIGHT SNOW 70 SLEET 0
FOG 90 FOG W/VIS <= 1/4 MILE 21
HAZE 42
- INDICATES NEGATIVE NUMBERS.
R INDICATES RECORD WAS SET OR TIED.
MM INDICATES DATA IS MISSING.
T INDICATES TRACE AMOUNT.
$$