000
CXUS54 KOUN 010910
CF6LAW
PRELIMINARY LOCAL CLIMATOLOGICAL DATA (WS FORM: F-6)
STATION: LAWTON
MONTH: DECEMBER
YEAR: 2022
LATITUDE: 34 34 N
LONGITUDE: 98 25 W
TEMPERATURE IN F: :PCPN: SNOW: WIND :SUNSHINE: SKY :PK WND
================================================================================
1 2 3 4 5 6A 6B 7 8 9 10 11 12 13 14 15 16 17 18
12Z AVG MX 2MIN
DY MAX MIN AVG DEP HDD CDD WTR SNW DPTH SPD SPD DIR MIN PSBL S-S WX SPD DR
================================================================================
1 51 27 39 -6 26 0 0.00 0.0 0 9.1 21 170 M M 5 27 160
2 74 47 61 16 4 0 0.00 0.0 0 11.0 44 360 M M 6 1 54 10
3 52 35 44 -1 21 0 0.00 0.0 0 13.7 41 10 M M 1 52 10
4 56 36 46 2 19 0 0.08 0.0 0 5.5 13 160 M M 3 17 160
5 80 48 64 20 1 0 0.00 0.0 0 6.9 18 230 M M 1 23 230
6 60 43 52 8 13 0 0.00 0.0 0 8.9 15 360 M M 3 1 17 350
7 52 42 47 4 18 0 0.74 0.0 0 6.9 18 20 M M 7 18 22 20
8 61 46 54 11 11 0 0.06 0.0 0 3.0 13 360 M M 8 12 15 360
9 59 46 53 10 12 0 0.00 0.0 0 9.0 18 40 M M 6 18 23 50
10 54 48 51 8 14 0 0.00 0.0 0 8.2 21 360 M M 10 25 360
11 49 42 46 4 19 0 0.00 0.0 0 5.1 10 20 M M 10 1 13 10
12 59 47 53 11 12 0 0.11 0.0 0 12.3 22 140 M M 10 12 29 140
13 65 39 52 10 13 0 1.84 0.0 0 8.8 29 160 M M 3 13 41 250
14 51 33 42 0 23 0 0.00 0.0 0 7.8 18 10 M M 0 24 300
15 51 29 40 -1 25 0 0.00 0.0 0 6.1 20 340 M M 0 26 350
16 48 28 38 -3 27 0 0.00 0.0 0 9.9 23 360 M M 5 30 360
17 50 25 38 -3 27 0 0.00 0.0 0 3.8 12 10 M M 0 14 220
18 54 21 38 -3 27 0 0.00 0.0 0 7.9 18 140 M M 2 26 130
19 58 38 48 7 17 0 0.00 0.0 0 11.1 24 160 M M 5 30 170
20 44 29 37 -4 28 0 0.00 0.0 0 10.0 21 10 M M 9 1 27 360
21 42 28 35 -5 30 0 0.00 0.0 0 6.4 17 180 M M 8 18 21 170
22 39 8 24 -16 41 0 T T 0 24.7 47 10 M M 6 18 59 360
23 22 8 15 -25 50 0 0.00 0.0 0 9.0 22 350 M M 0 29 350
24 36 11 24 -16 41 0 0.00 0.0 0 2.8 12 170 M M 0 16 180
25 52 16 34 -6 31 0 0.00 0.0 0 4.3 16 190 M M 0 21 190
26 55 19 37 -3 28 0 0.00 0.0 0 9.2 29 360 M M 2 36 10
27 59 17 38 -2 27 0 0.00 0.0 0 10.4 23 170 M M 0 29 180
28 73 41 57 17 8 0 0.00 0.0 0 13.2 23 200 M M 0 32 200
29 69 44 57 17 8 0 0.00 0.0 0 9.4 18 230 M M 0 25 240
30 58 32 45 5 20 0 0.00 0.0 0 6.2 14 20 M M 0 18 30
31 67 30 49 9 16 0 0.00 0.0 0 3.9 14 210 M M 0 19 200
================================================================================
SM 1700 1003 657 0 2.83 T 264.5 M 110
================================================================================
AV 54.8 32.4 8.5 FASTST M M 4 MAX(MPH)
MISC ----> 47 10 59 360
================================================================================
NOTES:
# LAST OF SEVERAL OCCURRENCES
COLUMN 17 PEAK WIND IN M.P.H.
PRELIMINARY LOCAL CLIMATOLOGICAL DATA (WS FORM: F-6) , PAGE 2
STATION: LAWTON
MONTH: DECEMBER
YEAR: 2022
LATITUDE: 34 34 N
LONGITUDE: 98 25 W
[TEMPERATURE DATA] [PRECIPITATION DATA] SYMBOLS USED IN COLUMN 16
AVERAGE MONTHLY: 43.6 TOTAL FOR MONTH: 2.83 1 = FOG OR MIST
DPTR FM NORMAL: 1.9 DPTR FM NORMAL: 1.37 2 = FOG REDUCING VISIBILITY
HIGHEST: 80 ON 5 GRTST 24HR 1.95 ON 12-13 TO 1/4 MILE OR LESS
LOWEST: 8 ON 23,22 3 = THUNDER
SNOW, ICE PELLETS, HAIL 4 = ICE PELLETS
TOTAL MONTH: T 5 = HAIL
GRTST 24HR T ON 22-22 6 = FREEZING RAIN OR DRIZZLE
GRTST DEPTH: 0 7 = DUSTSTORM OR SANDSTORM:
VSBY 1/2 MILE OR LESS
8 = SMOKE OR HAZE
[NO. OF DAYS WITH] [WEATHER - DAYS WITH] 9 = BLOWING SNOW
X = TORNADO
MAX 32 OR BELOW: 1 0.01 INCH OR MORE: 5
MAX 90 OR ABOVE: 0 0.10 INCH OR MORE: 3
MIN 32 OR BELOW: 15 0.50 INCH OR MORE: 2
MIN 0 OR BELOW: 0 1.00 INCH OR MORE: 1
[HDD (BASE 65) ]
TOTAL THIS MO. 657 CLEAR (SCALE 0-3) 16
DPTR FM NORMAL -65 PTCLDY (SCALE 4-7) 10
TOTAL FM JUL 1 1256 CLOUDY (SCALE 8-10) 5
DPTR FM NORMAL -34
[CDD (BASE 65) ]
TOTAL THIS MO. 0
DPTR FM NORMAL 0 [PRESSURE DATA]
TOTAL FM JAN 1 2839 HIGHEST SLP 30.83 ON 23
DPTR FM NORMAL 518 LOWEST SLP 29.49 ON 13
[REMARKS]
#FINAL-12-22#