000
CXUS56 KLOX 011155
CF6LAX
PRELIMINARY LOCAL CLIMATOLOGICAL DATA (WS FORM: F-6)
STATION: LOS ANGELES INTL AIRPORT CA
MONTH: JULY
YEAR: 2021
LATITUDE: 33 55 N
LONGITUDE: 118 24 W
TEMPERATURE IN F: :PCPN: SNOW: WIND :SUNSHINE: SKY :PK WND
================================================================================
1 2 3 4 5 6A 6B 7 8 9 10 11 12 13 14 15 16 17 18
12Z AVG MX 2MIN
DY MAX MIN AVG DEP HDD CDD WTR SNW DPTH SPD SPD DIR MIN PSBL S-S WX SPD DR
================================================================================
1 73 63 68 0 0 3 0.00 M M 8.9 21 260 M M 5 18 26 250
2 70 63 67 -1 0 2 0.00 M M 7.4 17 260 M M 8 18 21 290
3 70 62 66 -3 0 1 0.00 M M 8.9 22 260 M M 6 18 25 260
4 71 60 66 -3 0 1 0.00 M M 9.0 18 260 M M 7 22 270
5 70 60 65 -4 0 0 0.00 M M 8.8 17 260 M M 6 18 22 270
6 72 62 67 -2 0 2 0.00 M M 7.4 16 260 M M 5 18 20 250
7 71 62 67 -2 0 2 0.00 M M 7.1 14 260 M M 3 8 20 240
8 74 64 69 0 0 4 0.00 M M 6.7 15 250 M M 5 19 260
9 75 66 71 2 0 6 0.00 M M 8.0 15 260 M M 4 8 20 250
10 77 65 71 2 0 6 0.00 M M 6.9 15 260 M M 4 18 20 250
11 77 65 71 2 0 6 0.00 M M 6.9 15 250 M M 3 18 21 230
12 75 67 71 2 0 6 0.00 M M 7.6 16 250 M M 6 21 230
13 74 66 70 0 0 5 T M M 8.3 17 260 M M 6 18 22 250
14 76 66 71 1 0 6 0.00 M M 7.3 14 260 M M 6 18 18 230
15 76 64 70 0 0 5 0.00 M M 8.2 17 260 M M 5 22 270
16 73 65 69 -1 0 4 0.00 M M 8.5 16 260 M M 5 8 22 250
17 75 64 70 0 0 5 0.00 M M 8.1 17 260 M M 5 1 21 250
18 79 65 72 2 0 7 0.00 M M 8.7 20 270 M M 5 23 280
19 76 66 71 1 0 6 0.00 M M 8.2 18 260 M M 4 26 270
20 74 65 70 0 0 5 0.00 M M 8.1 20 260 M M 4 29 240
21 78 64 71 1 0 6 0.00 M M 7.9 18 250 M M 4 8 21 240
22 77 67 72 2 0 7 0.00 M M 6.6 15 260 M M 6 19 260
23 76 65 71 1 0 6 0.00 M M 7.7 16 260 M M 7 18 23 260
24 73 65 69 -1 0 4 0.00 M M 7.9 15 260 M M 8 18 20 250
25 73 65 69 -1 0 4 0.00 M M 8.2 15 260 M M 6 1 23 300
26 73 65 69 -1 0 4 0.12 M M 8.4 16 270 M M 8 1 20 270
27 70 64 67 -3 0 2 0.00 M M 10.9 20 260 M M 8 1 23 260
28 72 63 68 -2 0 3 0.00 M M 8.9 17 240 M M 4 1 M M
29 72 62 67 -3 0 2 0.00 M M 9.0 20 260 M M 4 18 24 250
30 70 61 66 -4 0 1 0.00 M M 9.2 24 250 M M 6 18 29 250
31 69 61 65 -5 0 0 0.00 M M 9.3 22 260 M M 5 128 25 260
================================================================================
SM 2281 1982 0 121 0.12 M 253.0 M 168
================================================================================
AV 73.6 63.9 8.2 FASTST M M 5 MAX(MPH)
MISC ----> 24 250 # 29 240
================================================================================
NOTES:
# LAST OF SEVERAL OCCURRENCES
COLUMN 17 PEAK WIND IN M.P.H.
PRELIMINARY LOCAL CLIMATOLOGICAL DATA (WS FORM: F-6) , PAGE 2
STATION: LOS ANGELES INTL AIRPORT CA
MONTH: JULY
YEAR: 2021
LATITUDE: 33 55 N
LONGITUDE: 118 24 W
[TEMPERATURE DATA] [PRECIPITATION DATA] SYMBOLS USED IN COLUMN 16
AVERAGE MONTHLY: 68.8 TOTAL FOR MONTH: 0.12 1 = FOG OR MIST
DPTR FM NORMAL: -0.8 DPTR FM NORMAL: 0.08 2 = FOG REDUCING VISIBILITY
HIGHEST: 79 ON 18 GRTST 24HR 0.12 ON 26-26 TO 1/4 MILE OR LESS
LOWEST: 60 ON 5, 4 3 = THUNDER
SNOW, ICE PELLETS, HAIL 4 = ICE PELLETS
TOTAL MONTH: M 5 = HAIL
GRTST 24HR M ON M 6 = FREEZING RAIN OR DRIZZLE
GRTST DEPTH: M ON M 7 = DUSTSTORM OR SANDSTORM:
VSBY 1/2 MILE OR LESS
8 = SMOKE OR HAZE
[NO. OF DAYS WITH] [WEATHER - DAYS WITH] 9 = BLOWING SNOW
X = TORNADO
MAX 32 OR BELOW: 0 0.01 INCH OR MORE: 1
MAX 90 OR ABOVE: 0 0.10 INCH OR MORE: 1
MIN 32 OR BELOW: 0 0.50 INCH OR MORE: 0
MIN 0 OR BELOW: 0 1.00 INCH OR MORE: 0
[HDD (BASE 65) ]
TOTAL THIS MO. 0 CLEAR (SCALE 0-3) 1
DPTR FM NORMAL -2 PTCLDY (SCALE 4-7) 29
TOTAL FM JUL 1 0 CLOUDY (SCALE 8-10) 1
DPTR FM NORMAL 0
[CDD (BASE 65) ]
TOTAL THIS MO. 121
DPTR FM NORMAL -21 [PRESSURE DATA]
TOTAL FM JAN 1 199 HIGHEST SLP 30.04 ON 31
DPTR FM NORMAL -61 LOWEST SLP 29.78 ON 7
[REMARKS]
#FINAL-07-21#