000
CXUS52 KILM 281000
CF6LBT
PRELIMINARY LOCAL CLIMATOLOGICAL DATA (WS FORM: F-6)
STATION: LUMBERTON NORTH CAROLINA
MONTH: MARCH
YEAR: 2024
LATITUDE: 34 35 N
LONGITUDE: 79 4 W
TEMPERATURE IN F: :PCPN: SNOW: WIND :SUNSHINE: SKY :PK WND
================================================================================
1 2 3 4 5 6A 6B 7 8 9 10 11 12 13 14 15 16 17 18
12Z AVG MX 2MIN
DY MAX MIN AVG DEP HDD CDD WTR SNW DPTH SPD SPD DIR MIN PSBL S-S WX SPD DR
================================================================================
1 64 44 54 3 11 0 0.74 M M 9.8 21 110 M M 6 1 29 120
2 69 58 64 13 1 0 0.34 M M 5.8 17 140 M M 8 1 23 90
3 72 51 62 11 3 0 0.00 M M 2.0 9 100 M M 5 12 13 150
4 74 52 63 12 2 0 0.00 M M 6.9 16 30 M M 4 12 23 50
5 74 45 60 8 5 0 0.00 M M 1.5 8 220 M M 0 1 12 230
6 68 57 63 11 2 0 1.55 M M 5.8 16 40 M M 8 12 24 40
7 72 53 63 11 2 0 0.00 M M 5.1 13 360 M M 7 1 17 360
8 66 50 58 6 7 0 0.00 M M 7.6 14 100 M M 4 1 20 70
9 74 51 63 10 2 0 0.35 M M 10.2 22 140 M M 9 1 29 160
10 64 46 55 2 10 0 0.00 M M 14.0 25 290 M M 0 35 300
11 62 36 49 -4 16 0 0.00 M M 7.1 20 320 M M 0 28 330
12 71 33 52 -1 13 0 0.00 M M 3.4 15 230 M M 0 19 240
13 74 41 58 4 7 0 0.00 M M 4.6 15 250 M M 0 19 250
14 79 41 60 6 5 0 0.00 M M 3.5 13 220 M M 0 17 180
15 77 52 65 11 0 0 0.07 M M 7.6 20 270 M M 2 1 27 270
16 76 57 67 13 0 2 0.00 M M 5.1 15 150 M M 6 12 20 160
17 74 53 64 9 1 0 0.00 M M 7.8 17 240 M M 3 1 24 230
18 63 47 55 0 10 0 0.00 M M 11.0 26 320 M M 3 38 340
19 56 31 44 -11 21 0 0.00 M M 9.7 22 330 M M 1 33 330
20 72 37 55 0 10 0 0.00 M M 7.1 20 240 M M 0 26 220
21 71 40 56 0 9 0 0.00 M M 5.1 15 40 M M 0 8 21 30
22 72 48 60 4 5 0 0.27 M M 8.2 23 130 M M 4 1 36 130
23 71 53 62 6 3 0 0.02 M M 9.9 21 30 M M 8 30 360
24 57 39 48 -8 17 0 0.00 M M 12.8 25 40 M M 0 39 30
25 65 36 51 -6 14 0 0.00 M M 7.3 15 30 M M 1 21 30
26 73 42 58 1 7 0 0.00 M M 7.1 14 140 M M 5 20 140
27 74 54 64 7 1 0 0.29 M M 8.7 21 150 M M 9 13 27 150
================================================================================
SM 1884 1247 184 2 3.63 M 194.7 M 93
================================================================================
AV 69.8 46.2 7.2 FASTST M M 3 MAX(MPH)
MISC ----> 26 320 39 30
================================================================================
NOTES:
# LAST OF SEVERAL OCCURRENCES
COLUMN 17 PEAK WIND IN M.P.H.
PRELIMINARY LOCAL CLIMATOLOGICAL DATA (WS FORM: F-6) , PAGE 2
STATION: LUMBERTON NORTH CAROLINA
MONTH: MARCH
YEAR: 2024
LATITUDE: 34 35 N
LONGITUDE: 79 4 W
[TEMPERATURE DATA] [PRECIPITATION DATA] SYMBOLS USED IN COLUMN 16
AVERAGE MONTHLY: 58.0 TOTAL FOR MONTH: 3.63 1 = FOG OR MIST
DPTR FM NORMAL: 4.1 DPTR FM NORMAL: 0.80 2 = FOG REDUCING VISIBILITY
HIGHEST: 79 ON 14 GRTST 24HR 1.55 ON 6- 6 TO 1/4 MILE OR LESS
LOWEST: 31 ON 19 3 = THUNDER
SNOW, ICE PELLETS, HAIL 4 = ICE PELLETS
TOTAL MONTH: M 5 = HAIL
GRTST 24HR M ON M 6 = FREEZING RAIN OR DRIZZLE
GRTST DEPTH: M ON M 7 = DUSTSTORM OR SANDSTORM:
VSBY 1/2 MILE OR LESS
8 = SMOKE OR HAZE
[NO. OF DAYS WITH] [WEATHER - DAYS WITH] 9 = BLOWING SNOW
X = TORNADO
MAX 32 OR BELOW: 0 0.01 INCH OR MORE: 8
MAX 90 OR ABOVE: 0 0.10 INCH OR MORE: 6
MIN 32 OR BELOW: 1 0.50 INCH OR MORE: 2
MIN 0 OR BELOW: 0 1.00 INCH OR MORE: 1
[HDD (BASE 65) ]
TOTAL THIS MO. 184 CLEAR (SCALE 0-3) 14
DPTR FM NORMAL -126 PTCLDY (SCALE 4-7) 10
TOTAL FM JUL 1 2060 CLOUDY (SCALE 8-10) 3
DPTR FM NORMAL -356
[CDD (BASE 65) ]
TOTAL THIS MO. 2
DPTR FM NORMAL -6 [PRESSURE DATA]
TOTAL FM JAN 1 11 HIGHEST SLP M ON M
DPTR FM NORMAL -4 LOWEST SLP 29.62 ON 9
[REMARKS]