000
CXUS52 KMLB 010638
CF6LEE
PRELIMINARY LOCAL CLIMATOLOGICAL DATA (WS FORM: F-6)
STATION: LEESBURG
MONTH: SEPTEMBER
YEAR: 2021
LATITUDE: 28 49 N
LONGITUDE: 81 49 W
TEMPERATURE IN F: :PCPN: SNOW: WIND :SUNSHINE: SKY :PK WND
================================================================================
1 2 3 4 5 6A 6B 7 8 9 10 11 12 13 14 15 16 17 18
12Z AVG MX 2MIN
DY MAX MIN AVG DEP HDD CDD WTR SNW DPTH SPD SPD DIR MIN PSBL S-S WX SPD DR
================================================================================
1 82 75 79 -4 0 14 0.83 0.0 0 7.9 18 220 M M 5 1 28 230
2 91 76 84 1 0 19 0.06 0.0 0 6.5 15 280 M M 2 38 21 300
3 94 76 85 2 0 20 0.14 0.0 0 4.2 17 30 M M 3 1 22 340
4 94 75 85 2 0 20 0.00 0.0 0 4.8 12 60 M M 1 16 60
5 94 72 83 1 0 18 0.00 0.0 0 3.6 9 320 M M 2 14 330
6 95 76 86 4 0 21 0.13 0.0 0 2.5 20 190 M M 3 3 28 180
7 90 76 83 1 0 18 0.80 0.0 0 3.0 26 20 M M 2 138 32 360
8 93 76 85 3 0 20 1.13 0.0 0 5.2 20 260 M M 2 138 26 220
9 85 76 81 -1 0 16 0.51 0.0 0 7.4 14 290 M M 2 1 21 270
10 90 74 82 0 0 17 0.01 0.0 0 2.9 14 20 M M 2 3 17 20
11 89 76 83 1 0 18 0.00 0.0 0 5.2 14 30 M M 2 19 30
12 90 78 84 2 0 19 T 0.0 0 9.0 20 100 M M 1 24 60
13 95 75 85 3 0 20 0.02 0.0 0 5.9 20 190 M M 2 28 180
14 91 75 83 1 0 18 0.05 0.0 0 5.5 16 130 M M 1 13 22 150
15 90 74 82 0 0 17 0.11 0.0 0 4.3 16 220 M M 2 13 21 170
16 89 74 82 0 0 17 0.00 0.0 0 4.1 13 180 M M 2 15 230
17 92 77 85 4 0 20 0.00 0.0 0 4.8 17 60 M M 3 3 22 50
18 92 77 85 4 0 20 0.10 0.0 0 2.8 10 230 M M 5 13 16 240
19 92 76 84 3 0 19 0.41 0.0 0 3.1 15 20 M M 5 13 20 20
20 88 76 82 1 0 17 0.00 0.0 0 3.2 10 170 M M 3 14 130
21 95 75 85 4 0 20 0.65 0.0 0 3.1 15 130 M M 3 13 21 140
22 91 76 84 3 0 19 0.01 0.0 0 5.1 9 150 M M 4 15 160
23 89 72 81 0 0 16 0.00 0.0 0 6.2 16 360 M M 4 20 360
24 90 73 82 2 0 17 0.00 0.0 0 6.6 14 50 M M 6 17 40
25 93 71 82 2 0 17 0.00 0.0 0 6.0 15 50 M M 2 19 60
26 91 72 82 2 0 17 0.00 0.0 0 5.8 14 80 M M 2 19 100
27 90 69 80 0 0 15 0.00 0.0 0 4.2 13 80 M M 1 18 60
28 90 68 79 -1 0 14 0.00 0.0 0 4.2 12 30 M M 1 15 360
29 92 67 80 0 0 15 0.00 0.0 0 4.0 13 80 M M 2 16 80
30 91 70 81 2 0 16 0.00 0.0 0 5.8 14 50 M M 1 18 80
================================================================================
SM 2728 2223 0 534 4.96 0.0 146.9 M 76
================================================================================
AV 90.9 74.1 4.9 FASTST M M 3 MAX(MPH)
MISC ----> 26 20 32 360
================================================================================
NOTES:
# LAST OF SEVERAL OCCURRENCES
COLUMN 17 PEAK WIND IN M.P.H.
PRELIMINARY LOCAL CLIMATOLOGICAL DATA (WS FORM: F-6) , PAGE 2
STATION: LEESBURG
MONTH: SEPTEMBER
YEAR: 2021
LATITUDE: 28 49 N
LONGITUDE: 81 49 W
[TEMPERATURE DATA] [PRECIPITATION DATA] SYMBOLS USED IN COLUMN 16
AVERAGE MONTHLY: 82.5 TOTAL FOR MONTH: 4.96 1 = FOG OR MIST
DPTR FM NORMAL: 1.1 DPTR FM NORMAL: -0.25 2 = FOG REDUCING VISIBILITY
HIGHEST: 95 ON 21,13 GRTST 24HR 1.62 ON 8- 9 TO 1/4 MILE OR LESS
LOWEST: 67 ON 29 3 = THUNDER
SNOW, ICE PELLETS, HAIL 4 = ICE PELLETS
TOTAL MONTH: 0.0 INCH 5 = HAIL
GRTST 24HR 0.0 6 = FREEZING RAIN OR DRIZZLE
GRTST DEPTH: 0 7 = DUSTSTORM OR SANDSTORM:
VSBY 1/2 MILE OR LESS
8 = SMOKE OR HAZE
[NO. OF DAYS WITH] [WEATHER - DAYS WITH] 9 = BLOWING SNOW
X = TORNADO
MAX 32 OR BELOW: 0 0.01 INCH OR MORE: 15
MAX 90 OR ABOVE: 24 0.10 INCH OR MORE: 10
MIN 32 OR BELOW: 0 0.50 INCH OR MORE: 5
MIN 0 OR BELOW: 0 1.00 INCH OR MORE: 1
[HDD (BASE 65) ]
TOTAL THIS MO. 0 CLEAR (SCALE 0-3) 24
DPTR FM NORMAL 0 PTCLDY (SCALE 4-7) 6
TOTAL FM JUL 1 0 CLOUDY (SCALE 8-10) 0
DPTR FM NORMAL 0
[CDD (BASE 65) ]
TOTAL THIS MO. 534
DPTR FM NORMAL 42 [PRESSURE DATA]
TOTAL FM JAN 1 3197 HIGHEST SLP M ON M
DPTR FM NORMAL 229 LOWEST SLP 29.85 ON 22
[REMARKS]
#FINAL-09-21#