000
CXUS53 KLMK 101359
CF6LEX
PRELIMINARY LOCAL CLIMATOLOGICAL DATA (WS FORM: F-6)
STATION: LEXINGTON KY
MONTH: APRIL
YEAR: 2020
LATITUDE: 38 1 N
LONGITUDE: 84 36 W
TEMPERATURE IN F: :PCPN: SNOW: WIND :SUNSHINE: SKY :PK WND
================================================================================
1 2 3 4 5 6A 6B 7 8 9 10 11 12 13 14 15 16 17 18
12Z AVG MX 2MIN
DY MAX MIN AVG DEP HDD CDD WTR SNW DPTH SPD SPD DIR MIN PSBL S-S WX SPD DR
================================================================================
1 53 39 46 -5 19 0 T 0.0 0 7.6 14 320 M M 10 20 340
2 60 34 47 -4 18 0 0.00 0.0 0 2.3 10 310 M M 2 15 300
3 67 34 51 0 14 0 0.00 0.0 0 2.2 9 80 M M 0 8 13 20
4 71 40 56 4 9 0 0.00 0.0 0 2.4 9 340 M M 2 14 140
5 70 50 60 8 5 0 0.03 0.0 0 6.2 14 350 M M 5 1 17 10
6 71 47 59 7 6 0 0.00 0.0 0 4.1 13 260 M M 6 1 17 280
7 76 54 65 12 0 0 0.00 0.0 0 10.8 21 220 M M 4 30 220
8 78 55 67 14 0 2 0.35 0.0 0 11.8 32 350 M M 5 13 45 340
9 60 37 49 -4 16 0 0.06 0.0 0 14.5 28 340 M M 5 1 37 260
10 50 31 41 -13 24 0 0.02 T 0 8.5 22 330 M M 2 1 32 310
11 61 31 46 -8 19 0 0.01 0.0 0 6.9 15 180 M M 5 21 180
12 62 53 58 4 7 0 0.87 0.0 0 11.5 30 160 M M 9 1 39 180
13 62 37 50 -4 15 0 1.06 0.0 0 9.9 36 280 M M 7 13 45 280
14 42 31 37 -18 28 0 T T 0 6.2 17 340 M M 6 24 340
15 54 25 40 -15 25 0 0.00 0.0 0 9.3 26 280 M M 3 33 280
16 51 25 38 -18 27 0 0.00 0.0 0 3.9 12 340 M M 2 17 340
17 61 40 51 -5 14 0 0.26 0.0 0 10.3 28 220 M M 8 1 46 210
18 52 35 44 -12 21 0 0.07 0.0 0 8.4 18 330 M M 5 1 26 320
19 59 37 48 -8 17 0 T 0.0 0 5.1 13 170 M M 4 17 170
20 65 42 54 -3 11 0 T 0.0 0 6.4 16 270 M M 1 20 260
21 62 41 52 -5 13 0 0.00 0.0 0 12.7 31 280 M M 1 45 270
22 67 31 49 -8 16 0 0.00 0.0 0 5.3 16 180 M M 0 23 190
23 57 51 54 -4 11 0 0.81 0.0 0 7.3 14 130 M M 9 13 20 140
24 64 48 56 -2 9 0 0.04 0.0 0 5.8 15 340 M M 7 1 19 360
25 65 45 55 -3 10 0 0.25 0.0 0 6.6 22 180 M M 5 1 29 170
26 54 40 47 -11 18 0 0.50 0.0 0 9.8 22 230 M M 8 12 31 220
27 63 32 48 -11 17 0 0.00 0.0 0 3.5 13 190 M M 2 12 17 190
28 71 50 61 2 4 0 T 0.0 0 10.8 24 220 M M 7 33 190
29 68 49 59 0 6 0 0.56 0.0 0 13.5 37 170 M M 6 1 50 170
30 50 46 48 -12 17 0 0.03 0.0 0 11.2 21 260 M M 10 1 28 250
================================================================================
SM 1846 1210 416 2 4.92 T 234.8 M 146
================================================================================
AV 61.5 40.3 7.8 FASTST M M 5 MAX(MPH)
MISC ----> # 37 170 # 50 170
================================================================================
NOTES:
# LAST OF SEVERAL OCCURRENCES
COLUMN 17 PEAK WIND IN M.P.H.
PRELIMINARY LOCAL CLIMATOLOGICAL DATA (WS FORM: F-6) , PAGE 2
STATION: LEXINGTON KY
MONTH: APRIL
YEAR: 2020
LATITUDE: 38 1 N
LONGITUDE: 84 36 W
[TEMPERATURE DATA] [PRECIPITATION DATA] SYMBOLS USED IN COLUMN 16
AVERAGE MONTHLY: 50.9 TOTAL FOR MONTH: 4.92 1 = FOG OR MIST
DPTR FM NORMAL: -4.4 DPTR FM NORMAL: 1.32 2 = FOG REDUCING VISIBILITY
HIGHEST: 78 ON 8 GRTST 24HR 1.06 ON 13-13 TO 1/4 MILE OR LESS
LOWEST: 25 ON 16,15 3 = THUNDER
SNOW, ICE PELLETS, HAIL 4 = ICE PELLETS
TOTAL MONTH: T 5 = HAIL
GRTST 24HR T ON 14-14 6 = FREEZING RAIN OR DRIZZLE
GRTST DEPTH: 0 7 = DUSTSTORM OR SANDSTORM:
VSBY 1/2 MILE OR LESS
8 = SMOKE OR HAZE
[NO. OF DAYS WITH] [WEATHER - DAYS WITH] 9 = BLOWING SNOW
X = TORNADO
MAX 32 OR BELOW: 0 0.01 INCH OR MORE: 15
MAX 90 OR ABOVE: 0 0.10 INCH OR MORE: 8
MIN 32 OR BELOW: 7 0.50 INCH OR MORE: 5
MIN 0 OR BELOW: 0 1.00 INCH OR MORE: 1
[HDD (BASE 65) ]
TOTAL THIS MO. 416 CLEAR (SCALE 0-3) 10
DPTR FM NORMAL 103 PTCLDY (SCALE 4-7) 15
TOTAL FM JUL 1 3925 CLOUDY (SCALE 8-10) 5
DPTR FM NORMAL -564
[CDD (BASE 65) ]
TOTAL THIS MO. 2
DPTR FM NORMAL -18 [PRESSURE DATA]
TOTAL FM JAN 1 9 HIGHEST SLP 30.39 ON 16
DPTR FM NORMAL -13 LOWEST SLP 29.33 ON 13
[REMARKS]
#FINAL-04-20#