000
CXUS54 KLCH 020219
CF6LFT
PRELIMINARY LOCAL CLIMATOLOGICAL DATA (WS FORM: F-6)
STATION: LAFAYETTE
MONTH: DECEMBER
YEAR: 2023
LATITUDE: 30 12 N
LONGITUDE: 92 0 W
TEMPERATURE IN F: :PCPN: SNOW: WIND :SUNSHINE: SKY :PK WND
================================================================================
1 2 3 4 5 6A 6B 7 8 9 10 11 12 13 14 15 16 17 18
12Z AVG MX 2MIN
DY MAX MIN AVG DEP HDD CDD WTR SNW DPTH SPD SPD DIR MIN PSBL S-S WX SPD DR
================================================================================
1 79 67 73 16 0 8 6.56 0.0 M 3.6 36 250 M M 10 1238 61 250
2 72 67 70 13 0 5 0.07 0.0 M 4.1 9 300 M M 10 13 15 60
3 73 55 64 7 1 0 0.00 0.0 M 3.7 12 220 M M 3 12 16 210
4 71 51 61 4 4 0 0.00 0.0 M 5.6 14 330 M M 0 1 28 150
5 66 45 56 0 9 0 0.00 0.0 M 2.8 7 280 M M 0 8 10 310
6 63 43 53 -3 12 0 0.00 0.0 M 6.8 15 350 M M 0 21 40
7 65 40 53 -3 12 0 0.00 0.0 M 2.0 12 170 M M 0 16 170
8 72 50 61 5 4 0 0.01 M M 4.7 13 150 M M 6 22 140
9 84 64 74 18 0 9 0.83 0.0 M 9.1 26 260 M M 5 13 51 270
10 64 41 53 -3 12 0 0.00 0.0 M 11.3 23 330 M M 2 32 350
11 63 35 49 -7 16 0 0.00 0.0 M 1.9 9 20 M M 0 13 40
12 67 36 52 -3 13 0 0.00 0.0 M 3.6 10 20 M M 0 15 30
13 67 40 54 -1 11 0 0.00 0.0 M 5.5 12 40 M M 0 16 50
14 72 51 62 7 3 0 0.00 0.0 M 6.3 14 40 M M 1 21 40
15 71 52 62 7 3 0 0.00 0.0 M 6.5 12 70 M M 4 22 50
16 63 55 59 4 6 0 0.69 0.0 M 8.7 16 340 M M 8 1 24 330
17 62 46 54 -1 11 0 0.00 0.0 M 9.2 17 320 M M 3 23 330
18 70 42 56 2 9 0 0.00 0.0 M 4.3 15 340 M M 0 1 19 330
19 62 38 50 -4 15 0 0.00 0.0 M 2.6 9 70 M M 0 14 60
20 68 40 54 0 11 0 0.00 M M 2.5 6 99 M M 0 M M
21 70 49 60 6 5 0 0.00 0.0 M 4.2 9 50 M M 4 16 60
22 76 54 65 11 0 0 0.00 0.0 M 3.0 10 180 M M 3 1 15 160
23 76 60 68 14 0 3 0.01 0.0 M 4.1 13 140 M M 7 1 20 150
24 66 57 62 8 3 0 1.30 0.0 M 5.8 16 340 M M 9 1 26 110
25 64 48 56 2 9 0 0.00 0.0 M 7.0 15 300 M M 7 1 19 300
26 59 42 51 -3 14 0 0.00 0.0 M 4.1 16 10 M M 3 20 10
27 64 48 56 3 9 0 0.00 0.0 M 4.7 16 270 M M 3 24 250
28 54 39 47 -6 18 0 0.00 0.0 M 9.4 18 290 M M 0 27 260
29 54 36 45 -8 20 0 0.00 0.0 M 7.5 17 240 M M 0 23 290
30 62 36 49 -4 16 0 0.00 0.0 M 3.6 13 270 M M 0 1 19 260
31 70 34 52 -1 13 0 0.00 0.0 0 3.1 14 220 M M 2 128 20 220
================================================================================
SM 2089 1461 259 25 9.47 0.0 161.3 M 90
================================================================================
AV 67.4 47.1 5.2 FASTST M M 3 MAX(MPH)
MISC ----> 36 250 61 250
================================================================================
NOTES:
# LAST OF SEVERAL OCCURRENCES
COLUMN 17 PEAK WIND IN M.P.H.
PRELIMINARY LOCAL CLIMATOLOGICAL DATA (WS FORM: F-6) , PAGE 2
STATION: LAFAYETTE
MONTH: DECEMBER
YEAR: 2023
LATITUDE: 30 12 N
LONGITUDE: 92 0 W
[TEMPERATURE DATA] [PRECIPITATION DATA] SYMBOLS USED IN COLUMN 16
AVERAGE MONTHLY: 57.3 TOTAL FOR MONTH: 9.47 1 = FOG OR MIST
DPTR FM NORMAL: 2.4 DPTR FM NORMAL: 4.51 2 = FOG REDUCING VISIBILITY
HIGHEST: 84 ON 9 GRTST 24HR 6.72 ON 30- 1 TO 1/4 MILE OR LESS
LOWEST: 34 ON 31 3 = THUNDER
SNOW, ICE PELLETS, HAIL 4 = ICE PELLETS
TOTAL MONTH: 0.0 INCH 5 = HAIL
GRTST 24HR 0.0 6 = FREEZING RAIN OR DRIZZLE
GRTST DEPTH: 0 7 = DUSTSTORM OR SANDSTORM:
VSBY 1/2 MILE OR LESS
8 = SMOKE OR HAZE
[NO. OF DAYS WITH] [WEATHER - DAYS WITH] 9 = BLOWING SNOW
X = TORNADO
MAX 32 OR BELOW: 0 0.01 INCH OR MORE: 7
MAX 90 OR ABOVE: 0 0.10 INCH OR MORE: 4
MIN 32 OR BELOW: 0 0.50 INCH OR MORE: 4
MIN 0 OR BELOW: 0 1.00 INCH OR MORE: 2
[HDD (BASE 65) ]
TOTAL THIS MO. 259 CLEAR (SCALE 0-3) 19
DPTR FM NORMAL -81 PTCLDY (SCALE 4-7) 9
TOTAL FM JUL 1 436 CLOUDY (SCALE 8-10) 3
DPTR FM NORMAL -118
[CDD (BASE 65) ]
TOTAL THIS MO. 25
DPTR FM NORMAL 0 [PRESSURE DATA]
TOTAL FM JAN 1 3876 HIGHEST SLP 30.49 ON 14
DPTR FM NORMAL 872 LOWEST SLP 29.74 ON 24
[REMARKS]
#FINAL-12-23#