000
CXUS56 KLOX 011155
CF6LGB
PRELIMINARY LOCAL CLIMATOLOGICAL DATA (WS FORM: F-6)
STATION: LONG BEACH AIRPORT CA
MONTH: MAY
YEAR: 2023
LATITUDE: 33 49 N
LONGITUDE: 118 9 W
TEMPERATURE IN F: :PCPN: SNOW: WIND :SUNSHINE: SKY :PK WND
================================================================================
1 2 3 4 5 6A 6B 7 8 9 10 11 12 13 14 15 16 17 18
12Z AVG MX 2MIN
DY MAX MIN AVG DEP HDD CDD WTR SNW DPTH SPD SPD DIR MIN PSBL S-S WX SPD DR
================================================================================
1 66 55 61 -3 4 0 0.08 M M 6.6 14 220 M M 8 1 19 230
2 66 54 60 -4 5 0 0.00 M M 7.2 15 290 M M 5 20 270
3 64 50 57 -7 8 0 0.02 M M 5.4 15 240 M M 2 20 200
4 65 53 59 -6 6 0 0.42 M M 7.4 15 170 M M 8 1 21 170
5 66 54 60 -5 5 0 0.01 M M 5.7 16 290 M M 6 1 20 300
6 69 50 60 -5 5 0 0.00 M M 6.3 17 290 M M 1 22 310
7 71 53 62 -3 3 0 0.00 M M 5.9 17 290 M M 1 21 300
8 70 54 62 -3 3 0 0.00 M M 4.6 13 310 M M 2 19 220
9 67 56 62 -3 3 0 0.00 M M 7.1 20 290 M M 7 24 300
10 66 56 61 -4 4 0 0.00 M M 6.6 13 220 M M 5 18 200
11 68 57 63 -2 2 0 0.00 M M 5.9 16 290 M M 5 21 310
12 72 55 64 -1 1 0 0.00 M M 4.1 14 200 M M 2 18 190
13 68 59 64 -1 1 0 0.00 M M 5.0 13 190 M M 7 18 16 220
14 69 59 64 -1 1 0 0.00 M M 5.9 14 210 M M 7 1 18 180
15 69 60 65 -1 0 0 0.00 M M 6.1 13 190 M M 8 18 17 160
16 74 57 66 0 0 1 0.00 M M 6.3 14 300 M M 5 18 18 290
17 73 57 65 -1 0 0 0.00 M M 4.6 13 180 M M 5 18 16 200
18 67 60 64 -2 1 0 0.00 M M 5.3 13 210 M M 7 18 16 210
19 68 59 64 -2 1 0 0.00 M M 5.2 10 200 M M 9 18 14 200
20 73 61 67 1 0 2 0.00 M M 5.5 15 300 M M 7 18 19 320
21 74 61 68 2 0 3 0.00 M M 5.6 12 190 M M 7 18 16 190
22 68 60 64 -2 1 0 0.00 M M 5.3 12 170 M M 9 1 16 180
23 66 60 63 -3 2 0 T M M 5.7 10 180 M M 10 1 16 180
24 67 59 63 -3 2 0 0.00 M M 6.2 13 200 M M 10 8 17 200
25 68 61 65 -1 0 0 0.00 M M 8.0 14 220 M M 10 8 19 220
26 67 58 63 -3 2 0 T M M 6.0 15 300 M M 8 19 300
27 70 57 64 -2 1 0 0.00 M M 6.4 16 310 M M 6 18 300
28 66 59 63 -3 2 0 0.00 M M 4.1 12 300 M M 10 15 300
29 70 60 65 -1 0 0 0.00 M M 6.7 13 190 M M 9 16 210
30 67 60 64 -2 1 0 0.00 M M 7.6 16 300 M M 9 20 280
31 63 60 62 -4 3 0 0.00 M M 5.0 12 200 M M 10 14 200
================================================================================
SM 2117 1774 67 6 0.53 M 183.3 M 205
================================================================================
AV 68.3 57.2 5.9 FASTST M M 7 MAX(MPH)
MISC ----> 20 290 24 300
================================================================================
NOTES:
# LAST OF SEVERAL OCCURRENCES
COLUMN 17 PEAK WIND IN M.P.H.
PRELIMINARY LOCAL CLIMATOLOGICAL DATA (WS FORM: F-6) , PAGE 2
STATION: LONG BEACH AIRPORT CA
MONTH: MAY
YEAR: 2023
LATITUDE: 33 49 N
LONGITUDE: 118 9 W
[TEMPERATURE DATA] [PRECIPITATION DATA] SYMBOLS USED IN COLUMN 16
AVERAGE MONTHLY: 62.8 TOTAL FOR MONTH: 0.53 1 = FOG OR MIST
DPTR FM NORMAL: -2.7 DPTR FM NORMAL: 0.27 2 = FOG REDUCING VISIBILITY
HIGHEST: 74 ON 21,16 GRTST 24HR 0.44 ON 3- 4 TO 1/4 MILE OR LESS
LOWEST: 50 ON 6, 3 3 = THUNDER
SNOW, ICE PELLETS, HAIL 4 = ICE PELLETS
TOTAL MONTH: M 5 = HAIL
GRTST 24HR M ON M 6 = FREEZING RAIN OR DRIZZLE
GRTST DEPTH: M ON M 7 = DUSTSTORM OR SANDSTORM:
VSBY 1/2 MILE OR LESS
8 = SMOKE OR HAZE
[NO. OF DAYS WITH] [WEATHER - DAYS WITH] 9 = BLOWING SNOW
X = TORNADO
MAX 32 OR BELOW: 0 0.01 INCH OR MORE: 4
MAX 90 OR ABOVE: 0 0.10 INCH OR MORE: 1
MIN 32 OR BELOW: 0 0.50 INCH OR MORE: 0
MIN 0 OR BELOW: 0 1.00 INCH OR MORE: 0
[HDD (BASE 65) ]
TOTAL THIS MO. 67 CLEAR (SCALE 0-3) 5
DPTR FM NORMAL 27 PTCLDY (SCALE 4-7) 16
TOTAL FM JUL 1 1164 CLOUDY (SCALE 8-10) 10
DPTR FM NORMAL -6
[CDD (BASE 65) ]
TOTAL THIS MO. 6
DPTR FM NORMAL -49 [PRESSURE DATA]
TOTAL FM JAN 1 22 HIGHEST SLP 30.11 ON 7
DPTR FM NORMAL -84 LOWEST SLP 29.81 ON 13
[REMARKS]
#FINAL-05-23#