000
CXUS56 KLOX 011255
CF6LGB
PRELIMINARY LOCAL CLIMATOLOGICAL DATA (WS FORM: F-6)
STATION: LONG BEACH AIRPORT CA
MONTH: JANUARY
YEAR: 2022
LATITUDE: 33 49 N
LONGITUDE: 118 9 W
TEMPERATURE IN F: :PCPN: SNOW: WIND :SUNSHINE: SKY :PK WND
================================================================================
1 2 3 4 5 6A 6B 7 8 9 10 11 12 13 14 15 16 17 18
12Z AVG MX 2MIN
DY MAX MIN AVG DEP HDD CDD WTR SNW DPTH SPD SPD DIR MIN PSBL S-S WX SPD DR
================================================================================
1 63 45 54 -3 11 0 0.00 M M 2.6 10 200 M M 1 18 14 200
2 66 41 54 -3 11 0 0.00 M M 4.3 12 290 M M 0 15 300
3 64 39 52 -5 13 0 0.00 M M 2.9 13 290 M M 0 15 290
4 63 43 53 -4 12 0 0.00 M M 2.2 8 290 M M 1 10 180
5 66 43 55 -2 10 0 0.00 M M 1.5 9 190 M M 0 128 11 200
6 70 48 59 2 6 0 0.00 M M 1.4 8 180 M M 6 128 10 190
7 55 48 52 -5 13 0 0.00 M M 2.8 9 130 M M 10 128 14 130
8 63 49 56 -1 9 0 0.00 M M 2.2 9 200 M M 4 18 13 210
9 76 44 60 3 5 0 0.00 M M 3.6 10 310 M M 0 18 12 310
10 74 50 62 5 3 0 0.00 M M 5.5 13 30 M M 0 15 60
11 80 48 64 7 1 0 0.00 M M 5.9 15 100 M M 0 19 90
12 77 47 62 5 3 0 0.00 M M 4.1 12 290 M M 0 13 290
13 68 53 61 4 4 0 0.00 M M 1.9 10 290 M M 4 8 11 290
14 73 50 62 5 3 0 0.00 M M 2.6 12 200 M M 0 8 14 210
15 68 55 62 5 3 0 0.01 M M 4.0 9 350 M M 7 11 330
16 73 56 65 8 0 0 0.00 M M 3.9 10 220 M M 5 1 13 190
17 64 59 62 5 3 0 T M M 3.5 12 190 M M 10 14 170
18 64 55 60 3 5 0 0.00 M M 3.9 10 300 M M 8 8 13 300
19 65 51 58 1 7 0 0.00 M M 3.3 12 290 M M 5 18 14 280
20 77 47 62 5 3 0 0.00 M M 3.7 12 290 M M 0 18 14 290
21 67 46 57 0 8 0 0.00 M M 3.6 16 10 M M 1 20 10
22 72 51 62 5 3 0 0.00 M M 4.6 20 10 M M 0 27 20
23 75 46 61 4 4 0 0.00 M M 3.6 15 280 M M 0 20 280
24 65 45 55 -2 10 0 0.00 M M 3.2 9 150 M M 1 1 12 190
25 63 46 55 -2 10 0 0.00 M M 2.1 8 200 M M 2 128 12 190
26 72 46 59 2 6 0 0.00 M M 2.6 10 80 M M 3 128 14 80
27 72 43 58 1 7 0 0.00 M M 3.9 10 300 M M 2 12 12 320
28 73 46 60 3 5 0 0.00 M M 7.0 18 90 M M 0 23 90
29 68 48 58 1 7 0 0.00 M M 3.8 8 210 M M 1 10 220
30 66 41 54 -3 11 0 0.00 M M 2.3 13 200 M M 0 16 200
31 60 45 53 -4 12 0 0.00 M M 1.9 8 220 M M 2 128 10 220
================================================================================
SM 2122 1474 208 0 0.01 M 104.4 M 73
================================================================================
AV 68.5 47.5 3.4 FASTST M M 2 MAX(MPH)
MISC ----> 20 10 27 20
================================================================================
NOTES:
# LAST OF SEVERAL OCCURRENCES
COLUMN 17 PEAK WIND IN M.P.H.
PRELIMINARY LOCAL CLIMATOLOGICAL DATA (WS FORM: F-6) , PAGE 2
STATION: LONG BEACH AIRPORT CA
MONTH: JANUARY
YEAR: 2022
LATITUDE: 33 49 N
LONGITUDE: 118 9 W
[TEMPERATURE DATA] [PRECIPITATION DATA] SYMBOLS USED IN COLUMN 16
AVERAGE MONTHLY: 58.0 TOTAL FOR MONTH: 0.01 1 = FOG OR MIST
DPTR FM NORMAL: 0.9 DPTR FM NORMAL: -2.88 2 = FOG REDUCING VISIBILITY
HIGHEST: 80 ON 11 GRTST 24HR 0.12 ON 17-17 TO 1/4 MILE OR LESS
LOWEST: 39 ON 3 3 = THUNDER
SNOW, ICE PELLETS, HAIL 4 = ICE PELLETS
TOTAL MONTH: M 5 = HAIL
GRTST 24HR M ON M 6 = FREEZING RAIN OR DRIZZLE
GRTST DEPTH: M ON M 7 = DUSTSTORM OR SANDSTORM:
VSBY 1/2 MILE OR LESS
8 = SMOKE OR HAZE
[NO. OF DAYS WITH] [WEATHER - DAYS WITH] 9 = BLOWING SNOW
X = TORNADO
MAX 32 OR BELOW: 0 0.01 INCH OR MORE: 1
MAX 90 OR ABOVE: 0 0.10 INCH OR MORE: 0
MIN 32 OR BELOW: 0 0.50 INCH OR MORE: 0
MIN 0 OR BELOW: 0 1.00 INCH OR MORE: 0
[HDD (BASE 65) ]
TOTAL THIS MO. 208 CLEAR (SCALE 0-3) 22
DPTR FM NORMAL -39 PTCLDY (SCALE 4-7) 7
TOTAL FM JUL 1 631 CLOUDY (SCALE 8-10) 2
DPTR FM NORMAL -16
[CDD (BASE 65) ]
TOTAL THIS MO. 0
DPTR FM NORMAL -4 [PRESSURE DATA]
TOTAL FM JAN 1 0 HIGHEST SLP 30.32 ON 10
DPTR FM NORMAL -4 LOWEST SLP 29.87 ON 1
[REMARKS]
#FINAL-01-22#