000
CXUS56 KLOX 011155
CF6LGB
PRELIMINARY LOCAL CLIMATOLOGICAL DATA (WS FORM: F-6)
STATION: LONG BEACH AIRPORT CA
MONTH: APRIL
YEAR: 2021
LATITUDE: 33 49 N
LONGITUDE: 118 9 W
TEMPERATURE IN F: :PCPN: SNOW: WIND :SUNSHINE: SKY :PK WND
================================================================================
1 2 3 4 5 6A 6B 7 8 9 10 11 12 13 14 15 16 17 18
12Z AVG MX 2MIN
DY MAX MIN AVG DEP HDD CDD WTR SNW DPTH SPD SPD DIR MIN PSBL S-S WX SPD DR
================================================================================
1 90 59 75 14 0 10 0.00 M M 5.9 21 290 M M 0 25 290
2 66 55 61 0 4 0 0.00 M M 6.1 14 150 M M 2 1 18 150
3 73 54 64 3 1 0 0.00 M M 4.9 13 280 M M 4 18 M M
4 75 50 63 2 2 0 0.00 M M 4.1 14 290 M M 1 18 16 290
5 68 53 61 0 4 0 0.00 M M 5.6 12 310 M M 2 M M
6 68 55 62 1 3 0 0.00 M M 4.8 13 300 M M 4 15 180
7 76 54 65 4 0 0 0.00 M M 4.3 15 290 M M 0 M M
8 73 54 64 2 1 0 0.00 M M 5.0 18 300 M M 1 18 22 310
9 71 53 62 0 3 0 0.00 M M 5.4 9 300 M M 3 1 M M
10 75 54 65 3 0 0 0.00 M M 5.2 10 300 M M 2 1 M M
11 69 57 63 1 2 0 0.00 M M 5.4 10 150 M M 7 8 M M
12 66 58 62 0 3 0 0.00 M M 6.7 13 220 M M 10 16 220
13 64 57 61 -1 4 0 T M M 6.9 14 220 M M 10 18 200
14 63 54 59 -3 6 0 0.00 M M 6.9 13 220 M M 4 19 190
15 67 49 58 -4 7 0 0.00 M M 6.2 17 290 M M 2 25 290
16 69 54 62 0 3 0 0.00 M M 5.2 15 200 M M 3 8 17 210
17 71 54 63 0 2 0 0.00 M M 4.7 14 300 M M 3 18 260
18 87 54 71 8 0 6 0.00 M M 7.2 25 270 M M 0 18 33 280
19 85 54 70 7 0 5 0.00 M M 4.3 18 280 M M 0 22 290
20 64 57 61 -2 4 0 0.00 M M 7.6 13 120 M M 5 19 190
21 66 57 62 -1 3 0 0.01 M M 6.5 16 160 M M 9 23 200
22 62 58 60 -3 5 0 0.00 M M 5.8 12 290 M M 10 M M
23 65 57 61 -2 4 0 0.00 M M 5.4 13 200 M M 8 17 190
24 66 55 61 -3 4 0 0.00 M M 5.5 15 300 M M 7 19 290
25 66 55 61 -3 4 0 T M M 7.3 18 290 M M 5 22 290
26 66 55 61 -3 4 0 0.01 M M 8.7 17 290 M M 7 24 270
27 67 53 60 -4 5 0 0.00 M M 6.0 16 280 M M 2 8 20 280
28 84 51 68 4 0 3 0.00 M M 7.2 25 280 M M 0 33 290
29 89 55 72 8 0 7 0.00 M M 5.7 22 290 M M 0 27 280
30 89 58 74 10 0 9 0.00 M M 5.3 15 300 M M 0 20 280
================================================================================
SM 2160 1643 78 40 0.02 M 175.8 M 111
================================================================================
AV 72.0 54.8 5.9 FASTST M M 4 MAX(MPH)
MISC ----> # 25 270 # 33 280
================================================================================
NOTES:
# LAST OF SEVERAL OCCURRENCES
COLUMN 17 PEAK WIND IN M.P.H.
PRELIMINARY LOCAL CLIMATOLOGICAL DATA (WS FORM: F-6) , PAGE 2
STATION: LONG BEACH AIRPORT CA
MONTH: APRIL
YEAR: 2021
LATITUDE: 33 49 N
LONGITUDE: 118 9 W
[TEMPERATURE DATA] [PRECIPITATION DATA] SYMBOLS USED IN COLUMN 16
AVERAGE MONTHLY: 63.4 TOTAL FOR MONTH: 0.02 1 = FOG OR MIST
DPTR FM NORMAL: 1.0 DPTR FM NORMAL: -0.58 2 = FOG REDUCING VISIBILITY
HIGHEST: 90 ON 1 GRTST 24HR 0.01 ON 21-21 TO 1/4 MILE OR LESS
LOWEST: 49 ON 15 3 = THUNDER
SNOW, ICE PELLETS, HAIL 4 = ICE PELLETS
TOTAL MONTH: M 5 = HAIL
GRTST 24HR M ON M 6 = FREEZING RAIN OR DRIZZLE
GRTST DEPTH: M ON M 7 = DUSTSTORM OR SANDSTORM:
VSBY 1/2 MILE OR LESS
8 = SMOKE OR HAZE
[NO. OF DAYS WITH] [WEATHER - DAYS WITH] 9 = BLOWING SNOW
X = TORNADO
MAX 32 OR BELOW: 0 0.01 INCH OR MORE: 2
MAX 90 OR ABOVE: 1 0.10 INCH OR MORE: 0
MIN 32 OR BELOW: 0 0.50 INCH OR MORE: 0
MIN 0 OR BELOW: 0 1.00 INCH OR MORE: 0
[HDD (BASE 65) ]
TOTAL THIS MO. 78 CLEAR (SCALE 0-3) 17
DPTR FM NORMAL -28 PTCLDY (SCALE 4-7) 8
TOTAL FM JUL 1 1052 CLOUDY (SCALE 8-10) 5
DPTR FM NORMAL -124
[CDD (BASE 65) ]
TOTAL THIS MO. 40
DPTR FM NORMAL 11 [PRESSURE DATA]
TOTAL FM JAN 1 67 HIGHEST SLP 30.14 ON 3
DPTR FM NORMAL 20 LOWEST SLP 29.72 ON 11
[REMARKS]
#FINAL-04-21#