000
CXUS56 KLOX 011655
CF6LGB
PRELIMINARY LOCAL CLIMATOLOGICAL DATA (WS FORM: F-6)
STATION: LONG BEACH AIRPORT CA
MONTH: JUNE
YEAR: 2020
LATITUDE: 33 49 N
LONGITUDE: 118 9 W
TEMPERATURE IN F: :PCPN: SNOW: WIND :SUNSHINE: SKY :PK WND
================================================================================
1 2 3 4 5 6A 6B 7 8 9 10 11 12 13 14 15 16 17 18
12Z AVG MX 2MIN
DY MAX MIN AVG DEP HDD CDD WTR SNW DPTH SPD SPD DIR MIN PSBL S-S WX SPD DR
================================================================================
1 82 61 72 5 0 7 0.00 0.0 0 8.5 22 290 M M 0 28 290
2 78 61 70 3 0 5 0.00 0.0 0 4.6 10 180 M M 0 15 220
3 88 63 76 9 0 11 0.00 0.0 0 7.4 14 160 M M 1 20 170
4 69 62 66 -1 0 1 0.00 0.0 0 6.9 13 160 M M 10 19 140
5 70 64 67 0 0 2 T 0.0 0 5.8 13 210 M M 10 16 190
6 72 63 68 1 0 3 0.00 0.0 0 6.1 15 300 M M 4 M M
7 76 60 68 1 0 3 0.00 0.0 0 7.4 21 280 M M 1 25 280
8 90 59 75 7 0 10 0.00 0.0 0 7.9 22 290 M M 0 26 280
9 97 64 81 13 0 16 0.00 0.0 0 7.6 23 290 M M 0 27 290
10 95 65 80 12 0 15 0.00 0.0 0 5.7 18 300 M M 0 8 23 290
11 82 62 72 4 0 7 0.00 0.0 0 4.8 12 150 M M 0 16 210
12 76 62 69 1 0 4 0.00 0.0 0 6.3 17 310 M M 4 21 300
13 77 61 69 1 0 4 0.00 0.0 0 6.9 17 290 M M 2 22 240
14 78 61 70 2 0 5 0.00 0.0 0 6.5 13 300 M M 1 20 130
15 72 63 68 -1 0 3 0.00 0.0 0 5.9 13 200 M M 3 8 18 200
16 72 62 67 -2 0 2 0.00 0.0 0 6.0 13 190 M M 7 18 210
17 72 61 67 -2 0 2 0.00 0.0 0 7.6 14 180 M M 6 19 140
18 70 61 66 -3 0 1 T 0.0 0 5.0 9 190 M M 6 18 14 170
19 75 63 69 0 0 4 0.00 0.0 0 6.9 15 290 M M 6 23 250
20 75 62 69 -1 0 4 0.00 0.0 0 6.5 15 290 M M 8 20 320
21 75 65 70 0 0 5 0.00 0.0 0 6.3 13 300 M M 5 25 320
22 79 63 71 1 0 6 0.00 0.0 0 5.7 14 300 M M 5 18 200
23 77 63 70 0 0 5 0.00 0.0 0 6.1 14 310 M M 5 18 16 300
24 78 63 71 1 0 6 0.00 0.0 0 5.5 12 300 M M 6 8 16 200
25 72 63 68 -2 0 3 0.00 0.0 0 5.6 12 210 M M 5 8 16 180
26 80 63 72 1 0 7 0.00 0.0 0 6.4 13 300 M M 4 8 16 320
27 75 63 69 -2 0 4 0.00 0.0 0 5.8 13 180 M M 5 8 18 180
28 73 63 68 -3 0 3 T 0.0 0 6.9 13 200 M M 9 18 16 200
29 73 63 68 -3 0 3 T 0.0 0 6.0 14 190 M M 5 18 200
30 76 62 69 -2 0 4 0.00 0.0 0 7.1 16 290 M M 4 22 290
================================================================================
SM 2324 1871 0 155 T 0.0 191.7 M 122
================================================================================
AV 77.5 62.4 6.4 FASTST M M 4 MAX(MPH)
MISC ----> # 23 290 # 28 290
================================================================================
NOTES:
# LAST OF SEVERAL OCCURRENCES
COLUMN 17 PEAK WIND IN M.P.H.
PRELIMINARY LOCAL CLIMATOLOGICAL DATA (WS FORM: F-6) , PAGE 2
STATION: LONG BEACH AIRPORT CA
MONTH: JUNE
YEAR: 2020
LATITUDE: 33 49 N
LONGITUDE: 118 9 W
[TEMPERATURE DATA] [PRECIPITATION DATA] SYMBOLS USED IN COLUMN 16
AVERAGE MONTHLY: 69.9 TOTAL FOR MONTH: T 1 = FOG OR MIST
DPTR FM NORMAL: 1.0 DPTR FM NORMAL: -0.07 2 = FOG REDUCING VISIBILITY
HIGHEST: 97 ON 9 GRTST 24HR T ON 29-29 TO 1/4 MILE OR LESS
LOWEST: 59 ON 8 3 = THUNDER
SNOW, ICE PELLETS, HAIL 4 = ICE PELLETS
TOTAL MONTH: 0.0 INCH 5 = HAIL
GRTST 24HR 0.0 6 = FREEZING RAIN OR DRIZZLE
GRTST DEPTH: 0 7 = DUSTSTORM OR SANDSTORM:
VSBY 1/2 MILE OR LESS
8 = SMOKE OR HAZE
[NO. OF DAYS WITH] [WEATHER - DAYS WITH] 9 = BLOWING SNOW
X = TORNADO
MAX 32 OR BELOW: 0 0.01 INCH OR MORE: 0
MAX 90 OR ABOVE: 3 0.10 INCH OR MORE: 0
MIN 32 OR BELOW: 0 0.50 INCH OR MORE: 0
MIN 0 OR BELOW: 0 1.00 INCH OR MORE: 0
[HDD (BASE 65) ]
TOTAL THIS MO. 0 CLEAR (SCALE 0-3) 11
DPTR FM NORMAL -6 PTCLDY (SCALE 4-7) 16
TOTAL FM JUL 1 1134 CLOUDY (SCALE 8-10) 3
DPTR FM NORMAL -85
[CDD (BASE 65) ]
TOTAL THIS MO. 155
DPTR FM NORMAL 34 [PRESSURE DATA]
TOTAL FM JAN 1 324 HIGHEST SLP M ON M
DPTR FM NORMAL 100 LOWEST SLP 29.72 ON 28
[REMARKS]
#FINAL-06-20#