000
CXUS55 KPUB 011210
CF6LHX
PRELIMINARY LOCAL CLIMATOLOGICAL DATA (WS FORM: F-6)
STATION: LA JUNTA CO
MONTH: SEPTEMBER
YEAR: 2023
LATITUDE: 38 2 N
LONGITUDE: 103 31 W
TEMPERATURE IN F: :PCPN: SNOW: WIND :SUNSHINE: SKY :PK WND
================================================================================
1 2 3 4 5 6A 6B 7 8 9 10 11 12 13 14 15 16 17 18
12Z AVG MX 2MIN
DY MAX MIN AVG DEP HDD CDD WTR SNW DPTH SPD SPD DIR MIN PSBL S-S WX SPD DR
================================================================================
1 100 63 82 8 0 17 0.00 M M 9.2 18 140 M M 0 24 180
2 98 66 82 8 0 17 0.00 M M 8.3 18 220 M M 0 22 220
3 96 57 77 4 0 12 0.00 M M 7.0 16 220 M M 0 19 220
4 99 61 80 7 0 15 0.00 M M 11.2 24 250 M M 0 32 250
5 84 55 70 -3 0 5 0.00 M M 7.1 13 110 M M 0 23 70
6 91 51 71 -1 0 6 0.00 M M 8.4 17 170 M M 0 8 23 170
7 96 56 76 4 0 11 0.00 M M 7.9 15 90 M M 0 20 80
8 93 55 74 2 0 9 0.00 M M 8.9 20 130 M M 0 25 140
9 93 60 77 6 0 12 0.00 M M 7.9 15 270 M M 0 19 270
10 87 58 73 2 0 8 0.01 M M 10.8 29 70 M M 2 1 39 40
11 64 53 59 -12 6 0 0.56 M M 7.9 17 50 M M 7 1 22 50
12 74 47 61 -9 4 0 0.00 M M 8.9 20 120 M M 5 12 28 120
13 76 53 65 -5 0 0 0.00 M M 5.9 16 160 M M 3 128 22 130
14 79 51 65 -5 0 0 T M M 8.5 22 10 M M 3 12 29 10
15 65 56 61 -8 4 0 0.45 M M 6.6 13 260 M M 9 1 16 20
16 76 51 64 -5 1 0 0.00 M M 5.7 10 270 M M 0 14 290
17 85 49 67 -1 0 2 0.00 M M 7.7 14 150 M M 0 20 160
18 90 52 71 3 0 6 0.00 M M 10.4 20 240 M M 1 26 240
19 87 58 73 6 0 8 T M M 11.5 33 300 M M 1 3 48 290
20 86 50 68 1 0 3 0.00 M M 8.8 15 220 M M 0 20 260
21 89 54 72 6 0 7 0.00 M M 9.9 20 250 M M 0 30 250
22 88 49 69 3 0 4 0.00 M M 6.9 17 180 M M 0 24 170
23 74 48 61 -5 4 0 0.00 M M 7.7 17 110 M M 0 23 130
24 81 46 64 -1 1 0 0.00 M M 6.5 15 160 M M 0 24 180
25 86 47 67 2 0 2 0.00 M M 6.7 13 170 M M 0 17 170
26 88 49 69 5 0 4 0.00 M M 6.4 15 90 M M 0 25 90
27 87 48 68 4 0 3 0.00 M M 6.5 16 130 M M 0 22 120
28 92 49 71 8 0 6 0.00 M M 7.6 16 220 M M 0 19 210
29 89 50 70 7 0 5 0.00 M M 9.0 17 260 M M 0 21 250
30 92 48 70 8 0 5 0.00 M M 14.7 45 160 M M 0 65 160
================================================================================
SM 2585 1590 20 167 1.02 M 250.5 M 31
================================================================================
AV 86.2 53.0 8.3 FASTST M M 1 MAX(MPH)
MISC ----> 45 160 65 160
================================================================================
NOTES:
# LAST OF SEVERAL OCCURRENCES
COLUMN 17 PEAK WIND IN M.P.H.
PRELIMINARY LOCAL CLIMATOLOGICAL DATA (WS FORM: F-6) , PAGE 2
STATION: LA JUNTA CO
MONTH: SEPTEMBER
YEAR: 2023
LATITUDE: 38 2 N
LONGITUDE: 103 31 W
[TEMPERATURE DATA] [PRECIPITATION DATA] SYMBOLS USED IN COLUMN 16
AVERAGE MONTHLY: 69.6 TOTAL FOR MONTH: 1.02 1 = FOG OR MIST
DPTR FM NORMAL: 1.0 DPTR FM NORMAL: 0.18 2 = FOG REDUCING VISIBILITY
HIGHEST: 100 ON 1 GRTST 24HR 0.57 ON 10-11 TO 1/4 MILE OR LESS
LOWEST: 46 ON 24 3 = THUNDER
SNOW, ICE PELLETS, HAIL 4 = ICE PELLETS
TOTAL MONTH: M 5 = HAIL
GRTST 24HR M ON M 6 = FREEZING RAIN OR DRIZZLE
GRTST DEPTH: M ON M 7 = DUSTSTORM OR SANDSTORM:
VSBY 1/2 MILE OR LESS
8 = SMOKE OR HAZE
[NO. OF DAYS WITH] [WEATHER - DAYS WITH] 9 = BLOWING SNOW
X = TORNADO
MAX 32 OR BELOW: 0 0.01 INCH OR MORE: 3
MAX 90 OR ABOVE: 11 0.10 INCH OR MORE: 2
MIN 32 OR BELOW: 0 0.50 INCH OR MORE: 1
MIN 0 OR BELOW: 0 1.00 INCH OR MORE: 0
[HDD (BASE 65) ]
TOTAL THIS MO. 20 CLEAR (SCALE 0-3) 26
DPTR FM NORMAL -35 PTCLDY (SCALE 4-7) 3
TOTAL FM JUL 1 20 CLOUDY (SCALE 8-10) 1
DPTR FM NORMAL -37
[CDD (BASE 65) ]
TOTAL THIS MO. 167
DPTR FM NORMAL 4 [PRESSURE DATA]
TOTAL FM JAN 1 1113 HIGHEST SLP M ON M
DPTR FM NORMAL -228 LOWEST SLP 29.44 ON 4
[REMARKS]
#FINAL-09-23#