000
CXHW51 PHFO 011250
CF6LIH
PRELIMINARY LOCAL CLIMATOLOGICAL DATA (WS FORM: F-6)
STATION: LIHUE HI
MONTH: JUNE
YEAR: 2023
LATITUDE: 21 58 N
LONGITUDE: 159 21 W
TEMPERATURE IN F: :PCPN: SNOW: WIND :SUNSHINE: SKY :PK WND
================================================================================
1 2 3 4 5 6A 6B 7 8 9 10 11 12 13 14 15 16 17 18
12Z AVG MX 2MIN
DY MAX MIN AVG DEP HDD CDD WTR SNW DPTH SPD SPD DIR MIN PSBL S-S WX SPD DR
================================================================================
1 82 74 78 0 0 13 0.11 M M 12.1 21 70 M M 7 18 24 70
2 81 73 77 -1 0 12 0.12 M M 11.9 21 60 M M 6 1 25 70
3 81 69 75 -3 0 10 0.00 M M 7.8 13 40 M M 2 18 50
4 82 68 75 -3 0 10 0.00 M M 8.0 12 40 M M 3 15 50
5 82 68 75 -3 0 10 0.00 M M 8.3 14 20 M M 2 16 40
6 82 71 77 -1 0 12 T M M 9.6 15 40 M M 4 18 50
7 82 71 77 -1 0 12 T M M 8.5 14 70 M M 4 17 70
8 83 75 79 1 0 14 T M M 10.5 15 60 M M 6 18 60
9 83 75 79 1 0 14 0.02 M M 11.8 17 40 M M 6 1 20 50
10 84 75 80 2 0 15 T M M 12.1 18 50 M M 5 8 24 50
11 83 75 79 1 0 14 0.02 M M 13.4 17 50 M M 5 1 20 40
12 82 73 78 0 0 13 0.01 M M 13.4 20 50 M M 8 1 23 50
13 79 73 76 -2 0 11 0.05 M M 14.4 23 70 M M 9 18 28 80
14 82 74 78 0 0 13 0.01 M M 12.5 18 70 M M 8 1 22 70
15 80 73 77 -1 0 12 0.03 M M 14.8 22 70 M M 8 1 28 60
16 80 70 75 -3 0 10 0.29 M M 12.2 22 80 M M 8 1 26 60
17 83 74 79 1 0 14 T M M 11.6 15 50 M M 5 19 40
18 82 74 78 0 0 13 T M M 11.5 15 70 M M 3 18 50
19 82 71 77 -2 0 12 0.08 M M 11.4 20 60 M M 4 1 25 60
20 83 70 77 -2 0 12 T M M 9.5 15 50 M M 4 18 60
21 82 75 79 0 0 14 T M M 13.9 20 60 M M 5 24 60
22 87 73 80 1 0 15 0.07 M M 17.0 28 40 M M 7 18 35 40
23 86 78 82 3 0 17 0.01 M M 16.6 22 60 M M 8 27 70
24 86 78 82 3 0 17 T M M 18.5 25 70 M M 10 8 30 60
25 86 74 80 1 0 15 0.02 M M 18.0 29 60 M M 9 18 34 50
26 86 78 82 3 0 17 T M M 18.8 24 70 M M 5 29 60
27 87 78 83 4 0 18 T M M 17.2 24 60 M M 4 30 70
28 86 74 80 1 0 15 0.11 M M 15.0 21 70 M M 6 1 26 70
29 86 75 81 2 0 16 0.05 M M 15.1 26 80 M M 6 8 31 80
30 86 76 81 2 0 16 0.02 M M 14.3 20 50 M M 5 8 23 50
================================================================================
SM 2496 2205 0 406 1.02 M 389.7 M 172
================================================================================
AV 83.2 73.5 13.0 FASTST M M 6 MAX(MPH)
MISC ----> 29 60 35 40
================================================================================
NOTES:
# LAST OF SEVERAL OCCURRENCES
COLUMN 17 PEAK WIND IN M.P.H.
PRELIMINARY LOCAL CLIMATOLOGICAL DATA (WS FORM: F-6) , PAGE 2
STATION: LIHUE HI
MONTH: JUNE
YEAR: 2023
LATITUDE: 21 58 N
LONGITUDE: 159 21 W
[TEMPERATURE DATA] [PRECIPITATION DATA] SYMBOLS USED IN COLUMN 16
AVERAGE MONTHLY: 78.4 TOTAL FOR MONTH: 1.02 1 = FOG OR MIST
DPTR FM NORMAL: 0.0 DPTR FM NORMAL: -0.77 2 = FOG REDUCING VISIBILITY
HIGHEST: 87 ON 27,22 GRTST 24HR 0.29 ON 15-16 TO 1/4 MILE OR LESS
LOWEST: 68 ON 5, 4 3 = THUNDER
SNOW, ICE PELLETS, HAIL 4 = ICE PELLETS
TOTAL MONTH: M 5 = HAIL
GRTST 24HR M ON M 6 = FREEZING RAIN OR DRIZZLE
GRTST DEPTH: M ON M 7 = DUSTSTORM OR SANDSTORM:
VSBY 1/2 MILE OR LESS
8 = SMOKE OR HAZE
[NO. OF DAYS WITH] [WEATHER - DAYS WITH] 9 = BLOWING SNOW
X = TORNADO
MAX 32 OR BELOW: 0 0.01 INCH OR MORE: 16
MAX 90 OR ABOVE: 0 0.10 INCH OR MORE: 4
MIN 32 OR BELOW: 0 0.50 INCH OR MORE: 0
MIN 0 OR BELOW: 0 1.00 INCH OR MORE: 0
[HDD (BASE 65) ]
TOTAL THIS MO. 0 CLEAR (SCALE 0-3) 2
DPTR FM NORMAL 0 PTCLDY (SCALE 4-7) 22
TOTAL FM JUL 1 0 CLOUDY (SCALE 8-10) 6
DPTR FM NORMAL 0
[CDD (BASE 65) ]
TOTAL THIS MO. 406
DPTR FM NORMAL 6 [PRESSURE DATA]
TOTAL FM JAN 1 1905 HIGHEST SLP 30.19 ON 25
DPTR FM NORMAL 195 LOWEST SLP 29.96 ON 19
[REMARKS]
#FINAL-06-23#