000
CXUS54 KLZK 061841
CF6LIT
PRELIMINARY LOCAL CLIMATOLOGICAL DATA (WS FORM: F-6)
STATION: LITTLE ROCK ADAMS FIELD
MONTH: AUGUST
YEAR: 2022
LATITUDE: 34 43 N
LONGITUDE: 92 14 W
TEMPERATURE IN F: :PCPN: SNOW: WIND :SUNSHINE: SKY :PK WND
================================================================================
1 2 3 4 5 6A 6B 7 8 9 10 11 12 13 14 15 16 17 18
12Z AVG MX 2MIN
DY MAX MIN AVG DEP HDD CDD WTR SNW DPTH SPD SPD DIR MIN PSBL S-S WX SPD DR
================================================================================
1 94 75 85 3 0 20 0.00 0.0 0 3.3 7 200 M M 8 M M
2 95 75 85 3 0 20 T 0.0 0 5.4 13 190 M M 4 18 170
3 95 75 85 3 0 20 0.00 0.0 0 6.3 13 150 M M 5 16 140
4 87 75 81 -1 0 16 0.01 0.0 0 6.0 17 80 M M 7 1 20 90
5 93 78 86 4 0 21 0.00 0.0 0 5.8 18 130 M M 4 1 22 110
6 94 75 85 3 0 20 0.00 0.0 0 8.1 16 160 M M 3 22 140
7 95 74 85 3 0 20 0.00 0.0 0 6.4 14 150 M M 4 20 210
8 96 73 85 3 0 20 0.04 0.0 0 5.2 20 180 M M 8 3 27 170
9 89 72 81 -1 0 16 0.00 0.0 0 5.5 13 230 M M 6 14 240
10 88 73 81 -1 0 16 T 0.0 0 3.9 10 60 M M 7 13 14 60
11 90 75 83 1 0 18 0.09 0.0 0 7.6 14 70 M M 5 18 18 60
12 93 73 83 1 0 18 0.00 0.0 0 7.9 15 80 M M 5 21 70
13 91 68 80 -1 0 15 0.00 0.0 0 4.9 13 130 M M 2 16 120
14 96 67 82 1 0 17 0.00 0.0 0 4.2 13 190 M M 4 16 240
15 104 75 90 9 0 25 T 0.0 0 6.2 16 90 M M 4 3 19 80
16 93 74 84 3 0 19 0.00 0.0 0 8.7 21 70 M M 6 26 80
17 77 70 74 -7 0 9 1.06 0.0 0 7.1 17 30 M M 10 13 23 30
18 87 68 78 -3 0 13 0.00 0.0 0 4.2 14 130 M M 5 16 130
19 89 67 78 -3 0 13 0.00 0.0 0 2.9 10 130 M M 3 18 16 140
20 95 70 83 2 0 18 0.00 0.0 0 4.9 13 200 M M 7 19 210
21 82 75 79 -1 0 14 0.02 0.0 0 7.4 20 230 M M 10 13 23 240
22 82 73 78 -2 0 13 0.01 0.0 0 3.9 13 180 M M 9 8 15 170
23 84 73 79 -1 0 14 0.15 0.0 0 6.8 16 140 M M 8 18 23 140
24 89 72 81 1 0 16 0.02 0.0 0 7.3 16 130 M M 7 1 20 130
25 91 70 81 1 0 16 0.00 0.0 0 3.6 13 90 M M 4 15 90
26 93 72 83 3 0 18 0.00 0.0 0 3.3 13 130 M M 2 1 19 120
27 94 73 84 4 0 19 0.00 0.0 0 4.9 14 120 M M 3 18 120
28 94 74 84 5 0 19 0.00 0.0 0 6.9 16 220 M M 5 22 220
29 96 75 86 7 0 21 0.00 0.0 0 7.7 18 230 M M 6 23 220
30 97 75 86 7 0 21 T 0.0 0 3.7 16 80 M M 6 19 80
31 95 77 86 7 0 21 0.00 0.0 0 5.2 12 70 M M 8 15 90
================================================================================
SM 2838 2261 0 546 1.40 0.0 175.2 M 175
================================================================================
AV 91.5 72.9 5.7 FASTST M M 6 MAX(MPH)
MISC ----> 21 70 27 170
================================================================================
NOTES:
# LAST OF SEVERAL OCCURRENCES
COLUMN 17 PEAK WIND IN M.P.H.
PRELIMINARY LOCAL CLIMATOLOGICAL DATA (WS FORM: F-6) , PAGE 2
STATION: LITTLE ROCK ADAMS FIELD
MONTH: AUGUST
YEAR: 2022
LATITUDE: 34 43 N
LONGITUDE: 92 14 W
[TEMPERATURE DATA] [PRECIPITATION DATA] SYMBOLS USED IN COLUMN 16
AVERAGE MONTHLY: 82.2 TOTAL FOR MONTH: 1.40 1 = FOG OR MIST
DPTR FM NORMAL: 1.4 DPTR FM NORMAL: -1.76 2 = FOG REDUCING VISIBILITY
HIGHEST: 104 ON 15 GRTST 24HR 1.06 ON 17-17 TO 1/4 MILE OR LESS
LOWEST: 67 ON 14,19 3 = THUNDER
SNOW, ICE PELLETS, HAIL 4 = ICE PELLETS
TOTAL MONTH: 0.0 INCH 5 = HAIL
GRTST 24HR 0.0 6 = FREEZING RAIN OR DRIZZLE
GRTST DEPTH: 0 7 = DUSTSTORM OR SANDSTORM:
VSBY 1/2 MILE OR LESS
8 = SMOKE OR HAZE
[NO. OF DAYS WITH] [WEATHER - DAYS WITH] 9 = BLOWING SNOW
X = TORNADO
MAX 32 OR BELOW: 0 0.01 INCH OR MORE: 8
MAX 90 OR ABOVE: 21 0.10 INCH OR MORE: 2
MIN 32 OR BELOW: 0 0.50 INCH OR MORE: 1
MIN 0 OR BELOW: 0 1.00 INCH OR MORE: 1
[HDD (BASE 65) ]
TOTAL THIS MO. 0 CLEAR (SCALE 0-3) 4
DPTR FM NORMAL 0 PTCLDY (SCALE 4-7) 23
TOTAL FM JUL 1 0 CLOUDY (SCALE 8-10) 4
DPTR FM NORMAL 0
[CDD (BASE 65) ]
TOTAL THIS MO. 546
DPTR FM NORMAL 56 [PRESSURE DATA]
TOTAL FM JAN 1 2073 HIGHEST SLP 30.16 ON 7
DPTR FM NORMAL 441 LOWEST SLP 29.83 ON 28
[REMARKS]
#FINAL-08-22#