000
CXUS55 KPIH 012141 RRA
CF6LLJ
PRELIMINARY LOCAL CLIMATOLOGICAL DATA (WS FORM: F-6)
STATION: CHALLIS ID
MONTH: NOVEMBER
YEAR: 2020
LATITUDE: 44 31 N
LONGITUDE: 114 13 W
TEMPERATURE IN F: :PCPN: SNOW: WIND :SUNSHINE: SKY :PK WND
================================================================================
1 2 3 4 5 6A 6B 7 8 9 10 11 12 13 14 15 16 17 18
12Z AVG MX 2MIN
DY MAX MIN AVG DEP HDD CDD WTR SNW DPTH SPD SPD DIR MIN PSBL S-S WX SPD DR
================================================================================
1 59 22 41 3 24 0 0.00 M M 0.6 6 260 M M 0 7 260
2 61 21 41 4 24 0 0.00 M M 0.6 5 280 M M 0 8 6 30
3 62 23 43 6 22 0 0.00 M M 0.6 9 210 M M 0 10 230
4 68 29 49 13 16 0 0.00 M M 3.4 17 210 M M 0 22 210
5 71 28 50 14 15 0 0.00 M M 3.9 17 230 M M 0 25 220
6 64 31 48 13 17 0 0.00 M M 2.8 14 160 M M 0 22 160
7 63 31 47 12 18 0 0.04 M M 5.0 30 180 M M 4 45 170
8 41 20 31 -3 34 0 0.31 M M 10.7 21 150 M M 10 12 31 240
9 23 11 17 -17 48 0 0.00 M M 2.3 13 360 M M 7 18 360
10 30 11 21 -12 44 0 T M M 1.7 8 300 M M 8 10 290
11 33 14 24 -9 41 0 0.01 M M 3.7 21 340 M M 6 8 26 340
12 26 7 17 -15 48 0 0.00 M M 0.9 8 310 M M 1 8 9 310
13 36 12 24 -8 41 0 0.18 M M 4.8 24 270 M M 6 1 36 260
14 37 25 31 0 34 0 0.00 M M 8.9 25 270 M M 7 36 260
15 42 21 32 2 33 0 0.02 M M 3.5 13 220 M M 5 1 19 280
16 40 21 31 1 34 0 0.00 M M 1.0 6 170 M M 5 7 170
17 50 21 36 7 29 0 0.00 M M 2.6 15 260 M M 2 18 21 190
18 51 35 43 14 22 0 0.13 M M 9.0 23 240 M M 8 33 270
19 43 24 34 6 31 0 0.04 M M 4.7 22 240 M M 5 128 30 270
20 35 18 27 -1 38 0 0.00 M M 1.3 7 150 M M 0 10 170
21 32 12 22 -5 43 0 0.00 M M 2.1 9 160 M M 0 14 160
22 30 9 20 -6 45 0 0.00 M M 1.7 8 180 M M 0 11 170
23 32 15 24 -2 41 0 0.00 M M 1.3 6 150 M M 6 9 150
24 40 19 30 5 35 0 0.00 M M 2.0 9 140 M M 4 13 140
25 31 16 24 -1 41 0 0.02 M M 2.3 9 10 M M 6 18 12 10
26 35 15 25 1 40 0 0.00 M M 3.5 10 150 M M 5 14 150
27 33 11 22 -2 43 0 0.00 M M 1.3 8 150 M M 0 9 150
28 33 7 20 -3 45 0 0.00 M M 0.8 6 160 M M 1 8 170
29 33 7 20 -3 45 0 0.00 M M 0.7 7 330 M M 0 9 170
30 39 4 22 0 43 0 0.00 M M 4.4 16 280 M M 3 21 280
================================================================================
SM 1273 540 1034 0 0.75 M 92.1 M 99
================================================================================
AV 42.4 18.0 3.1 FASTST M M 3 MAX(MPH)
MISC ----> # 30 180 # 45 170
================================================================================
NOTES:
# LAST OF SEVERAL OCCURRENCES
PRECIPITATION SUSPECT DURING FREEZING/FROZEN EVENTS
COLUMN 17 PEAK WIND IN M.P.H.
PRELIMINARY LOCAL CLIMATOLOGICAL DATA (WS FORM: F-6) , PAGE 2
STATION: CHALLIS ID
MONTH: NOVEMBER
YEAR: 2020
LATITUDE: 44 31 N
LONGITUDE: 114 13 W
[TEMPERATURE DATA] [PRECIPITATION DATA] SYMBOLS USED IN COLUMN 16
AVERAGE MONTHLY: 30.2 TOTAL FOR MONTH: 0.75 1 = FOG OR MIST
DPTR FM NORMAL: 0.1 DPTR FM NORMAL: 0.23 2 = FOG REDUCING VISIBILITY
HIGHEST: 71 ON 5 GRTST 24HR 0.31 ON 8- 8 TO 1/4 MILE OR LESS
LOWEST: 4 ON 30 3 = THUNDER
SNOW, ICE PELLETS, HAIL 4 = ICE PELLETS
TOTAL MONTH: M 5 = HAIL
GRTST 24HR M ON M 6 = FREEZING RAIN OR DRIZZLE
GRTST DEPTH: M ON M 7 = DUSTSTORM OR SANDSTORM:
VSBY 1/2 MILE OR LESS
8 = SMOKE OR HAZE
[NO. OF DAYS WITH] [WEATHER - DAYS WITH] 9 = BLOWING SNOW
X = TORNADO
MAX 32 OR BELOW: 7 0.01 INCH OR MORE: 8
MAX 90 OR ABOVE: 0 0.10 INCH OR MORE: 3
MIN 32 OR BELOW: 29 0.50 INCH OR MORE: 0
MIN 0 OR BELOW: 0 1.00 INCH OR MORE: 0
[HDD (BASE 65) ]
TOTAL THIS MO. 1034 CLEAR (SCALE 0-3) 15
DPTR FM NORMAL -15 PTCLDY (SCALE 4-7) 13
TOTAL FM JUL 1 1748 CLOUDY (SCALE 8-10) 2
DPTR FM NORMAL -295
[CDD (BASE 65) ]
TOTAL THIS MO. 0
DPTR FM NORMAL 0 [PRESSURE DATA]
TOTAL FM JAN 1 428 HIGHEST SLP 30.70 ON 29
DPTR FM NORMAL 180 LOWEST SLP 29.02 ON 8
[REMARKS]
#FINAL-11-20#