000
CXUS56 KMFR 010930
CF6LMT
PRELIMINARY LOCAL CLIMATOLOGICAL DATA (WS FORM: F-6)
STATION: KLAMATH FALLS OR
MONTH: SEPTEMBER
YEAR: 2021
LATITUDE: 42 9 N
LONGITUDE: 121 44 W
TEMPERATURE IN F: :PCPN: SNOW: WIND :SUNSHINE: SKY :PK WND
================================================================================
1 2 3 4 5 6A 6B 7 8 9 10 11 12 13 14 15 16 17 18
12Z AVG MX 2MIN
DY MAX MIN AVG DEP HDD CDD WTR SNW DPTH SPD SPD DIR MIN PSBL S-S WX SPD DR
================================================================================
1 80 39 60 -2 5 0 0.00 M M 6.9 16 340 M M 3 8 21 310
2 79 38 59 -3 6 0 0.00 M M 7.4 15 340 M M 3 8 20 340
3 82 32 57 -5 8 0 0.00 M M 1.9 9 350 M M 0 8 14 250
4 86 36 61 -1 4 0 0.00 M M 2.9 12 280 M M 3 8 15 290
5 90 36 63 2 2 0 0.00 M M 4.1 17 340 M M 4 8 22 270
6 89 37 63 2 2 0 0.00 M M 2.0 9 90 M M 0 8 17 90
7 94 37 66 5 0 1 0.00 M M 3.5 16 280 M M 2 8 24 260
8 86 49 68 7 0 3 0.00 M M 2.1 12 270 M M 5 8 13 340
9 91 45 68 8 0 3 T M M 5.2 24 210 M M 3 8 28 270
10 74 52 63 3 2 0 0.30 M M 5.0 18 270 M M 5 18 25 270
11 78 43 61 1 4 0 0.00 M M 2.9 9 280 M M 0 18 13 320
12 81 42 62 2 3 0 0.00 M M 4.5 18 330 M M 0 18 27 260
13 79 37 58 -1 7 0 0.00 M M 4.9 12 320 M M M 16 340
14 85 38 62 3 3 0 0.00 M M 3.2 12 300 M M 0 14 320
15 82 37 60 1 5 0 0.00 M M 4.9 22 330 M M 0 8 29 340
16 77 35 56 -2 9 0 0.00 M M 6.0 17 330 M M 0 18 21 330
17 83 34 59 1 6 0 0.00 M M 5.3 17 280 M M 1 8 22 280
18 61 41 51 -7 14 0 M M M 7.8 22 310 M M 5 18 29 280
19 59 36 48 -9 17 0 0.02 M M 8.7 22 300 M M 4 28 300
20 72 30 51 -6 14 0 0.00 M M 5.3 14 60 M M 0 19 60
21 83 34 59 2 6 0 0.00 M M 2.3 13 170 M M 0 18 180
22 78 38 58 2 7 0 0.00 M M 7.7 24 330 M M 0 30 330
23 79 36 58 2 7 0 0.00 M M 6.9 16 60 M M 0 18 50
24 85 39 62 6 3 0 0.00 M M 3.0 13 160 M M 0 8 18 180
25 85 37 61 6 4 0 0.00 M M 5.3 15 270 M M 0 21 290
26 81 36 59 4 6 0 0.00 M M 6.1 21 270 M M 0 8 29 260
27 68 41 55 0 10 0 0.06 M M 11.1 25 180 M M 7 1 34 290
28 53 34 44 -10 21 0 0.01 M M 3.8 15 270 M M 6 19 250
29 64 28 46 -8 19 0 0.00 M M 1.4 7 270 M M 0 11 240
30 73 28 51 -2 14 0 0.00 M M 1.2 10 310 M M 0 12 310
================================================================================
SM 2357 1125 208 7 0.39 M 143.3 M 51
================================================================================
AV 78.6 37.5 4.8 FASTST M M 2 MAX(MPH)
MISC ----> 25 180 34 290
================================================================================
NOTES:
# LAST OF SEVERAL OCCURRENCES
COLUMN 17 PEAK WIND IN M.P.H.
PRELIMINARY LOCAL CLIMATOLOGICAL DATA (WS FORM: F-6) , PAGE 2
STATION: KLAMATH FALLS OR
MONTH: SEPTEMBER
YEAR: 2021
LATITUDE: 42 9 N
LONGITUDE: 121 44 W
[TEMPERATURE DATA] [PRECIPITATION DATA] SYMBOLS USED IN COLUMN 16
AVERAGE MONTHLY: 58.0 TOTAL FOR MONTH: 0.39 1 = FOG OR MIST
DPTR FM NORMAL: -0.2 DPTR FM NORMAL: 0.09 2 = FOG REDUCING VISIBILITY
HIGHEST: 94 ON 7 GRTST 24HR 0.30 ON 9-10 TO 1/4 MILE OR LESS
LOWEST: 28 ON 30,29 3 = THUNDER
SNOW, ICE PELLETS, HAIL 4 = ICE PELLETS
TOTAL MONTH: M 5 = HAIL
GRTST 24HR M ON M 6 = FREEZING RAIN OR DRIZZLE
GRTST DEPTH: M ON M 7 = DUSTSTORM OR SANDSTORM:
VSBY 1/2 MILE OR LESS
8 = SMOKE OR HAZE
[NO. OF DAYS WITH] [WEATHER - DAYS WITH] 9 = BLOWING SNOW
X = TORNADO
MAX 32 OR BELOW: 0 0.01 INCH OR MORE: 4
MAX 90 OR ABOVE: 3 0.10 INCH OR MORE: 1
MIN 32 OR BELOW: 4 0.50 INCH OR MORE: 0
MIN 0 OR BELOW: 0 1.00 INCH OR MORE: 0
[HDD (BASE 65) ]
TOTAL THIS MO. 208 CLEAR (SCALE 0-3) 20
DPTR FM NORMAL -8 PTCLDY (SCALE 4-7) 9
TOTAL FM JUL 1 284 CLOUDY (SCALE 8-10) 1
DPTR FM NORMAL -27
[CDD (BASE 65) ]
TOTAL THIS MO. 7
DPTR FM NORMAL -7 [PRESSURE DATA]
TOTAL FM JAN 1 435 HIGHEST SLP M ON M
DPTR FM NORMAL 219 LOWEST SLP 29.74 ON 18
[REMARKS]
#FINAL-09-21#