000
CXUS53 KOAX 010930
CF6LNK
PRELIMINARY LOCAL CLIMATOLOGICAL DATA (WS FORM: F-6)
STATION: LINCOLN NE
MONTH: AUGUST
YEAR: 2021
LATITUDE: 40 50 N
LONGITUDE: 96 45 W
TEMPERATURE IN F: :PCPN: SNOW: WIND :SUNSHINE: SKY :PK WND
================================================================================
1 2 3 4 5 6A 6B 7 8 9 10 11 12 13 14 15 16 17 18
12Z AVG MX 2MIN
DY MAX MIN AVG DEP HDD CDD WTR SNW DPTH SPD SPD DIR MIN PSBL S-S WX SPD DR
================================================================================
1 83 60 72 -6 0 7 0.00 0.0 0 9.2 21 10 M M 0 18 27 360
2 82 55 69 -9 0 4 0.00 0.0 0 4.0 12 60 M M 0 18 17 80
3 83 54 69 -9 0 4 0.00 0.0 0 6.7 15 120 M M 1 18 20 110
4 87 62 75 -3 0 10 0.00 0.0 0 14.4 24 170 M M 3 32 150
5 92 68 80 2 0 15 0.00 0.0 0 5.5 13 260 M M 0 17 270
6 95 71 83 6 0 18 0.01 0.0 0 10.9 21 180 M M 0 8 26 170
7 92 64 78 1 0 13 0.97 0.0 0 12.3 38 40 M M 3 13 53 40
8 88 65 77 0 0 12 T 0.0 0 7.2 18 140 M M 1 1 22 140
9 97 67 82 5 0 17 0.00 0.0 0 6.8 18 190 M M 0 18 23 190
10 93 75 84 7 0 19 T 0.0 0 7.0 16 290 M M 0 22 300
11 92 73 83 6 0 18 0.00 0.0 0 9.2 17 250 M M 0 24 250
12 91 70 81 4 0 16 0.00 0.0 0 9.7 24 20 M M 1 33 10
13 86 64 75 -1 0 10 0.00 0.0 0 5.6 14 20 M M 1 20 50
14 88 60 74 -2 0 9 0.00 0.0 0 7.6 16 130 M M 1 24 130
15 88 62 75 -1 0 10 0.00 0.0 0 9.0 18 170 M M 2 25 150
16 91 64 78 2 0 13 0.00 0.0 0 10.7 20 160 M M 1 24 130
17 93 67 80 4 0 15 0.00 0.0 0 10.8 20 170 M M 1 1 30 130
18 91 68 80 4 0 15 0.00 0.0 0 11.8 21 160 M M 1 29 130
19 91 69 80 5 0 15 0.08 0.0 0 11.8 29 160 M M 3 1 36 150
20 92 69 81 6 0 16 0.15 0.0 0 11.8 28 160 M M 4 13 35 160
21 80 58 69 -6 0 4 0.00 0.0 0 8.1 17 350 M M 0 23 350
22 91 58 75 0 0 10 0.00 0.0 0 12.0 26 170 M M 1 35 150
23 99 71 85 11 0 20 T 0.0 0 9.5 22 160 M M 0 29 160
24 99 75 87 13 0 22 T 0.0 0 10.3 33 330 M M 0 3 45 350
25 91 69 80 6 0 15 0.20 0.0 0 8.1 24 360 M M 3 3 28 360
26 100 77 89 15 0 24 0.00 0.0 0 11.3 21 160 M M 0 27 140
27 100 76 88 14 0 23 0.00 0.0 0 14.7 30 200 M M 1 49 190
28 96 71 84 11 0 19 T 0.0 0 15.2 28 350 M M 1 36 350
29 80 65 73 0 0 8 1.12 0.0 0 8.1 25 130 M M 3 13 30 140
30 89 64 77 4 0 12 0.00 0.0 0 6.3 15 160 M M 3 1 21 150
31 79 62 71 -1 0 6 0.88 0.0 0 10.0 44 20 M M 4 13 60 10
================================================================================
SM 2799 2053 0 419 3.41 0.0 295.6 M 39
================================================================================
AV 90.3 66.2 9.5 FASTST M M 1 MAX(MPH)
MISC ----> 44 20 60 10
================================================================================
NOTES:
# LAST OF SEVERAL OCCURRENCES
COLUMN 17 PEAK WIND IN M.P.H.
PRELIMINARY LOCAL CLIMATOLOGICAL DATA (WS FORM: F-6) , PAGE 2
STATION: LINCOLN NE
MONTH: AUGUST
YEAR: 2021
LATITUDE: 40 50 N
LONGITUDE: 96 45 W
[TEMPERATURE DATA] [PRECIPITATION DATA] SYMBOLS USED IN COLUMN 16
AVERAGE MONTHLY: 78.3 TOTAL FOR MONTH: 3.41 1 = FOG OR MIST
DPTR FM NORMAL: 2.7 DPTR FM NORMAL: 0.09 2 = FOG REDUCING VISIBILITY
HIGHEST: 100 ON 27,26 GRTST 24HR 1.12 ON 29-29 TO 1/4 MILE OR LESS
LOWEST: 54 ON 3 3 = THUNDER
SNOW, ICE PELLETS, HAIL 4 = ICE PELLETS
TOTAL MONTH: 0.0 INCH 5 = HAIL
GRTST 24HR 0.0 6 = FREEZING RAIN OR DRIZZLE
GRTST DEPTH: 0 7 = DUSTSTORM OR SANDSTORM:
VSBY 1/2 MILE OR LESS
8 = SMOKE OR HAZE
[NO. OF DAYS WITH] [WEATHER - DAYS WITH] 9 = BLOWING SNOW
X = TORNADO
MAX 32 OR BELOW: 0 0.01 INCH OR MORE: 7
MAX 90 OR ABOVE: 19 0.10 INCH OR MORE: 5
MIN 32 OR BELOW: 0 0.50 INCH OR MORE: 3
MIN 0 OR BELOW: 0 1.00 INCH OR MORE: 1
[HDD (BASE 65) ]
TOTAL THIS MO. 0 CLEAR (SCALE 0-3) 27
DPTR FM NORMAL -3 PTCLDY (SCALE 4-7) 4
TOTAL FM JUL 1 0 CLOUDY (SCALE 8-10) 0
DPTR FM NORMAL -1
[CDD (BASE 65) ]
TOTAL THIS MO. 419
DPTR FM NORMAL 86 [PRESSURE DATA]
TOTAL FM JAN 1 1262 HIGHEST SLP 30.28 ON 14
DPTR FM NORMAL 156 LOWEST SLP 29.65 ON 20
[REMARKS]
#FINAL-08-21#