000
CXUS53 KLMK 010810
CF6LOU
PRELIMINARY LOCAL CLIMATOLOGICAL DATA (WS FORM: F-6)
STATION: LOUISVILLE BOWMAN KY
MONTH: JANUARY
YEAR: 2023
LATITUDE: 38 13 N
LONGITUDE: 85 39 W
TEMPERATURE IN F: :PCPN: SNOW: WIND :SUNSHINE: SKY :PK WND
================================================================================
1 2 3 4 5 6A 6B 7 8 9 10 11 12 13 14 15 16 17 18
12Z AVG MX 2MIN
DY MAX MIN AVG DEP HDD CDD WTR SNW DPTH SPD SPD DIR MIN PSBL S-S WX SPD DR
================================================================================
1 56 38 47 11 18 0 0.00 M M 2.9 9 170 M M 8 12 12 170
2 63 45 54 18 11 0 0.11 M M 3.2 12 170 M M 8 1 15 170
3 63 58 61 25 4 0 2.26 M M 10.2 21 130 M M 8 13 32 200
4 59 39 49 13 16 0 0.00 M M 8.5 20 230 M M 4 27 240
5 51 34 43 8 22 0 0.00 M M 10.5 20 230 M M 6 30 220
6 46 30 38 3 27 0 0.00 M M 6.4 14 230 M M 2 19 230
7 51 28 40 5 25 0 0.00 M M 3.0 13 50 M M 3 18 17 30
8 43 36 40 5 25 0 0.01 M M 5.3 12 290 M M 10 15 280
9 46 32 39 4 26 0 0.00 M M 5.2 10 240 M M 5 13 290
10 53 31 42 7 23 0 0.00 M M 5.8 14 210 M M 1 8 19 200
11 59 37 48 13 17 0 T M M 5.0 10 160 M M 6 13 180
12 59 39 49 14 16 0 0.60 M M 9.6 24 280 M M 9 13 35 320
13 40 32 36 1 29 0 0.02 M M 9.0 16 320 M M 10 1 26 320
14 38 24 31 -4 34 0 0.00 M M 5.7 14 310 M M 6 22 340
15 46 23 35 0 30 0 0.00 M M 5.0 13 130 M M 0 18 120
16 54 30 42 7 23 0 0.21 M M 7.8 16 170 M M 6 1 22 170
17 64 45 55 20 10 0 T M M 10.1 22 230 M M 4 33 240
18 58 36 47 12 18 0 0.23 M M 5.6 14 50 M M 4 1 18 120
19 64 40 52 17 13 0 0.30 M M 16.0 32 260 M M 6 1 48 240
20 41 35 38 3 27 0 0.01 M M 10.4 21 280 M M 10 1 31 250
21 42 32 37 2 28 0 0.00 M M 4.0 9 90 M M 6 12 150
22 37 32 35 0 30 0 0.44 M M 3.3 10 290 M M 10 16 15 290
23 39 26 33 -2 32 0 T M M 7.6 16 270 M M 8 1 23 280
24 48 25 37 2 28 0 0.06 M M 4.7 13 90 M M 1 17 80
25 48 36 42 7 23 0 0.42 M M 12.4 30 230 M M 10 1 43 230
26 37 30 34 -1 31 0 T M M 11.6 22 240 M M 10 1 31 240
27 51 22 37 2 28 0 T M M 11.8 26 210 M M 4 38 210
28 59 36 48 13 17 0 0.01 M M 10.3 24 200 M M 4 33 190
29 49 39 44 9 21 0 0.14 M M 7.1 28 200 M M 10 1 38 200
30 39 29 34 -1 31 0 0.11 M M 6.5 13 10 M M 10 16 20 10
31 29 24 27 -9 38 0 0.06 M M 6.2 12 340 M M 10 16 18 340
================================================================================
SM 1532 1043 721 0 4.99 M 230.7 M 199
================================================================================
AV 49.4 33.6 7.4 FASTST M M 6 MAX(MPH)
MISC ----> 32 260 48 240
================================================================================
NOTES:
# LAST OF SEVERAL OCCURRENCES
COLUMN 17 PEAK WIND IN M.P.H.
PRELIMINARY LOCAL CLIMATOLOGICAL DATA (WS FORM: F-6) , PAGE 2
STATION: LOUISVILLE BOWMAN KY
MONTH: JANUARY
YEAR: 2023
LATITUDE: 38 13 N
LONGITUDE: 85 39 W
[TEMPERATURE DATA] [PRECIPITATION DATA] SYMBOLS USED IN COLUMN 16
AVERAGE MONTHLY: 41.5 TOTAL FOR MONTH: 4.99 1 = FOG OR MIST
DPTR FM NORMAL: 6.5 DPTR FM NORMAL: 1.71 2 = FOG REDUCING VISIBILITY
HIGHEST: 64 ON 19,17 GRTST 24HR 2.26 ON 3- 3 TO 1/4 MILE OR LESS
LOWEST: 22 ON 27 3 = THUNDER
SNOW, ICE PELLETS, HAIL 4 = ICE PELLETS
TOTAL MONTH: M 5 = HAIL
GRTST 24HR M ON M 6 = FREEZING RAIN OR DRIZZLE
GRTST DEPTH: M ON M 7 = DUSTSTORM OR SANDSTORM:
VSBY 1/2 MILE OR LESS
8 = SMOKE OR HAZE
[NO. OF DAYS WITH] [WEATHER - DAYS WITH] 9 = BLOWING SNOW
X = TORNADO
MAX 32 OR BELOW: 1 0.01 INCH OR MORE: 16
MAX 90 OR ABOVE: 0 0.10 INCH OR MORE: 10
MIN 32 OR BELOW: 16 0.50 INCH OR MORE: 2
MIN 0 OR BELOW: 0 1.00 INCH OR MORE: 1
[HDD (BASE 65) ]
TOTAL THIS MO. 721 CLEAR (SCALE 0-3) 4
DPTR FM NORMAL -209 PTCLDY (SCALE 4-7) 16
TOTAL FM JUL 1 2417 CLOUDY (SCALE 8-10) 11
DPTR FM NORMAL -121
[CDD (BASE 65) ]
TOTAL THIS MO. 0
DPTR FM NORMAL 0 [PRESSURE DATA]
TOTAL FM JAN 1 0 HIGHEST SLP 30.39 ON 31
DPTR FM NORMAL 0 LOWEST SLP 29.50 ON 25
[REMARKS]
#FINAL-01-23#