000
CXUS55 KJKL 011310
CF6LOZ
PRELIMINARY LOCAL CLIMATOLOGICAL DATA (WS FORM: F-6)
STATION: LONDON KY
MONTH: MARCH
YEAR: 2022
LATITUDE: 37 4 N
LONGITUDE: 84 5 W
TEMPERATURE IN F: :PCPN: SNOW: WIND :SUNSHINE: SKY :PK WND
================================================================================
1 2 3 4 5 6A 6B 7 8 9 10 11 12 13 14 15 16 17 18
12Z AVG MX 2MIN
DY MAX MIN AVG DEP HDD CDD WTR SNW DPTH SPD SPD DIR MIN PSBL S-S WX SPD DR
================================================================================
1 66 28 47 4 18 0 0.00 M M 4.4 16 260 M M 0 22 270
2 69 36 53 10 12 0 0.00 M M 4.2 14 320 M M 0 18 290
3 69 41 55 11 10 0 0.00 M M 6.9 16 20 M M 1 22 360
4 70 34 52 8 13 0 0.00 M M 3.1 9 20 M M 0 14 10
5 75 49 62 18 3 0 0.00 M M 8.7 30 220 M M 1 50 190
6 75 57 66 22 0 1 0.01 M M 11.2 25 210 M M 8 44 220
7 70 37 54 9 11 0 0.72 M M 13.4 29 200 M M 7 1 46 210
8 49 36 43 -2 22 0 0.16 M M 4.9 12 340 M M 8 1 17 310
9 47 38 43 -2 22 0 0.33 M M 4.6 14 320 M M 8 1 21 310
10 56 35 46 0 19 0 0.00 M M 4.5 10 340 M M 1 16 100
11 65 31 48 2 17 0 0.01 M M 7.1 21 350 M M 4 1 29 310
12 31 19 25 -21 40 0 0.21 M M 12.4 23 290 M M 5 1 35 320
13 51 14 33 -13 32 0 0.00 M M 7.0 18 200 M M 2 28 220
14 63 28 46 -1 19 0 0.00 M M 3.5 16 190 M M 0 22 180
15 66 37 52 5 13 0 0.00 M M 2.6 12 200 M M 3 16 260
16 66 40 53 6 12 0 0.01 M M 2.4 13 130 M M 3 1 20 130
17 72 41 57 10 8 0 0.00 M M 1.3 9 280 M M 3 1 13 260
18 68 43 56 8 9 0 T M M 6.9 23 190 M M 4 1 32 180
19 59 43 51 3 14 0 0.02 M M 11.6 24 270 M M 9 33 270
20 62 36 49 1 16 0 0.00 M M 4.7 17 290 M M 2 26 260
21 69 33 51 2 14 0 0.00 M M 2.1 9 110 M M 0 14 240
22 73 46 60 11 5 0 T M M 6.2 18 130 M M 2 27 150
23 76 50 63 14 2 0 0.42 M M 13.3 32 210 M M 6 1 49 210
24 60 43 52 2 13 0 0.00 M M 7.8 21 270 M M 4 30 230
25 47 35 41 -9 24 0 T M M 7.9 22 270 M M 8 28 250
26 52 34 43 -7 22 0 0.04 M M 13.0 31 280 M M 2 1 43 280
27 46 26 36 -14 29 0 0.00 M M 6.7 16 270 M M 1 25 270
28 49 24 37 -14 28 0 0.00 M M 4.1 15 310 M M 0 20 320
29 53 37 45 -6 20 0 T M M 5.4 12 80 M M 7 17 80
30 80 43 62 10 3 0 0.00 M M 13.7 36 190 M M 0 55 170
31 74 42 58 6 7 0 0.21 M M 13.0 31 200 M M 9 1 48 210
================================================================================
SM 1928 1136 477 1 2.14 M 218.6 M 108
================================================================================
AV 62.2 36.6 7.1 FASTST M M 3 MAX(MPH)
MISC ----> 36 190 55 170
================================================================================
NOTES:
# LAST OF SEVERAL OCCURRENCES
COLUMN 17 PEAK WIND IN M.P.H.
PRELIMINARY LOCAL CLIMATOLOGICAL DATA (WS FORM: F-6) , PAGE 2
STATION: LONDON KY
MONTH: MARCH
YEAR: 2022
LATITUDE: 37 4 N
LONGITUDE: 84 5 W
[TEMPERATURE DATA] [PRECIPITATION DATA] SYMBOLS USED IN COLUMN 16
AVERAGE MONTHLY: 49.4 TOTAL FOR MONTH: 2.14 1 = FOG OR MIST
DPTR FM NORMAL: 2.1 DPTR FM NORMAL: -2.43 2 = FOG REDUCING VISIBILITY
HIGHEST: 80 ON 30 GRTST 24HR 0.73 ON 6- 7 TO 1/4 MILE OR LESS
LOWEST: 14 ON 13 3 = THUNDER
SNOW, ICE PELLETS, HAIL 4 = ICE PELLETS
TOTAL MONTH: M 5 = HAIL
GRTST 24HR M ON M 6 = FREEZING RAIN OR DRIZZLE
GRTST DEPTH: M ON M 7 = DUSTSTORM OR SANDSTORM:
VSBY 1/2 MILE OR LESS
8 = SMOKE OR HAZE
[NO. OF DAYS WITH] [WEATHER - DAYS WITH] 9 = BLOWING SNOW
X = TORNADO
MAX 32 OR BELOW: 1 0.01 INCH OR MORE: 11
MAX 90 OR ABOVE: 0 0.10 INCH OR MORE: 6
MIN 32 OR BELOW: 7 0.50 INCH OR MORE: 1
MIN 0 OR BELOW: 0 1.00 INCH OR MORE: 0
[HDD (BASE 65) ]
TOTAL THIS MO. 477 CLEAR (SCALE 0-3) 17
DPTR FM NORMAL -75 PTCLDY (SCALE 4-7) 11
TOTAL FM JUL 1 3442 CLOUDY (SCALE 8-10) 3
DPTR FM NORMAL -359
[CDD (BASE 65) ]
TOTAL THIS MO. 1
DPTR FM NORMAL -2 [PRESSURE DATA]
TOTAL FM JAN 1 1 HIGHEST SLP 30.42 ON 14
DPTR FM NORMAL -2 LOWEST SLP 29.47 ON 31
[REMARKS]
#FINAL-03-22#