000
CXUS55 KJKL 010900
CF6LOZ
PRELIMINARY LOCAL CLIMATOLOGICAL DATA (WS FORM: F-6)
STATION: LONDON KY
MONTH: MAY
YEAR: 2021
LATITUDE: 37 4 N
LONGITUDE: 84 5 W
TEMPERATURE IN F: :PCPN: SNOW: WIND :SUNSHINE: SKY :PK WND
================================================================================
1 2 3 4 5 6A 6B 7 8 9 10 11 12 13 14 15 16 17 18
12Z AVG MX 2MIN
DY MAX MIN AVG DEP HDD CDD WTR SNW DPTH SPD SPD DIR MIN PSBL S-S WX SPD DR
================================================================================
1 74 39 57 -5 8 0 0.00 M M 2.9 12 10 M M 0 17 20
2 74 46 60 -2 5 0 0.03 M M 3.6 15 190 M M 4 23 200
3 77 59 68 6 0 3 0.29 M M 8.2 21 250 M M 7 1 30 230
4 72 62 67 4 0 2 0.84 M M 6.9 18 190 M M 4 13 26 170
5 65 46 56 -7 9 0 0.01 M M 6.9 15 300 M M 8 22 310
6 65 41 53 -10 12 0 T M M 4.6 17 280 M M 3 25 290
7 64 47 56 -7 9 0 0.01 M M 8.9 21 260 M M 7 30 250
8 66 46 56 -8 9 0 T M M 4.3 16 260 M M 7 22 290
9 74 49 62 -2 3 0 0.76 M M 8.7 26 200 M M 6 13 39 200
10 56 44 50 -14 15 0 0.05 M M 5.4 12 20 M M 8 1 18 50
11 68 42 55 -9 10 0 0.00 M M 6.0 16 10 M M 5 12 24 40
12 65 48 57 -7 8 0 T M M 8.9 17 30 M M 5 27 60
13 68 41 55 -10 10 0 0.00 M M 5.5 14 30 M M 2 20 100
14 70 43 57 -8 8 0 0.00 M M 2.8 17 360 M M 3 22 10
15 73 42 58 -7 7 0 T M M 2.5 9 200 M M 3 14 250
16 69 56 63 -2 2 0 T M M 1.5 9 190 M M 10 13 200
17 77 55 66 0 0 1 0.00 M M 3.3 15 260 M M 7 23 220
18 78 61 70 4 0 5 0.00 M M 3.0 12 110 M M 3 8 17 110
19 83 55 69 3 0 4 0.00 M M 2.6 10 180 M M 0 1 14 70
20 84 56 70 4 0 5 0.00 M M 2.5 12 140 M M 1 17 140
21 85 55 70 4 0 5 0.00 M M 1.3 9 110 M M 0 13 130
22 87 57 72 5 0 7 0.00 M M 2.4 12 340 M M 1 16 340
23 86 59 73 6 0 8 0.00 M M 2.1 12 280 M M 1 1 15 300
24 87 58 73 6 0 8 0.00 M M 2.2 10 290 M M 1 1 14 290
25 89 60 75 7 0 10 0.00 M M 2.2 12 250 M M 1 1 17 260
26 87 63 75 7 0 10 0.02 M M 6.7 22 290 M M 4 1 31 290
27 86 61 74 6 0 9 0.00 M M 2.7 9 60 M M 4 1 14 40
28 71 62 67 -1 0 2 0.66 M M 5.5 15 250 M M 7 1 22 250
29 62 49 56 -13 9 0 0.01 M M 7.5 14 350 M M 9 1 18 350
30 62 49 56 -13 9 0 0.00 M M 5.2 13 350 M M 10 16 50
31 76 44 60 -9 5 0 0.00 M M 2.4 9 180 M M 1 12 14 190
================================================================================
SM 2300 1595 138 79 2.68 M 139.2 M 132
================================================================================
AV 74.2 51.5 4.5 FASTST M M 4 MAX(MPH)
MISC ----> 26 200 39 200
================================================================================
NOTES:
# LAST OF SEVERAL OCCURRENCES
COLUMN 17 PEAK WIND IN M.P.H.
PRELIMINARY LOCAL CLIMATOLOGICAL DATA (WS FORM: F-6) , PAGE 2
STATION: LONDON KY
MONTH: MAY
YEAR: 2021
LATITUDE: 37 4 N
LONGITUDE: 84 5 W
[TEMPERATURE DATA] [PRECIPITATION DATA] SYMBOLS USED IN COLUMN 16
AVERAGE MONTHLY: 62.8 TOTAL FOR MONTH: 2.68 1 = FOG OR MIST
DPTR FM NORMAL: -2.6 DPTR FM NORMAL: -2.36 2 = FOG REDUCING VISIBILITY
HIGHEST: 89 ON 25 GRTST 24HR 0.85 ON 4- 5 TO 1/4 MILE OR LESS
LOWEST: 39 ON 1 3 = THUNDER
SNOW, ICE PELLETS, HAIL 4 = ICE PELLETS
TOTAL MONTH: M 5 = HAIL
GRTST 24HR M ON M 6 = FREEZING RAIN OR DRIZZLE
GRTST DEPTH: M ON M 7 = DUSTSTORM OR SANDSTORM:
VSBY 1/2 MILE OR LESS
8 = SMOKE OR HAZE
[NO. OF DAYS WITH] [WEATHER - DAYS WITH] 9 = BLOWING SNOW
X = TORNADO
MAX 32 OR BELOW: 0 0.01 INCH OR MORE: 10
MAX 90 OR ABOVE: 0 0.10 INCH OR MORE: 4
MIN 32 OR BELOW: 0 0.50 INCH OR MORE: 3
MIN 0 OR BELOW: 0 1.00 INCH OR MORE: 0
[HDD (BASE 65) ]
TOTAL THIS MO. 138 CLEAR (SCALE 0-3) 12
DPTR FM NORMAL 50 PTCLDY (SCALE 4-7) 16
TOTAL FM JUL 1 4138 CLOUDY (SCALE 8-10) 3
DPTR FM NORMAL -13
[CDD (BASE 65) ]
TOTAL THIS MO. 79
DPTR FM NORMAL -21 [PRESSURE DATA]
TOTAL FM JAN 1 92 HIGHEST SLP 30.46 ON 21
DPTR FM NORMAL -35 LOWEST SLP 29.68 ON 3
[REMARKS]
#FINAL-05-21#