000
CXUS54 KCRP 011310
CF6LRD
PRELIMINARY LOCAL CLIMATOLOGICAL DATA (WS FORM: F-6)
STATION: LAREDO
MONTH: DECEMBER
YEAR: 2023
LATITUDE: 27 31 N
LONGITUDE: 99 28 W
TEMPERATURE IN F: :PCPN: SNOW: WIND :SUNSHINE: SKY :PK WND
================================================================================
1 2 3 4 5 6A 6B 7 8 9 10 11 12 13 14 15 16 17 18
12Z AVG MX 2MIN
DY MAX MIN AVG DEP HDD CDD WTR SNW DPTH SPD SPD DIR MIN PSBL S-S WX SPD DR
================================================================================
1 73 59 66 4 0 1 T 0.0 0 M M M M M 7 1 M M
2 76 55 66 4 0 1 0.00 0.0 0 M M M M M 3 M M
3 76 50 63 2 2 0 0.00 0.0 0 M M M M M 0 M M
4 79 47 63 2 2 0 0.00 0.0 0 M M M M M 0 M M
5 78 54 66 5 0 1 0.00 0.0 0 M M M M M 4 M M
6 77 55 66 5 0 1 0.00 0.0 0 M M M M M 3 M M
7 76 61 69 9 0 4 0.00 0.0 0 M M M M M 8 M M
8 85 62 74 14 0 9 0.00 0.0 0 M M M M M 3 1 M M
9 76 60 68 8 0 3 0.00 0.0 0 M M M M M 5 1 M M
10 63 44 54 -6 11 0 0.00 0.0 0 M M M M M 0 M M
11 69 38 54 -5 11 0 0.00 0.0 0 M M M M M 0 M M
12 68 49 59 0 6 0 0.00 0.0 0 M M M M M 7 M M
13 70 61 66 7 0 1 0.04 0.0 0 M M M M M 10 1 M M
14 70 57 64 5 1 0 0.03 0.0 0 M M M M M 10 1 M M
15 70 63 67 9 0 2 0.15 0.0 0 M M M M M 10 1 M M
16 70 49 60 2 5 0 0.00 0.0 0 M M M M M 2 M M
17 75 41 58 0 7 0 0.00 0.0 0 M M M M M 0 M M
18 75 43 59 1 6 0 0.00 0.0 0 M M M M M 0 M M
19 68 51 60 2 5 0 0.00 0.0 0 M M M M M 0 M M
20 76 53 65 7 0 0 0.00 0.0 0 M M M M M 4 M M
21 72 62 67 10 0 2 0.01 0.0 0 M M M M M 8 1 M M
22 75 63 69 12 0 4 0.00 0.0 0 M M M M M 7 M M
23 71 61 66 9 0 1 0.01 0.0 0 M M M M M 7 M M
24 78 56 67 10 0 2 T 0.0 0 M M M M M 5 1 M M
25 62 49 56 -1 9 0 0.00 0.0 0 M M M M M 5 M M
26 64 49 57 1 8 0 0.00 0.0 0 M M M M M 6 M M
27 72 43 58 2 7 0 0.00 0.0 0 M M M M M 1 M M
28 67 38 53 -3 12 0 0.00 0.0 0 M M M M M 0 M M
29 66 43 55 -1 10 0 0.00 0.0 0 M M M M M 0 M M
30 74 37 56 0 9 0 0.00 0.0 0 M M M M M 0 M M
31 78 47 63 7 2 0 0.00 0.0 0 M M M M M 0 1 M M
================================================================================
SM 2249 1600 113 32 0.24 0.0 M M 115
================================================================================
AV 72.5 51.6 M FASTST M M 4 MAX(MPH)
MISC ----> M M M M
================================================================================
NOTES:
# LAST OF SEVERAL OCCURRENCES
COLUMN 17 PEAK WIND IN M.P.H.
PRELIMINARY LOCAL CLIMATOLOGICAL DATA (WS FORM: F-6) , PAGE 2
STATION: LAREDO
MONTH: DECEMBER
YEAR: 2023
LATITUDE: 27 31 N
LONGITUDE: 99 28 W
[TEMPERATURE DATA] [PRECIPITATION DATA] SYMBOLS USED IN COLUMN 16
AVERAGE MONTHLY: 62.1 TOTAL FOR MONTH: 0.24 1 = FOG OR MIST
DPTR FM NORMAL: 3.5 DPTR FM NORMAL: -0.83 2 = FOG REDUCING VISIBILITY
HIGHEST: 85 ON 8 GRTST 24HR 0.15 ON 14-15 TO 1/4 MILE OR LESS
LOWEST: 37 ON 30 3 = THUNDER
SNOW, ICE PELLETS, HAIL 4 = ICE PELLETS
TOTAL MONTH: 0.0 INCH 5 = HAIL
GRTST 24HR 0.0 6 = FREEZING RAIN OR DRIZZLE
GRTST DEPTH: 0 7 = DUSTSTORM OR SANDSTORM:
VSBY 1/2 MILE OR LESS
8 = SMOKE OR HAZE
[NO. OF DAYS WITH] [WEATHER - DAYS WITH] 9 = BLOWING SNOW
X = TORNADO
MAX 32 OR BELOW: 0 0.01 INCH OR MORE: 5
MAX 90 OR ABOVE: 0 0.10 INCH OR MORE: 1
MIN 32 OR BELOW: 0 0.50 INCH OR MORE: 0
MIN 0 OR BELOW: 0 1.00 INCH OR MORE: 0
[HDD (BASE 65) ]
TOTAL THIS MO. 113 CLEAR (SCALE 0-3) 16
DPTR FM NORMAL -122 PTCLDY (SCALE 4-7) 12
TOTAL FM JUL 1 243 CLOUDY (SCALE 8-10) 3
DPTR FM NORMAL -100
[CDD (BASE 65) ]
TOTAL THIS MO. 32
DPTR FM NORMAL -4 [PRESSURE DATA]
TOTAL FM JAN 1 5143 HIGHEST SLP 30.49 ON 10
DPTR FM NORMAL 802 LOWEST SLP 29.76 ON 8
[REMARKS]
#FINAL-12-23#