000
CXUS54 KCRP 011644
CLMLRD
CLIMATE REPORT
NATIONAL WEATHER SERVICE CORPUS CHRISTI TX
1116 AM CDT SAT APR 01 2023
...................................
...THE LAREDO CLIMATE SUMMARY FOR THE MONTH OF MARCH 2023...
CLIMATE NORMAL PERIOD 1991 TO 2020
CLIMATE RECORD PERIOD 1900 TO 2023
WEATHER OBSERVED NORMAL DEPART LAST YEAR`S
VALUE DATE(S) VALUE FROM VALUE DATE(S)
NORMAL
................................................................
TEMPERATURE (F)
RECORD
HIGH 105 03/06/1991
03/27/1984
03/26/1950
03/21/1904
LOW 25 03/03/1922
03/15/1909
HIGHEST 101 03/01 86 15 98 03/21
LOWEST 42 03/19 53 -11 35 03/12
AVG. MAXIMUM 85.2 80.9 4.3 83.8
AVG. MINIMUM 62.1 57.5 4.6 54.1
MEAN 73.6 69.2 4.4 69.0
DAYS MAX >= 90 15 8.0 7.0 12
DAYS MAX <= 32 0 0.0 0.0 0
DAYS MIN <= 32 0 0.0 0.0 0
DAYS MIN <= 0 0 0.0 0.0 0
PRECIPITATION (INCHES)
RECORD
MAXIMUM 4.78 2004
MINIMUM 0.00 1978
1977
1973
TOTALS 0.41 1.60 -1.19 0.08
DAILY AVG. 0.01 0.05 -0.04 0.00
DAYS >= .01 4 MM MM 2
DAYS >= .10 2 MM MM 0
DAYS >= .50 0 MM MM 0
DAYS >= 1.00 0 MM MM 0
GREATEST
24 HR. TOTAL 0.25 03/18 TO 03/19 0.07 03/21 TO 03/21
STORM TOTAL 0.23 0.07
(MM/DD(HH)) MM
SNOWFALL (INCHES)
RECORDS
TOTAL MM MM
24 HR TOTAL MM
TOTALS 0.0 MM MM 0.0
SINCE 7/1 0.0 MM MM MM
SNOWDEPTH AVG. 0 0
DAYS >= 1.0 0 MM MM
GREATEST
SNOW DEPTH 0 0
24 HR TOTAL MM MM
DEGREE DAYS
HEATING TOTAL 45 61 -16 60
SINCE 7/1 721 809 -88 MM
COOLING TOTAL 323 191 132 191
SINCE 1/1 560 291 269 MM
................................................................
WIND (MPH)
AVERAGE WIND SPEED MM
HIGHEST WIND SPEED/DIRECTION MM DATE MM
HIGHEST GUST SPEED/DIRECTION MM DATE MM
SKY COVER
AVERAGE SKY COVER 0.44
AVERAGE RH (PERCENT) 59
WEATHER CONDITIONS. NUMBER OF DAYS WITH
THUNDERSTORM 2 MIXED PRECIP 0
HEAVY RAIN 1 RAIN 2
LIGHT RAIN 9 FREEZING RAIN 0
LT FREEZING RAIN 0 HAIL 0
HEAVY SNOW 0 SNOW 0
LIGHT SNOW 0 SLEET 0
FOG 9 FOG W/VIS <= 1/4 MILE 0
HAZE 6
- INDICATES NEGATIVE NUMBERS.
R INDICATES RECORD WAS SET OR TIED.
MM INDICATES DATA IS MISSING.
T INDICATES TRACE AMOUNT.
$$