000
CXUS54 KFWD 010830
CF6LUD
PRELIMINARY LOCAL CLIMATOLOGICAL DATA (WS FORM: F-6)
STATION: DECATUR
MONTH: NOVEMBER
YEAR: 2021
LATITUDE: 33 15 N
LONGITUDE: 97 30 W
TEMPERATURE IN F: :PCPN: SNOW: WIND :SUNSHINE: SKY :PK WND
================================================================================
1 2 3 4 5 6A 6B 7 8 9 10 11 12 13 14 15 16 17 18
12Z AVG MX 2MIN
DY MAX MIN AVG DEP HDD CDD WTR SNW DPTH SPD SPD DIR MIN PSBL S-S WX SPD DR
================================================================================
1 77 50 64 5 1 0 0.00 M M 4.6 9 170 M M 4 16 200
2 56 48 52 -7 13 0 0.76 M M 7.8 10 50 M M 10 1 18 80
3 48 45 47 -11 18 0 0.46 M M 7.0 12 60 M M 10 1 16 40
4 54 42 48 -10 17 0 0.00 M M 0.6 5 60 M M 7 1 M M
5 60 40 50 -8 15 0 0.00 M M 4.4 7 140 M M 1 M M
6 67 41 54 -3 11 0 0.00 M M 5.9 10 170 M M 0 M M
7 74 46 60 3 5 0 0.00 M M 7.9 12 140 M M 0 17 150
8 73 53 63 7 2 0 0.00 M M 8.3 12 160 M M 0 17 180
9 76 59 68 12 0 3 0.00 M M 9.2 13 200 M M 1 20 200
10 73 58 66 10 0 1 0.50 M M 11.4 16 170 M M 6 23 180
11 65 48 57 2 8 0 M M M 4.4 12 340 M M 0 20 340
12 65 46 56 1 9 0 0.00 M M 6.6 14 360 M M 0 24 210
13 65 37 51 -3 14 0 0.00 M M 4.6 14 170 M M 0 20 170
14 69 46 58 4 7 0 0.00 M M 5.9 15 170 M M 0 20 170
15 79 44 62 8 3 0 0.00 M M 5.3 12 160 M M 0 17 160
16 81 61 71 18 0 6 0.00 M M 13.8 18 170 M M 0 25 170
17 78 51 65 12 0 0 0.00 M M 11.4 18 190 M M 1 25 210
18 59 41 50 -2 15 0 0.00 M M 7.7 17 50 M M 0 22 50
19 60 37 49 -3 16 0 0.00 M M 7.8 13 160 M M 0 18 160
20 74 49 62 10 3 0 0.00 M M 12.8 17 180 M M 0 23 180
21 64 45 55 4 10 0 0.00 M M 8.3 14 350 M M 2 21 340
22 64 39 52 1 13 0 0.00 M M 2.9 7 200 M M 0 M M
23 71 47 59 9 6 0 0.00 M M 8.8 16 170 M M 0 24 180
24 73 55 64 14 1 0 0.00 M M 12.7 17 210 M M 1 25 200
25 65 38 52 3 13 0 0.00 M M 8.8 15 350 M M 0 25 340
26 60 32 46 -3 19 0 0.00 M M 4.1 10 180 M M 0 M M
27 53 45 49 0 16 0 0.94 M M 3.7 12 190 M M 6 1 16 190
28 65 46 56 8 9 0 0.00 M M 4.7 10 10 M M 1 1 16 10
29 73 47 60 12 5 0 0.00 M M 7.2 14 170 M M 0 20 220
30 76 53 65 18 0 0 0.00 M M 7.6 13 180 M M 0 17 180
================================================================================
SM 2017 1389 249 10 2.66 M 216.2 M 50
================================================================================
AV 67.2 46.3 7.2 FASTST M M 2 MAX(MPH)
MISC ----> # 18 170 # 25 200
================================================================================
NOTES:
# LAST OF SEVERAL OCCURRENCES
COLUMN 17 PEAK WIND IN M.P.H.
PRELIMINARY LOCAL CLIMATOLOGICAL DATA (WS FORM: F-6) , PAGE 2
STATION: DECATUR
MONTH: NOVEMBER
YEAR: 2021
LATITUDE: 33 15 N
LONGITUDE: 97 30 W
[TEMPERATURE DATA] [PRECIPITATION DATA] SYMBOLS USED IN COLUMN 16
AVERAGE MONTHLY: 56.8 TOTAL FOR MONTH: 2.66 1 = FOG OR MIST
DPTR FM NORMAL: 3.4 DPTR FM NORMAL: -0.20 2 = FOG REDUCING VISIBILITY
HIGHEST: 81 ON 16 GRTST 24HR 0.94 ON 27-27 TO 1/4 MILE OR LESS
LOWEST: 32 ON 26 3 = THUNDER
SNOW, ICE PELLETS, HAIL 4 = ICE PELLETS
TOTAL MONTH: M 5 = HAIL
GRTST 24HR M ON M 6 = FREEZING RAIN OR DRIZZLE
GRTST DEPTH: M ON M 7 = DUSTSTORM OR SANDSTORM:
VSBY 1/2 MILE OR LESS
8 = SMOKE OR HAZE
[NO. OF DAYS WITH] [WEATHER - DAYS WITH] 9 = BLOWING SNOW
X = TORNADO
MAX 32 OR BELOW: 0 0.01 INCH OR MORE: 4
MAX 90 OR ABOVE: 0 0.10 INCH OR MORE: 4
MIN 32 OR BELOW: 1 0.50 INCH OR MORE: 3
MIN 0 OR BELOW: 0 1.00 INCH OR MORE: 0
[HDD (BASE 65) ]
TOTAL THIS MO. 249 CLEAR (SCALE 0-3) 24
DPTR FM NORMAL -108 PTCLDY (SCALE 4-7) 4
TOTAL FM JUL 1 275 CLOUDY (SCALE 8-10) 2
DPTR FM NORMAL -204
[CDD (BASE 65) ]
TOTAL THIS MO. 10
DPTR FM NORMAL 3 [PRESSURE DATA]
TOTAL FM JAN 1 2469 HIGHEST SLP M ON M
DPTR FM NORMAL 376 LOWEST SLP M ON M
[REMARKS]
#FINAL-11-21#