000
CXUS54 KHGX 011410
CF6LVJ
PRELIMINARY LOCAL CLIMATOLOGICAL DATA (WS FORM: F-6)
STATION: HOUSTON/CLOVER_FIELD
MONTH: AUGUST
YEAR: 2022
LATITUDE: 29 31 N
LONGITUDE: 95 14 W
TEMPERATURE IN F: :PCPN: SNOW: WIND :SUNSHINE: SKY :PK WND
================================================================================
1 2 3 4 5 6A 6B 7 8 9 10 11 12 13 14 15 16 17 18
12Z AVG MX 2MIN
DY MAX MIN AVG DEP HDD CDD WTR SNW DPTH SPD SPD DIR MIN PSBL S-S WX SPD DR
================================================================================
1 94 77 86 0 0 21 0.10 0.0 0 6.1 18 130 M M 1 38 23 140
2 97 78 88 2 0 23 0.00 0.0 0 6.6 17 180 M M 1 3 26 180
3 96 79 88 2 0 23 0.00 0.0 0 6.8 16 190 M M 1 26 180
4 98 78 88 2 0 23 0.00 0.0 0 5.2 15 180 M M 1 22 230
5 87 77 82 -4 0 17 0.02 0.0 0 3.0 14 30 M M 2 13 18 30
6 89 76 83 -3 0 18 0.43 0.0 0 3.3 15 200 M M 4 13 24 200
7 95 76 86 0 0 21 0.00 0.0 0 5.4 17 140 M M 1 24 140
8 95 76 86 0 0 21 0.00 0.0 0 4.5 18 130 M M 1 25 130
9 96 77 87 1 0 22 0.00 0.0 0 4.2 15 140 M M 1 22 130
10 99 75 87 1 0 22 T 0.0 0 3.0 28 40 M M 2 3 40 50
11 95 74 85 -1 0 20 0.00 0.0 0 5.0 14 140 M M 1 13 20 130
12 92 76 84 -2 0 19 0.28 0.0 0 4.8 15 120 M M 5 13 21 110
13 91 79 85 -1 0 20 0.20 0.0 0 7.9 21 100 M M 4 1 30 100
14 91 77 84 -2 0 19 0.20 0.0 0 5.0 18 170 M M 2 1 27 150
15 95 77 86 1 0 21 0.00 0.0 0 4.3 15 120 M M 1 21 140
16 95 76 86 1 0 21 0.00 0.0 0 3.3 10 170 M M 1 3 20 190
17 97 76 87 2 0 22 0.00 0.0 0 4.3 17 150 M M 1 3 24 170
18 97 72 85 0 0 20 2.24 0.0 0 4.1 23 10 M M 2 3 35 360
19 81 74 78 -7 0 13 0.34 0.0 0 M M M M M M M M
20 91 76 84 -1 0 19 0.16 0.0 0 M M M M M M M M
21 91 77 84 -1 0 19 0.07 0.0 0 M M M M M M M M
22 94 78 86 1 0 21 T 0.0 0 M M M M M M M M
23 90 79 85 0 0 20 T 0.0 0 4.5 12 280 M M M 19 270
24 86 77 82 -3 0 17 0.14 0.0 0 3.1 12 230 M M 3 13 19 240
25 92 78 85 0 0 20 T 0.0 0 3.1 16 130 M M 3 13 20 140
26 91 77 84 0 0 19 0.02 0.0 0 3.5 14 160 M M 2 13 19 170
27 88 77 83 -1 0 18 0.44 0.0 0 3.6 18 120 M M 2 13 24 120
28 93 77 85 1 0 20 T 0.0 0 5.9 23 140 M M 2 32 130
29 88 76 82 -2 0 17 0.27 0.0 0 5.5 22 140 M M 6 13 29 140
30 89 78 84 0 0 19 T 0.0 0 3.1 9 150 M M 1 M M
31 93 78 86 2 0 21 0.00 0.0 0 3.4 13 80 M M 0 3 17 90
================================================================================
SM 2866 2378 0 616 4.91 0.0 122.5 M 51
================================================================================
AV 92.5 76.7 4.5 FASTST M M 2 MAX(MPH)
MISC ----> 28 40 40 50
================================================================================
NOTES:
# LAST OF SEVERAL OCCURRENCES
COLUMN 17 PEAK WIND IN M.P.H.
PRELIMINARY LOCAL CLIMATOLOGICAL DATA (WS FORM: F-6) , PAGE 2
STATION: HOUSTON/CLOVER_FIELD
MONTH: AUGUST
YEAR: 2022
LATITUDE: 29 31 N
LONGITUDE: 95 14 W
[TEMPERATURE DATA] [PRECIPITATION DATA] SYMBOLS USED IN COLUMN 16
AVERAGE MONTHLY: 84.6 TOTAL FOR MONTH: 4.91 1 = FOG OR MIST
DPTR FM NORMAL: -0.5 DPTR FM NORMAL: -0.72 2 = FOG REDUCING VISIBILITY
HIGHEST: 99 ON 10 GRTST 24HR 2.24 ON 18-18 TO 1/4 MILE OR LESS
LOWEST: 72 ON 18 3 = THUNDER
SNOW, ICE PELLETS, HAIL 4 = ICE PELLETS
TOTAL MONTH: 0.0 INCH 5 = HAIL
GRTST 24HR 0.0 6 = FREEZING RAIN OR DRIZZLE
GRTST DEPTH: 0 7 = DUSTSTORM OR SANDSTORM:
VSBY 1/2 MILE OR LESS
8 = SMOKE OR HAZE
[NO. OF DAYS WITH] [WEATHER - DAYS WITH] 9 = BLOWING SNOW
X = TORNADO
MAX 32 OR BELOW: 0 0.01 INCH OR MORE: 14
MAX 90 OR ABOVE: 24 0.10 INCH OR MORE: 11
MIN 32 OR BELOW: 0 0.50 INCH OR MORE: 1
MIN 0 OR BELOW: 0 1.00 INCH OR MORE: 1
[HDD (BASE 65) ]
TOTAL THIS MO. 0 CLEAR (SCALE 0-3) 21
DPTR FM NORMAL 0 PTCLDY (SCALE 4-7) 5
TOTAL FM JUL 1 0 CLOUDY (SCALE 8-10) 5
DPTR FM NORMAL 0
[CDD (BASE 65) ]
TOTAL THIS MO. 616
DPTR FM NORMAL -7 [PRESSURE DATA]
TOTAL FM JAN 1 2764 HIGHEST SLP 30.13 ON 7
DPTR FM NORMAL 240 LOWEST SLP 29.81 ON 23
[REMARKS]
#FINAL-08-22#