292
CXUS54 KHGX 011524
CF6LVJ
PRELIMINARY LOCAL CLIMATOLOGICAL DATA (WS FORM: F-6)
STATION: HOUSTON/CLOVER_FIELD
MONTH: DECEMBER
YEAR: 2020
LATITUDE: 29 31 N
LONGITUDE: 95 14 W
TEMPERATURE IN F: :PCPN: SNOW: WIND :SUNSHINE: SKY :PK WND
================================================================================
1 2 3 4 5 6A 6B 7 8 9 10 11 12 13 14 15 16 17 18
12Z AVG MX 2MIN
DY MAX MIN AVG DEP HDD CDD WTR SNW DPTH SPD SPD DIR MIN PSBL S-S WX SPD DR
================================================================================
1 63 32 48 -10 17 0 0.00 0.0 0 5.8 17 140 M M 2 23 140
2 68 56 62 4 3 0 0.96 0.0 0 8.5 18 350 M M 10 1 24 330
3 56 46 51 -6 14 0 0.02 0.0 0 11.8 23 340 M M 8 29 340
4 59 41 50 -7 15 0 0.00 0.0 0 4.3 16 350 M M 1 21 340
5 54 39 47 -10 18 0 0.02 0.0 0 2.1 10 40 M M 6 18 12 40
6 65 46 56 -1 9 0 0.05 0.0 0 4.1 13 290 M M 2 1 17 290
7 66 39 53 -3 12 0 0.00 0.0 0 3.7 14 340 M M 0 18 19 330
8 73 39 56 0 9 0 0.00 0.0 M 1.9 8 340 M M 0 12 300
9 78 42 60 4 5 0 0.00 0.0 M 2.8 12 240 M M 0 18 16 250
10 77 46 62 6 3 0 0.00 0.0 M 3.8 15 180 M M 2 128 20 170
11 75 57 66 10 0 1 0.19 0.0 M 6.4 18 160 M M 6 1 26 150
12 70 59 65 10 0 0 0.00 0.0 0 5.8 12 10 M M 6 128 14 100
13 73 46 60 5 5 0 1.51 0.0 0 13.6 29 340 M M 9 13 38 340
14 48 43 46 -9 19 0 0.00 0.0 0 9.2 25 330 M M 10 37 320
15 52 47 50 -5 15 0 0.01 0.0 0 8.9 17 80 M M 10 18 21 80
16 53 39 46 -9 19 0 0.00 0.0 0 8.1 18 340 M M 2 1 22 340
17 58 33 46 -8 19 0 0.00 0.0 0 2.1 8 50 M M 0 1 12 350
18 65 37 51 -3 14 0 0.00 0.0 0 6.7 17 140 M M 6 18 24 150
19 70 51 61 7 4 0 0.83 0.0 0 6.3 22 320 M M 8 12 32 290
20 68 47 58 4 7 0 0.00 0.0 0 3.0 9 340 M M 3 128 13 330
21 70 42 56 2 9 0 0.00 0.0 0 2.4 13 150 M M 2 12 16 160
22 70 46 58 4 7 0 0.00 0.0 M 5.6 16 150 M M 3 18 21 140
23 78 58 68 14 0 3 0.18 0.0 0 9.4 25 340 M M 8 13 33 340
24 58 41 50 -4 15 0 0.00 0.0 0 13.3 29 340 M M 1 40 350
25 66 36 51 -3 14 0 0.00 0.0 M 3.0 10 150 M M 0 13 30
26 68 41 55 2 10 0 0.00 0.0 0 5.4 16 140 M M 0 21 160
27 73 49 61 8 4 0 0.00 0.0 0 6.1 18 170 M M 4 1 24 180
28 76 57 67 14 0 2 0.00 0.0 0 6.1 15 150 M M 6 21 140
29 73 57 65 12 0 0 0.00 0.0 0 12.8 25 140 M M 5 33 150
30 76 64 70 17 0 5 0.96 0.0 0 11.3 22 160 M M 9 1 27 160
31 70 44 57 4 8 0 3.50 0.0 0 11.7 22 120 M M 8 123 32 160
================================================================================
SM 2069 1420 274 11 8.23 0.0 206.0 M 137
================================================================================
AV 66.7 45.8 6.6 FASTST M M 4 MAX(MPH)
MISC ----> # 29 340 40 350
================================================================================
NOTES:
# LAST OF SEVERAL OCCURRENCES
COLUMN 17 PEAK WIND IN M.P.H.
PRELIMINARY LOCAL CLIMATOLOGICAL DATA (WS FORM: F-6) , PAGE 2
STATION: HOUSTON/CLOVER_FIELD
MONTH: DECEMBER
YEAR: 2020
LATITUDE: 29 31 N
LONGITUDE: 95 14 W
[TEMPERATURE DATA] [PRECIPITATION DATA] SYMBOLS USED IN COLUMN 16
AVERAGE MONTHLY: 56.3 TOTAL FOR MONTH: 8.23 1 = FOG OR MIST
DPTR FM NORMAL: 1.4 DPTR FM NORMAL: 4.14 2 = FOG REDUCING VISIBILITY
HIGHEST: 78 ON 23, 9 GRTST 24HR 4.45 ON 30-31 TO 1/4 MILE OR LESS
LOWEST: 32 ON 1 3 = THUNDER
SNOW, ICE PELLETS, HAIL 4 = ICE PELLETS
TOTAL MONTH: 0.0 INCH 5 = HAIL
GRTST 24HR 0.0 6 = FREEZING RAIN OR DRIZZLE
GRTST DEPTH: 0 7 = DUSTSTORM OR SANDSTORM:
VSBY 1/2 MILE OR LESS
8 = SMOKE OR HAZE
[NO. OF DAYS WITH] [WEATHER - DAYS WITH] 9 = BLOWING SNOW
X = TORNADO
MAX 32 OR BELOW: 0 0.01 INCH OR MORE: 11
MAX 90 OR ABOVE: 0 0.10 INCH OR MORE: 7
MIN 32 OR BELOW: 1 0.50 INCH OR MORE: 5
MIN 0 OR BELOW: 0 1.00 INCH OR MORE: 2
[HDD (BASE 65) ]
TOTAL THIS MO. 274 CLEAR (SCALE 0-3) 15
DPTR FM NORMAL -61 PTCLDY (SCALE 4-7) 9
TOTAL FM JUL 1 354 CLOUDY (SCALE 8-10) 7
DPTR FM NORMAL -142
[CDD (BASE 65) ]
TOTAL THIS MO. 11
DPTR FM NORMAL -11 [PRESSURE DATA]
TOTAL FM JAN 1 3767 HIGHEST SLP 30.39 ON 24
DPTR FM NORMAL 827 LOWEST SLP 29.57 ON 31
[REMARKS]
#FINAL-12-20#