000
CXUS56 KMTR 010900
CF6LVK
PRELIMINARY LOCAL CLIMATOLOGICAL DATA (WS FORM: F-6)
STATION: LIVERMORE AIRPORT
MONTH: AUGUST
YEAR: 2022
LATITUDE: 37 42 N
LONGITUDE: 121 49 W
TEMPERATURE IN F: :PCPN: SNOW: WIND :SUNSHINE: SKY :PK WND
================================================================================
1 2 3 4 5 6A 6B 7 8 9 10 11 12 13 14 15 16 17 18
12Z AVG MX 2MIN
DY MAX MIN AVG DEP HDD CDD WTR SNW DPTH SPD SPD DIR MIN PSBL S-S WX SPD DR
================================================================================
1 90 62 76 4 0 11 0.00 M M 4.0 15 280 M M 0 18 270
2 96 64 80 8 0 15 0.00 M M 6.3 21 270 M M 0 25 270
3 94 62 78 6 0 13 0.00 M M 7.6 17 290 M M 0 20 290
4 93 64 79 7 0 14 0.00 M M 10.2 23 290 M M 0 30 280
5 85 60 73 1 0 8 0.00 M M 10.5 22 260 M M 0 27 270
6 81 59 70 -2 0 5 0.00 M M 10.7 20 270 M M 4 23 280
7 81 58 70 -2 0 5 0.00 M M 10.1 21 280 M M 2 24 270
8 82 57 70 -2 0 5 0.00 M M 9.0 17 280 M M 1 23 260
9 82 60 71 -1 0 6 0.00 M M 10.0 21 280 M M 2 27 280
10 86 58 72 0 0 7 0.00 M M 7.6 18 280 M M 0 22 270
11 84 57 71 -1 0 6 0.00 M M 7.4 22 280 M M 0 26 280
12 84 55 70 -2 0 5 0.00 M M 6.8 18 290 M M 0 22 290
13 91 54 73 1 0 8 0.00 M M 7.0 20 290 M M 0 23 290
14 97 53 75 3 0 10 0.00 M M 4.8 20 290 M M 0 23 280
15 101 58 80 8 0 15 0.00 M M 4.7 18 290 M M 0 8 22 280
16 106 61 84 12 0 19 0.00 M M 4.0 15 280 M M 0 17 280
17 96 71 84 12 0 19 0.00 M M 5.5 18 260 M M 0 22 270
18 96 62 79 7 0 14 0.00 M M 8.3 18 280 M M 0 22 270
19 91 58 75 3 0 10 0.00 M M 6.5 15 290 M M 0 17 290
20 101 57 79 7 0 14 0.00 M M 5.3 17 290 M M 0 21 310
21 88 59 74 2 0 9 0.00 M M 8.9 22 300 M M 0 26 300
22 93 56 75 3 0 10 0.00 M M 8.1 17 280 M M 0 21 290
23 96 59 78 6 0 13 0.00 M M 6.2 16 290 M M 0 19 280
24 91 59 75 3 0 10 0.00 M M 7.3 16 290 M M 0 21 320
25 91 58 75 3 0 10 0.00 M M 8.2 20 290 M M 2 25 280
26 93 60 77 5 0 12 0.00 M M 7.1 16 290 M M 4 21 280
27 89 58 74 2 0 9 0.00 M M 8.4 22 280 M M 2 26 280
28 84 56 70 -2 0 5 0.00 M M 7.1 18 310 M M 1 23 300
29 87 57 72 0 0 7 0.00 M M 6.9 18 280 M M 1 22 280
30 89 57 73 1 0 8 0.00 M M 7.9 16 300 M M 0 19 300
31 96 55 76 4 0 11 0.00 M M 4.7 13 280 M M 2 18 15 250
================================================================================
SM 2814 1824 0 313 0.00 M 227.1 M 21
================================================================================
AV 90.8 58.8 7.3 FASTST M M 1 MAX(MPH)
MISC ----> 23 290 30 280
================================================================================
NOTES:
# LAST OF SEVERAL OCCURRENCES
COLUMN 17 PEAK WIND IN M.P.H.
PRELIMINARY LOCAL CLIMATOLOGICAL DATA (WS FORM: F-6) , PAGE 2
STATION: LIVERMORE AIRPORT
MONTH: AUGUST
YEAR: 2022
LATITUDE: 37 42 N
LONGITUDE: 121 49 W
[TEMPERATURE DATA] [PRECIPITATION DATA] SYMBOLS USED IN COLUMN 16
AVERAGE MONTHLY: 74.8 TOTAL FOR MONTH: 0.00 1 = FOG OR MIST
DPTR FM NORMAL: 2.7 DPTR FM NORMAL: -0.09 2 = FOG REDUCING VISIBILITY
HIGHEST: 106 ON 16 GRTST 24HR 0.00 ON 3- 3 TO 1/4 MILE OR LESS
LOWEST: 53 ON 14 3 = THUNDER
SNOW, ICE PELLETS, HAIL 4 = ICE PELLETS
TOTAL MONTH: M 5 = HAIL
GRTST 24HR M ON M 6 = FREEZING RAIN OR DRIZZLE
GRTST DEPTH: M ON M 7 = DUSTSTORM OR SANDSTORM:
VSBY 1/2 MILE OR LESS
8 = SMOKE OR HAZE
[NO. OF DAYS WITH] [WEATHER - DAYS WITH] 9 = BLOWING SNOW
X = TORNADO
MAX 32 OR BELOW: 0 0.01 INCH OR MORE: 0
MAX 90 OR ABOVE: 18 0.10 INCH OR MORE: 0
MIN 32 OR BELOW: 0 0.50 INCH OR MORE: 0
MIN 0 OR BELOW: 0 1.00 INCH OR MORE: 0
[HDD (BASE 65) ]
TOTAL THIS MO. 0 CLEAR (SCALE 0-3) 29
DPTR FM NORMAL -3 PTCLDY (SCALE 4-7) 2
TOTAL FM JUL 1 6 CLOUDY (SCALE 8-10) 0
DPTR FM NORMAL 2
[CDD (BASE 65) ]
TOTAL THIS MO. 313
DPTR FM NORMAL 90 [PRESSURE DATA]
TOTAL FM JAN 1 805 HIGHEST SLP M ON M
DPTR FM NORMAL 179 LOWEST SLP 29.69 ON 16
[REMARKS]
#FINAL-08-22#