000
CXUS56 KMTR 010900
CF6LVK
PRELIMINARY LOCAL CLIMATOLOGICAL DATA (WS FORM: F-6)
STATION: LIVERMORE AIRPORT
MONTH: SEPTEMBER
YEAR: 2023
LATITUDE: 37 42 N
LONGITUDE: 121 49 W
TEMPERATURE IN F: :PCPN: SNOW: WIND :SUNSHINE: SKY :PK WND
================================================================================
1 2 3 4 5 6A 6B 7 8 9 10 11 12 13 14 15 16 17 18
12Z AVG MX 2MIN
DY MAX MIN AVG DEP HDD CDD WTR SNW DPTH SPD SPD DIR MIN PSBL S-S WX SPD DR
================================================================================
1 74 60 67 -5 0 2 0.00 M M 12.2 21 230 M M 8 24 240
2 71 60 66 -6 0 1 T M M 3.0 12 300 M M 9 13 310
3 76 60 68 -4 0 3 0.00 M M 8.8 17 280 M M 5 22 280
4 83 59 71 -1 0 6 0.00 M M 5.8 17 290 M M 3 21 290
5 88 54 71 -1 0 6 0.00 M M 4.8 15 300 M M 0 18 280
6 83 57 70 -1 0 5 0.00 M M 7.6 16 290 M M 0 20 290
7 86 57 72 1 0 7 0.00 M M 5.4 15 280 M M 2 8 18 300
8 91 56 74 3 0 9 0.00 M M 3.7 15 270 M M 0 19 240
9 90 55 73 2 0 8 0.00 M M 4.1 15 270 M M 0 18 270
10 90 52 71 0 0 6 0.00 M M 4.8 13 280 M M 0 15 280
11 87 54 71 0 0 6 0.00 M M 5.9 16 290 M M 0 8 20 290
12 85 57 71 0 0 6 0.00 M M 5.4 15 280 M M 1 18 300
13 88 57 73 2 0 8 0.00 M M 5.2 14 290 M M 0 16 290
14 87 59 73 2 0 8 0.00 M M 6.3 16 290 M M 0 18 19 300
15 83 60 72 2 0 7 0.00 M M 7.9 16 290 M M 4 21 300
16 75 61 68 -2 0 3 0.00 M M 10.6 21 280 M M 6 24 290
17 76 59 68 -2 0 3 0.00 M M 11.2 22 270 M M 3 26 280
18 78 59 69 -1 0 4 0.00 M M 9.0 20 280 M M 2 24 280
19 80 57 69 -1 0 4 0.00 M M 7.7 17 290 M M 1 18 20 290
20 80 56 68 -2 0 3 0.00 M M 6.8 20 290 M M 2 18 23 290
21 79 51 65 -5 0 0 0.00 M M 5.4 16 300 M M 0 18 22 270
22 78 51 65 -4 0 0 0.00 M M 4.7 15 290 M M 0 18 19 310
23 76 53 65 -4 0 0 0.00 M M 6.5 18 280 M M 3 8 22 280
24 75 50 63 -6 2 0 0.00 M M 6.1 18 280 M M 1 1 25 280
25 78 50 64 -5 1 0 0.00 M M 6.3 22 270 M M 0 29 260
26 80 57 69 0 0 4 0.00 M M 5.7 17 250 M M 4 23 260
27 81 53 67 -1 0 2 0.00 M M 5.7 17 260 M M 0 23 260
28 82 52 67 -1 0 2 0.00 M M 4.6 15 280 M M 1 29 280
29 71 54 63 -5 2 0 0.00 M M 10.5 22 240 M M 4 28 250
30 67 56 62 -6 3 0 0.05 M M 7.9 15 250 M M 8 1 22 230
================================================================================
SM 2418 1676 8 113 0.05 M 199.6 M 67
================================================================================
AV 80.6 55.9 6.7 FASTST M M 2 MAX(MPH)
MISC ----> # 22 270 # 29 260
================================================================================
NOTES:
# LAST OF SEVERAL OCCURRENCES
COLUMN 17 PEAK WIND IN M.P.H.
PRELIMINARY LOCAL CLIMATOLOGICAL DATA (WS FORM: F-6) , PAGE 2
STATION: LIVERMORE AIRPORT
MONTH: SEPTEMBER
YEAR: 2023
LATITUDE: 37 42 N
LONGITUDE: 121 49 W
[TEMPERATURE DATA] [PRECIPITATION DATA] SYMBOLS USED IN COLUMN 16
AVERAGE MONTHLY: 68.2 TOTAL FOR MONTH: 0.05 1 = FOG OR MIST
DPTR FM NORMAL: -2.0 DPTR FM NORMAL: -0.03 2 = FOG REDUCING VISIBILITY
HIGHEST: 91 ON 8 GRTST 24HR 0.05 ON 30-30 TO 1/4 MILE OR LESS
LOWEST: 50 ON 25,24 3 = THUNDER
SNOW, ICE PELLETS, HAIL 4 = ICE PELLETS
TOTAL MONTH: M 5 = HAIL
GRTST 24HR M ON M 6 = FREEZING RAIN OR DRIZZLE
GRTST DEPTH: M ON M 7 = DUSTSTORM OR SANDSTORM:
VSBY 1/2 MILE OR LESS
8 = SMOKE OR HAZE
[NO. OF DAYS WITH] [WEATHER - DAYS WITH] 9 = BLOWING SNOW
X = TORNADO
MAX 32 OR BELOW: 0 0.01 INCH OR MORE: 1
MAX 90 OR ABOVE: 3 0.10 INCH OR MORE: 0
MIN 32 OR BELOW: 0 0.50 INCH OR MORE: 0
MIN 0 OR BELOW: 0 1.00 INCH OR MORE: 0
[HDD (BASE 65) ]
TOTAL THIS MO. 8 CLEAR (SCALE 0-3) 21
DPTR FM NORMAL -7 PTCLDY (SCALE 4-7) 8
TOTAL FM JUL 1 18 CLOUDY (SCALE 8-10) 1
DPTR FM NORMAL 1
[CDD (BASE 65) ]
TOTAL THIS MO. 113
DPTR FM NORMAL -57 [PRESSURE DATA]
TOTAL FM JAN 1 841 HIGHEST SLP M ON M
DPTR FM NORMAL 45 LOWEST SLP 29.73 ON 1
[REMARKS]
#FINAL-09-23#