000
CXUS55 KBYZ 011000
CF6LVM
PRELIMINARY LOCAL CLIMATOLOGICAL DATA (WS FORM: F-6)
STATION: LIVINGSTON MT
MONTH: MARCH
YEAR: 2021
LATITUDE: 45 41 N
LONGITUDE: 110 26 W
TEMPERATURE IN F: :PCPN: SNOW: WIND :SUNSHINE: SKY :PK WND
================================================================================
1 2 3 4 5 6A 6B 7 8 9 10 11 12 13 14 15 16 17 18
12Z AVG MX 2MIN
DY MAX MIN AVG DEP HDD CDD WTR SNW DPTH SPD SPD DIR MIN PSBL S-S WX SPD DR
================================================================================
1 49 29 39 7 26 0 0.00 M M 28.8 47 210 M M 0 56 210
2 54 35 45 13 20 0 0.00 M M 27.0 43 260 M M 3 51 260
3 56 23 40 8 25 0 0.00 M M 16.1 38 200 M M 0 50 260
4 56 22 39 6 26 0 0.00 M M 6.2 15 310 M M 0 18 310
5 61 24 43 10 22 0 0.00 M M 15.9 32 200 M M 0 37 200
6 64 34 49 16 16 0 0.00 M M 19.4 40 220 M M 3 52 210
7 55 31 43 9 22 0 0.00 M M 14.1 30 220 M M 3 35 220
8 49 20 35 1 30 0 0.02 M M 9.8 23 330 M M 4 1 29 330
9 43 22 33 -1 32 0 0.07 M M 7.5 29 240 M M 7 1 34 230
10 43 20 32 -2 33 0 T M M 7.3 20 310 M M 3 8 24 320
11 46 18 32 -3 33 0 0.00 M M 7.9 20 240 M M 0 25 230
12 50 17 34 -1 31 0 0.00 M M 10.5 23 230 M M 0 27 230
13 53 15 34 -1 31 0 0.00 M M 7.9 23 60 M M 0 28 50
14 53 23 38 3 27 0 0.00 M M 9.5 22 80 M M 0 29 60
15 58 23 41 5 24 0 0.00 M M 11.9 26 140 M M 2 30 320
16 50 24 37 1 28 0 0.00 M M 6.0 20 310 M M 3 24 300
17 56 18 37 1 28 0 0.00 M M 7.4 17 60 M M 0 24 50
18 63 21 42 6 23 0 0.00 M M 12.7 29 210 M M 0 34 210
19 66 40 53 17 12 0 0.26 M M 19.5 39 220 M M 3 1 48 200
20 42 33 38 1 27 0 0.04 M M 8.8 22 230 M M 10 1 24 230
21 48 30 39 2 26 0 0.00 M M 16.9 35 200 M M 5 45 200
22 45 29 37 0 28 0 0.01 M M 15.6 38 210 M M 7 1 48 210
23 34 16 25 -12 40 0 0.12 M M 7.6 16 90 M M 7 12 19 90
24 45 22 34 -3 31 0 0.00 M M 24.5 35 220 M M 5 42 220
25 47 29 38 0 27 0 0.01 M M 14.8 31 210 M M 8 1 43 210
26 48 28 38 0 27 0 T M M 15.5 33 280 M M 9 1 40 270
27 56 37 47 9 18 0 0.00 M M 24.6 45 210 M M 7 56 210
28 68 46 57 19 8 0 0.00 M M 41.7 55 220 M M 0 70 210
29 56 26 41 3 24 0 0.01 M M 26.5 56 220 M M 7 1 71 220
30 41 21 31 -7 34 0 T M M 15.4 29 250 M M 8 36 240
31 53 25 39 0 26 0 0.00 M M 22.3 40 200 M M 0 50 210
================================================================================
SM 1608 801 805 0 0.54 M 479.6 M 104
================================================================================
AV 51.9 25.8 15.5 FASTST M M 3 MAX(MPH)
MISC ----> 56 220 71 220
================================================================================
NOTES:
# LAST OF SEVERAL OCCURRENCES
COLUMN 17 PEAK WIND IN M.P.H.
PRELIMINARY LOCAL CLIMATOLOGICAL DATA (WS FORM: F-6) , PAGE 2
STATION: LIVINGSTON MT
MONTH: MARCH
YEAR: 2021
LATITUDE: 45 41 N
LONGITUDE: 110 26 W
[TEMPERATURE DATA] [PRECIPITATION DATA] SYMBOLS USED IN COLUMN 16
AVERAGE MONTHLY: 38.9 TOTAL FOR MONTH: 0.54 1 = FOG OR MIST
DPTR FM NORMAL: 3.3 DPTR FM NORMAL: -0.30 2 = FOG REDUCING VISIBILITY
HIGHEST: 68 ON 28 GRTST 24HR 0.26 ON 19-19 TO 1/4 MILE OR LESS
LOWEST: 15 ON 13 3 = THUNDER
SNOW, ICE PELLETS, HAIL 4 = ICE PELLETS
TOTAL MONTH: M 5 = HAIL
GRTST 24HR M ON M 6 = FREEZING RAIN OR DRIZZLE
GRTST DEPTH: M ON M 7 = DUSTSTORM OR SANDSTORM:
VSBY 1/2 MILE OR LESS
8 = SMOKE OR HAZE
[NO. OF DAYS WITH] [WEATHER - DAYS WITH] 9 = BLOWING SNOW
X = TORNADO
MAX 32 OR BELOW: 0 0.01 INCH OR MORE: 8
MAX 90 OR ABOVE: 0 0.10 INCH OR MORE: 2
MIN 32 OR BELOW: 25 0.50 INCH OR MORE: 0
MIN 0 OR BELOW: 0 1.00 INCH OR MORE: 0
[HDD (BASE 65) ]
TOTAL THIS MO. 805 CLEAR (SCALE 0-3) 18
DPTR FM NORMAL -106 PTCLDY (SCALE 4-7) 10
TOTAL FM JUL 1 5808 CLOUDY (SCALE 8-10) 3
DPTR FM NORMAL -456
[CDD (BASE 65) ]
TOTAL THIS MO. 0
DPTR FM NORMAL 0 [PRESSURE DATA]
TOTAL FM JAN 1 0 HIGHEST SLP 30.49 ON 31
DPTR FM NORMAL 0 LOWEST SLP 29.13 ON 29
[REMARKS]
#FINAL-03-21#