000
CXUS55 KEAX 010736
CF6LXT
PRELIMINARY LOCAL CLIMATOLOGICAL DATA (WS FORM: F-6)
STATION: LEE`S SUMMIT MO
MONTH: MAY
YEAR: 2020
LATITUDE: 38 57 N
LONGITUDE: 94 22 W
TEMPERATURE IN F: :PCPN: SNOW: WIND :SUNSHINE: SKY :PK WND
================================================================================
1 2 3 4 5 6A 6B 7 8 9 10 11 12 13 14 15 16 17 18
12Z AVG MX 2MIN
DY MAX MIN AVG DEP HDD CDD WTR SNW DPTH SPD SPD DIR MIN PSBL S-S WX SPD DR
================================================================================
1 81 55 68 8 0 3 0.00 M M 13.8 28 190 M M 0 39 180
2 83 61 72 12 0 7 0.00 M M 9.1 17 20 M M 4 26 30
3 73 58 66 6 0 1 T M M 8.6 22 70 M M 4 34 90
4 62 52 57 -4 8 0 0.83 M M 11.1 51 280 M M 7 13 73 280
5 71 49 60 -1 5 0 0.00 M M 16.2 31 330 M M 4 1 46 320
6 62 44 53 -8 12 0 0.00 M M 6.9 13 350 M M 5 18 340
7 63 42 53 -9 12 0 0.14 M M 5.8 16 30 M M 5 1 20 40
8 60 42 51 -11 14 0 0.31 M M 12.3 25 10 M M 3 1 34 10
9 62 38 50 -12 15 0 0.00 M M 7.1 15 220 M M 2 19 250
10 60 42 51 -12 14 0 0.00 M M 14.0 24 320 M M 1 34 340
11 53 39 46 -17 19 0 T M M 5.2 13 290 M M 7 20 290
12 52 43 48 -15 17 0 T M M 6.4 14 100 M M 10 20 100
13 65 49 57 -7 8 0 0.00 M M 8.4 16 100 M M 10 1 25 120
14 82 63 73 9 0 8 0.91 M M 12.3 32 210 M M 6 13 44 210
15 70 62 66 2 0 1 0.08 M M 5.8 16 160 M M 9 13 26 160
16 74 60 67 2 0 2 T M M 5.5 13 120 M M 6 18 110
17 71 57 64 -1 1 0 0.00 M M 13.1 24 300 M M 9 34 290
18 61 55 58 -7 7 0 T M M 11.0 18 320 M M 10 27 330
19 70 55 63 -3 2 0 0.00 M M 7.4 13 20 M M 8 18 20 30
20 70 59 65 -1 0 0 0.00 M M 7.5 15 80 M M 10 1 20 90
21 72 60 66 0 0 1 0.00 M M 8.5 16 110 M M 8 1 21 110
22 75 59 67 1 0 2 0.20 M M 8.4 30 110 M M 6 13 44 110
23 83 59 71 4 0 6 0.00 M M 9.2 18 240 M M 2 25 240
24 87 68 78 11 0 13 0.08 M M 10.5 23 220 M M 3 3 35 240
25 77 68 73 6 0 8 0.35 M M 8.4 16 180 M M 5 138 23 230
26 75 63 69 1 0 4 M M M 9.9 24 210 M M 9 138 32 210
27 77 63 70 2 0 5 0.58 M M 3.8 10 260 M M 8 13 14 260
28 70 59 65 -3 0 0 2.25 M M 5.3 20 220 M M 7 13 24 220
29 78 56 67 -1 0 2 0.00 M M 7.1 20 360 M M 0 24 360
30 77 56 67 -2 0 2 0.00 M M 6.2 13 50 M M 3 17 60
31 78 61 70 1 0 5 0.00 M M 8.0 15 120 M M 5 21 110
================================================================================
SM 2194 1697 134 70 5.73 M 272.8 M 176
================================================================================
AV 70.8 54.7 8.8 FASTST M M 6 MAX(MPH)
MISC ----> 51 280 73 280
================================================================================
NOTES:
# LAST OF SEVERAL OCCURRENCES
COLUMN 17 PEAK WIND IN M.P.H.
PRELIMINARY LOCAL CLIMATOLOGICAL DATA (WS FORM: F-6) , PAGE 2
STATION: LEE`S SUMMIT MO
MONTH: MAY
YEAR: 2020
LATITUDE: 38 57 N
LONGITUDE: 94 22 W
[TEMPERATURE DATA] [PRECIPITATION DATA] SYMBOLS USED IN COLUMN 16
AVERAGE MONTHLY: 62.8 TOTAL FOR MONTH: 5.73 1 = FOG OR MIST
DPTR FM NORMAL: -1.7 DPTR FM NORMAL: 0.04 2 = FOG REDUCING VISIBILITY
HIGHEST: 87 ON 24 GRTST 24HR 2.83 ON 27-28 TO 1/4 MILE OR LESS
LOWEST: 38 ON 9 3 = THUNDER
SNOW, ICE PELLETS, HAIL 4 = ICE PELLETS
TOTAL MONTH: M 5 = HAIL
GRTST 24HR M ON M 6 = FREEZING RAIN OR DRIZZLE
GRTST DEPTH: M ON M 7 = DUSTSTORM OR SANDSTORM:
VSBY 1/2 MILE OR LESS
8 = SMOKE OR HAZE
[NO. OF DAYS WITH] [WEATHER - DAYS WITH] 9 = BLOWING SNOW
X = TORNADO
MAX 32 OR BELOW: 0 0.01 INCH OR MORE: 10
MAX 90 OR ABOVE: 0 0.10 INCH OR MORE: 8
MIN 32 OR BELOW: 0 0.50 INCH OR MORE: 4
MIN 0 OR BELOW: 0 1.00 INCH OR MORE: 1
[HDD (BASE 65) ]
TOTAL THIS MO. 134 CLEAR (SCALE 0-3) 7
DPTR FM NORMAL 38 PTCLDY (SCALE 4-7) 16
TOTAL FM JUL 1 4517 CLOUDY (SCALE 8-10) 8
DPTR FM NORMAL -524
[CDD (BASE 65) ]
TOTAL THIS MO. 70
DPTR FM NORMAL -11 [PRESSURE DATA]
TOTAL FM JAN 1 80 HIGHEST SLP M ON M
DPTR FM NORMAL -12 LOWEST SLP 29.70 ON 14
[REMARKS]
#FINAL-05-20#