000
CXUS55 KPUB 011210
CF6LXV
PRELIMINARY LOCAL CLIMATOLOGICAL DATA (WS FORM: F-6)
STATION: LEADVILLE CO
MONTH: OCTOBER
YEAR: 2022
LATITUDE: 39 15 N
LONGITUDE: 106 18 W
TEMPERATURE IN F: :PCPN: SNOW: WIND :SUNSHINE: SKY :PK WND
================================================================================
1 2 3 4 5 6A 6B 7 8 9 10 11 12 13 14 15 16 17 18
12Z AVG MX 2MIN
DY MAX MIN AVG DEP HDD CDD WTR SNW DPTH SPD SPD DIR MIN PSBL S-S WX SPD DR
================================================================================
1 51 31 41 -1 24 0 0.28 M M 4.1 20 290 M M 6 1 33 300
2 55 33 44 2 21 0 0.16 M M 3.7 14 200 M M 7 1 19 200
3 53 30 42 0 23 0 0.01 M M 6.2 17 310 M M 5 28 310
4 54 27 41 0 24 0 0.00 M M 5.4 15 360 M M 3 23 350
5 53 26 40 -1 25 0 0.14 M M 5.4 16 170 M M 4 13 25 90
6 59 30 45 5 20 0 0.06 M M 3.3 15 200 M M 6 1 24 330
7 58 27 43 3 22 0 0.00 M M 4.4 16 350 M M 4 26 310
8 56 25 41 1 24 0 0.00 M M 4.5 20 310 M M 3 29 310
9 56 23 40 1 25 0 0.00 M M 4.2 13 330 M M 2 20 320
10 53 24 39 0 26 0 0.00 M M 5.0 13 290 M M 2 20 300
11 54 29 42 3 23 0 0.00 M M 9.9 24 300 M M M 43 300
12 55 25 40 2 25 0 0.00 M M 9.4 24 300 M M 0 34 270
13 56 27 42 4 23 0 0.00 M M 7.0 20 300 M M 0 30 330
14 56 24 40 2 25 0 0.00 M M 7.8 20 300 M M 0 29 310
15 58 21 40 3 25 0 0.00 M M 5.3 17 320 M M 0 27 330
16 45 23 34 -3 31 0 0.00 M M 5.4 22 190 M M 1 30 190
17 55 18 37 1 28 0 T M M 4.8 18 190 M M 3 27 180
18 58 21 40 4 25 0 0.00 M M 6.4 16 360 M M 0 24 350
19 59 21 40 4 25 0 0.00 M M 8.9 23 20 M M 0 32 20
20 60 20 40 5 25 0 0.00 M M 5.5 17 310 M M 0 26 350
21 54 26 40 5 25 0 0.00 M M 8.6 22 300 M M 0 34 310
22 55 25 40 5 25 0 0.00 M M 9.2 28 230 M M 1 44 240
23 40 18 29 -5 36 0 0.21 M M 9.1 22 210 M M 10 12 32 210
24 24 13 19 -15 46 0 T M M 10.6 22 300 M M 9 1 32 10
25 39 12 26 -7 39 0 T M M 9.0 18 330 M M 7 31 320
26 36 23 30 -3 35 0 0.26 M M 2.6 9 120 M M 10 12 14 110
27 33 9 21 -12 44 0 0.03 M M 8.9 21 350 M M 6 1 34 350
28 49 2 26 -6 39 0 0.00 M M 5.0 12 350 M M 0 18 360
29 47 14 31 -1 34 0 0.00 M M 5.8 16 350 M M 0 27 340
30 44 15 30 -1 35 0 0.00 M M 5.0 15 360 M M 3 23 360
31 46 15 31 0 34 0 0.00 M M 6.5 18 310 M M 0 25 310
================================================================================
SM 1571 677 881 0 1.15 M 196.9 M 92
================================================================================
AV 50.7 21.8 6.4 FASTST M M 3 MAX(MPH)
MISC ----> 28 230 44 240
================================================================================
NOTES:
# LAST OF SEVERAL OCCURRENCES
COLUMN 17 PEAK WIND IN M.P.H.
PRELIMINARY LOCAL CLIMATOLOGICAL DATA (WS FORM: F-6) , PAGE 2
STATION: LEADVILLE CO
MONTH: OCTOBER
YEAR: 2022
LATITUDE: 39 15 N
LONGITUDE: 106 18 W
[TEMPERATURE DATA] [PRECIPITATION DATA] SYMBOLS USED IN COLUMN 16
AVERAGE MONTHLY: 36.3 TOTAL FOR MONTH: 1.15 1 = FOG OR MIST
DPTR FM NORMAL: -0.4 DPTR FM NORMAL: 0.25 2 = FOG REDUCING VISIBILITY
HIGHEST: 60 ON 20 GRTST 24HR 0.75 ON 30- 1 TO 1/4 MILE OR LESS
LOWEST: 2 ON 28 3 = THUNDER
SNOW, ICE PELLETS, HAIL 4 = ICE PELLETS
TOTAL MONTH: M 5 = HAIL
GRTST 24HR M ON M 6 = FREEZING RAIN OR DRIZZLE
GRTST DEPTH: M ON M 7 = DUSTSTORM OR SANDSTORM:
VSBY 1/2 MILE OR LESS
8 = SMOKE OR HAZE
[NO. OF DAYS WITH] [WEATHER - DAYS WITH] 9 = BLOWING SNOW
X = TORNADO
MAX 32 OR BELOW: 1 0.01 INCH OR MORE: 8
MAX 90 OR ABOVE: 0 0.10 INCH OR MORE: 5
MIN 32 OR BELOW: 30 0.50 INCH OR MORE: 0
MIN 0 OR BELOW: 0 1.00 INCH OR MORE: 0
[HDD (BASE 65) ]
TOTAL THIS MO. 881 CLEAR (SCALE 0-3) 17
DPTR FM NORMAL 5 PTCLDY (SCALE 4-7) 10
TOTAL FM JUL 1 1878 CLOUDY (SCALE 8-10) 4
DPTR FM NORMAL -228
[CDD (BASE 65) ]
TOTAL THIS MO. 0
DPTR FM NORMAL 0 [PRESSURE DATA]
TOTAL FM JAN 1 0 HIGHEST SLP 30.51 ON 28
DPTR FM NORMAL 0 LOWEST SLP 29.18 ON 23
[REMARKS]
#FINAL-10-22#